{"id":14,"date":"2020-07-10T10:50:12","date_gmt":"2020-07-10T10:50:12","guid":{"rendered":"http:\/\/folklore.ee\/estonka\/?page_id=14"},"modified":"2020-09-23T07:21:20","modified_gmt":"2020-09-23T07:21:20","slug":"parimus-siberi-eestlaste-laulud","status":"publish","type":"page","link":"https:\/\/folklore.ee\/estonka\/parimus-siberi-eestlaste-laulud\/","title":{"rendered":"P\u00e4rimus: Siberi eestlaste laulud"},"content":{"rendered":"\n<p>Siberi eestlaste laulup\u00e4rimus on v\u00e4ga mitmekesine.<\/p>\n\n\n\n<p>Sinna kuuluvad nii laulud, mis viidi kaasa Eestist (nt See ranits, mis mu seljas raske), aga ka need, mis aja jooksul kohapeal \u00f5pitud.&nbsp;\u00dcks osa&nbsp;laule on ise v\u00e4lja m\u00f5eldud, aga&nbsp;neid on ka&nbsp;venekeelsetest lauludest&nbsp;\u00fcmbertehtud (nt. Head aega, \u00dcksik talu, Seal v\u00e4ikses kasakate k\u00fclas). Uuemaid laule on&nbsp;raadiost, televiisorist, kontsertidelt&nbsp;ja mujalt&nbsp;kuuldud ning j\u00e4rgi lauldud. T\u00e4nap\u00e4evaseid laule lauldakse rohkem ja sagedamini&nbsp;vene keeles, kuid ka Eestist on populaarseid laule \u00f5pitud&nbsp;(nt. Ma tahaksin kodus olla&#8230;).&nbsp;Siberi eestlased laulavad nii eesti, vene, aga ka l\u00e4ti, ukraina ja teistes keeltes.<\/p>\n\n\n\n<p>Laulud k\u00f5lavad nii s\u00fcnnip\u00e4evadel kui v\u00e4ikese lapse&nbsp;voodi juures, kindlaks laulmiskohaks on ka matused.&nbsp;Laulda armastatakse eriti&nbsp;mitmekesi ning vahel ka mitmeh\u00e4\u00e4lselt, kuid nii m\u00f5nigi eelistab kodus omaette laulmist. Eesti laule ja tantse \u00f5pitakse ka folkloorir\u00fchmades, nii on neid ka kontsertidel ette kantud. Vanemaid eestikeelseid laule m\u00e4letavad paremini ja laulavad meelsamini vanemad inimesed, noored ja lapsed eelistavad uusi vene- ja ingliskeelseid laule.<\/p>\n\n\n\n<div class=\"wp-block-image\"><figure class=\"aligncenter size-full\"><a href=\"http:\/\/folklore.ee\/estonka\/wp-content\/uploads\/2020\/08\/era_rkm_ak_988_051-052.jpg\"><img loading=\"lazy\" decoding=\"async\" width=\"926\" height=\"562\" src=\"http:\/\/localhost:3000\/estonka\/wp-content\/uploads\/2020\/08\/era_rkm_ak_988_051-052.jpg\" alt=\"Laulik\" class=\"wp-image-1996\" srcset=\"https:\/\/folklore.ee\/estonka\/wp-content\/uploads\/2020\/08\/era_rkm_ak_988_051-052.jpg 926w, https:\/\/folklore.ee\/estonka\/wp-content\/uploads\/2020\/08\/era_rkm_ak_988_051-052-300x182.jpg 300w, https:\/\/folklore.ee\/estonka\/wp-content\/uploads\/2020\/08\/era_rkm_ak_988_051-052-768x466.jpg 768w\" sizes=\"(max-width: 926px) 100vw, 926px\" \/><\/a><\/figure><\/div>\n","protected":false},"excerpt":{"rendered":"<p>Siberi eestlaste laulup\u00e4rimus on v\u00e4ga mitmekesine. Sinna kuuluvad nii laulud, mis viidi kaasa Eestist (nt See ranits, mis mu seljas raske), aga ka need, mis aja jooksul kohapeal \u00f5pitud.&nbsp;\u00dcks osa&nbsp;laule on ise v\u00e4lja m\u00f5eldud, aga&nbsp;neid on ka&nbsp;venekeelsetest lauludest&nbsp;\u00fcmbertehtud (nt. Head aega, \u00dcksik talu, Seal v\u00e4ikses kasakate k\u00fclas). Uuemaid laule on&nbsp;raadiost, televiisorist, kontsertidelt&nbsp;ja mujalt&nbsp;kuuldud ning j\u00e4rgi [&hellip;]<\/p>\n","protected":false},"author":1,"featured_media":66,"parent":0,"menu_order":0,"comment_status":"closed","ping_status":"closed","template":"","meta":{"footnotes":""},"class_list":["post-14","page","type-page","status-publish","has-post-thumbnail","hentry"],"yoast_head":"<!-- This site is optimized with the Yoast SEO plugin v23.4 - https:\/\/yoast.com\/wordpress\/plugins\/seo\/ -->\n<title>P\u00e4rimus: Siberi eestlaste laulud - Estonka<\/title>\n<meta name=\"description\" content=\"Siberi eestlaste laulup\u00e4rimus on v\u00e4ga mitmekesine.Sinna kuuluvad nii laulud, mis viidi kaasa Eestist (nt See ranits, mis mu seljas raske), aga ka need, mis aja jooksul kohapeal \u00f5pitud.\" \/>\n<meta name=\"robots\" content=\"index, follow, max-snippet:-1, max-image-preview:large, max-video-preview:-1\" \/>\n<link rel=\"canonical\" href=\"https:\/\/folklore.ee\/estonka\/parimus-siberi-eestlaste-laulud\/\" \/>\n<meta property=\"og:locale\" content=\"en_US\" \/>\n<meta property=\"og:type\" content=\"article\" \/>\n<meta property=\"og:title\" content=\"P\u00e4rimus: Siberi eestlaste laulud - Estonka\" \/>\n<meta property=\"og:description\" content=\"Siberi eestlaste laulup\u00e4rimus on v\u00e4ga mitmekesine.Sinna kuuluvad nii laulud, mis viidi kaasa Eestist (nt See ranits, mis mu seljas raske), aga ka need, mis aja jooksul kohapeal \u00f5pitud.\" \/>\n<meta property=\"og:url\" content=\"https:\/\/folklore.ee\/estonka\/parimus-siberi-eestlaste-laulud\/\" \/>\n<meta property=\"og:site_name\" content=\"Estonka\" \/>\n<meta property=\"article:modified_time\" content=\"2020-09-23T07:21:20+00:00\" \/>\n<meta property=\"og:image\" content=\"https:\/\/folklore.ee\/estonka\/wp-content\/uploads\/2020\/07\/1.jpg\" \/>\n\t<meta property=\"og:image:width\" content=\"1920\" \/>\n\t<meta property=\"og:image:height\" content=\"400\" \/>\n\t<meta property=\"og:image:type\" content=\"image\/jpeg\" \/>\n<meta name=\"twitter:card\" content=\"summary_large_image\" \/>\n<meta name=\"twitter:label1\" content=\"Est. reading time\" \/>\n\t<meta name=\"twitter:data1\" content=\"1 minute\" \/>\n<script type=\"application\/ld+json\" class=\"yoast-schema-graph\">{\"@context\":\"https:\/\/schema.org\",\"@graph\":[{\"@type\":\"WebPage\",\"@id\":\"https:\/\/folklore.ee\/estonka\/parimus-siberi-eestlaste-laulud\/\",\"url\":\"https:\/\/folklore.ee\/estonka\/parimus-siberi-eestlaste-laulud\/\",\"name\":\"P\u00e4rimus: Siberi eestlaste laulud - Estonka\",\"isPartOf\":{\"@id\":\"https:\/\/folklore.ee\/estonka\/#website\"},\"primaryImageOfPage\":{\"@id\":\"https:\/\/folklore.ee\/estonka\/parimus-siberi-eestlaste-laulud\/#primaryimage\"},\"image\":{\"@id\":\"https:\/\/folklore.ee\/estonka\/parimus-siberi-eestlaste-laulud\/#primaryimage\"},\"thumbnailUrl\":\"https:\/\/folklore.ee\/estonka\/wp-content\/uploads\/2020\/07\/1.jpg\",\"datePublished\":\"2020-07-10T10:50:12+00:00\",\"dateModified\":\"2020-09-23T07:21:20+00:00\",\"description\":\"Siberi eestlaste laulup\u00e4rimus on v\u00e4ga mitmekesine.Sinna kuuluvad nii laulud, mis viidi kaasa Eestist (nt See ranits, mis mu seljas raske), aga ka need, mis aja jooksul kohapeal \u00f5pitud.\",\"breadcrumb\":{\"@id\":\"https:\/\/folklore.ee\/estonka\/parimus-siberi-eestlaste-laulud\/#breadcrumb\"},\"inLanguage\":\"en-US\",\"potentialAction\":[{\"@type\":\"ReadAction\",\"target\":[\"https:\/\/folklore.ee\/estonka\/parimus-siberi-eestlaste-laulud\/\"]}]},{\"@type\":\"ImageObject\",\"inLanguage\":\"en-US\",\"@id\":\"https:\/\/folklore.ee\/estonka\/parimus-siberi-eestlaste-laulud\/#primaryimage\",\"url\":\"https:\/\/folklore.ee\/estonka\/wp-content\/uploads\/2020\/07\/1.jpg\",\"contentUrl\":\"https:\/\/folklore.ee\/estonka\/wp-content\/uploads\/2020\/07\/1.jpg\",\"width\":1920,\"height\":400,\"caption\":\"P\u00e4rimus kaanefoto\"},{\"@type\":\"BreadcrumbList\",\"@id\":\"https:\/\/folklore.ee\/estonka\/parimus-siberi-eestlaste-laulud\/#breadcrumb\",\"itemListElement\":[{\"@type\":\"ListItem\",\"position\":1,\"name\":\"Avaleht\",\"item\":\"https:\/\/folklore.ee\/estonka\/\"},{\"@type\":\"ListItem\",\"position\":2,\"name\":\"P\u00e4rimus: Siberi eestlaste laulud\"}]},{\"@type\":\"WebSite\",\"@id\":\"https:\/\/folklore.ee\/estonka\/#website\",\"url\":\"https:\/\/folklore.ee\/estonka\/\",\"name\":\"Estonka\",\"description\":\"Just another WordPress site\",\"potentialAction\":[{\"@type\":\"SearchAction\",\"target\":{\"@type\":\"EntryPoint\",\"urlTemplate\":\"https:\/\/folklore.ee\/estonka\/?s={search_term_string}\"},\"query-input\":{\"@type\":\"PropertyValueSpecification\",\"valueRequired\":true,\"valueName\":\"search_term_string\"}}],\"inLanguage\":\"en-US\"}]}<\/script>\n<!-- \/ Yoast SEO plugin. -->","yoast_head_json":{"title":"P\u00e4rimus: Siberi eestlaste laulud - Estonka","description":"Siberi eestlaste laulup\u00e4rimus on v\u00e4ga mitmekesine.Sinna kuuluvad nii laulud, mis viidi kaasa Eestist (nt See ranits, mis mu seljas raske), aga ka need, mis aja jooksul kohapeal \u00f5pitud.","robots":{"index":"index","follow":"follow","max-snippet":"max-snippet:-1","max-image-preview":"max-image-preview:large","max-video-preview":"max-video-preview:-1"},"canonical":"https:\/\/folklore.ee\/estonka\/parimus-siberi-eestlaste-laulud\/","og_locale":"en_US","og_type":"article","og_title":"P\u00e4rimus: Siberi eestlaste laulud - Estonka","og_description":"Siberi eestlaste laulup\u00e4rimus on v\u00e4ga mitmekesine.Sinna kuuluvad nii laulud, mis viidi kaasa Eestist (nt See ranits, mis mu seljas raske), aga ka need, mis aja jooksul kohapeal \u00f5pitud.","og_url":"https:\/\/folklore.ee\/estonka\/parimus-siberi-eestlaste-laulud\/","og_site_name":"Estonka","article_modified_time":"2020-09-23T07:21:20+00:00","og_image":[{"width":1920,"height":400,"url":"https:\/\/folklore.ee\/estonka\/wp-content\/uploads\/2020\/07\/1.jpg","type":"image\/jpeg"}],"twitter_card":"summary_large_image","twitter_misc":{"Est. reading time":"1 minute"},"schema":{"@context":"https:\/\/schema.org","@graph":[{"@type":"WebPage","@id":"https:\/\/folklore.ee\/estonka\/parimus-siberi-eestlaste-laulud\/","url":"https:\/\/folklore.ee\/estonka\/parimus-siberi-eestlaste-laulud\/","name":"P\u00e4rimus: Siberi eestlaste laulud - Estonka","isPartOf":{"@id":"https:\/\/folklore.ee\/estonka\/#website"},"primaryImageOfPage":{"@id":"https:\/\/folklore.ee\/estonka\/parimus-siberi-eestlaste-laulud\/#primaryimage"},"image":{"@id":"https:\/\/folklore.ee\/estonka\/parimus-siberi-eestlaste-laulud\/#primaryimage"},"thumbnailUrl":"https:\/\/folklore.ee\/estonka\/wp-content\/uploads\/2020\/07\/1.jpg","datePublished":"2020-07-10T10:50:12+00:00","dateModified":"2020-09-23T07:21:20+00:00","description":"Siberi eestlaste laulup\u00e4rimus on v\u00e4ga mitmekesine.Sinna kuuluvad nii laulud, mis viidi kaasa Eestist (nt See ranits, mis mu seljas raske), aga ka need, mis aja jooksul kohapeal \u00f5pitud.","breadcrumb":{"@id":"https:\/\/folklore.ee\/estonka\/parimus-siberi-eestlaste-laulud\/#breadcrumb"},"inLanguage":"en-US","potentialAction":[{"@type":"ReadAction","target":["https:\/\/folklore.ee\/estonka\/parimus-siberi-eestlaste-laulud\/"]}]},{"@type":"ImageObject","inLanguage":"en-US","@id":"https:\/\/folklore.ee\/estonka\/parimus-siberi-eestlaste-laulud\/#primaryimage","url":"https:\/\/folklore.ee\/estonka\/wp-content\/uploads\/2020\/07\/1.jpg","contentUrl":"https:\/\/folklore.ee\/estonka\/wp-content\/uploads\/2020\/07\/1.jpg","width":1920,"height":400,"caption":"P\u00e4rimus kaanefoto"},{"@type":"BreadcrumbList","@id":"https:\/\/folklore.ee\/estonka\/parimus-siberi-eestlaste-laulud\/#breadcrumb","itemListElement":[{"@type":"ListItem","position":1,"name":"Avaleht","item":"https:\/\/folklore.ee\/estonka\/"},{"@type":"ListItem","position":2,"name":"P\u00e4rimus: Siberi eestlaste laulud"}]},{"@type":"WebSite","@id":"https:\/\/folklore.ee\/estonka\/#website","url":"https:\/\/folklore.ee\/estonka\/","name":"Estonka","description":"Just another WordPress site","potentialAction":[{"@type":"SearchAction","target":{"@type":"EntryPoint","urlTemplate":"https:\/\/folklore.ee\/estonka\/?s={search_term_string}"},"query-input":{"@type":"PropertyValueSpecification","valueRequired":true,"valueName":"search_term_string"}}],"inLanguage":"en-US"}]}},"_links":{"self":[{"href":"https:\/\/folklore.ee\/estonka\/wp-json\/wp\/v2\/pages\/14"}],"collection":[{"href":"https:\/\/folklore.ee\/estonka\/wp-json\/wp\/v2\/pages"}],"about":[{"href":"https:\/\/folklore.ee\/estonka\/wp-json\/wp\/v2\/types\/page"}],"author":[{"embeddable":true,"href":"https:\/\/folklore.ee\/estonka\/wp-json\/wp\/v2\/users\/1"}],"replies":[{"embeddable":true,"href":"https:\/\/folklore.ee\/estonka\/wp-json\/wp\/v2\/comments?post=14"}],"version-history":[{"count":8,"href":"https:\/\/folklore.ee\/estonka\/wp-json\/wp\/v2\/pages\/14\/revisions"}],"predecessor-version":[{"id":2577,"href":"https:\/\/folklore.ee\/estonka\/wp-json\/wp\/v2\/pages\/14\/revisions\/2577"}],"wp:featuredmedia":[{"embeddable":true,"href":"https:\/\/folklore.ee\/estonka\/wp-json\/wp\/v2\/media\/66"}],"wp:attachment":[{"href":"https:\/\/folklore.ee\/estonka\/wp-json\/wp\/v2\/media?parent=14"}],"curies":[{"name":"wp","href":"https:\/\/api.w.org\/{rel}","templated":true}]}}