{"id":2733,"date":"2021-04-29T13:58:05","date_gmt":"2021-04-29T13:58:05","guid":{"rendered":"http:\/\/folklore.ee\/estonka\/?page_id=2733"},"modified":"2021-04-30T07:29:25","modified_gmt":"2021-04-30T07:29:25","slug":"uurimused","status":"publish","type":"page","link":"https:\/\/folklore.ee\/estonka\/kultuuriparandi-kogumine-ja-kogud\/ulevaated-ja-uurimused\/uurimused\/","title":{"rendered":"Uurimused"},"content":{"rendered":"\n<p>V\u00e4ljar\u00e4ndamisliikumise ja Venemaa eestlaste kohta ilmus uurimusi ka n\u00f5ukogude perioodil, kuid p\u00e4rast Eesti Vabariigi taasiseseisvumist on teema enam p\u00e4evakorrale t\u00f5usnud: ilmunud on monograafiaid, \u00fclevaateteoseid, hulgaliselt artikleid. Uurijate kasutada on n\u00fc\u00fcdseks ka materjalid, millele varem ligip\u00e4\u00e4s puudus.<br>Eestlaste v\u00e4ljar\u00e4nnet Venemaale ning selle p\u00f5hjusi on k\u00e4sitlenud ajaloolased <strong>Artur Vassar<\/strong> (\u201cUut maad otsimas. Agraarne \u00fcmberasumisliikumine Eestis kuni 1863. aastani\u201d, 1975), <strong>Sirje Kivim\u00e4e<\/strong> (1981) jt.<\/p>\n\n\n\n<div class=\"wp-block-columns is-layout-flex wp-container-core-columns-is-layout-1 wp-block-columns-is-layout-flex\">\n<div class=\"wp-block-column is-layout-flow wp-block-column-is-layout-flow\" style=\"flex-basis:66.66%\">\n<p>P\u00f5hjaliku \u00fclevaate eesti asunduste uurimise kohta kirjutas <strong>Tiit Rosenberg<\/strong>: &#8220;\u00dcmberasumisliikumise ja eesti asunduste ajaloo historiograafia&#8221; (raamatus \u201eS\u00f5na j\u00f5ul: diasporaa roll Eesti iseseisvuse taastamisel\u201c. Tartu \u00dclikooli Kirjastus: Tartu, 2008, lk. 36-52).<br><br>Ajaloolane <strong>Viktor Maam\u00e4gi<\/strong> on avaldanud uurimuse eesti asunduste kujunemisest ja Eesti v\u00e4hemusrahvusest NSV Liidus (\u201cUut elu ehitamas. Eesti v\u00e4hemusrahvus NSV Liidus (1917\u20131940)\u201d, 1980).<\/p>\n<\/div>\n\n\n\n<div class=\"wp-block-column is-layout-flow wp-block-column-is-layout-flow\" style=\"flex-basis:33.33%\">\n<figure class=\"wp-block-image size-large is-resized\"><a href=\"http:\/\/folklore.ee\/estonka\/wp-content\/uploads\/2020\/08\/ylevaade_3.jpg\"><img loading=\"lazy\" decoding=\"async\" src=\"http:\/\/folklore.ee\/estonka\/wp-content\/uploads\/2020\/08\/ylevaade_3.jpg\" alt=\"\" class=\"wp-image-381\" width=\"144\" height=\"217\"\/><\/a><figcaption>\u201cUut elu ehitamas\u201d<\/figcaption><\/figure>\n<\/div>\n<\/div>\n\n\n\n<p>Keeleteadlane <strong>J\u00fcri Viikberg<\/strong> on alates 1984. aastast avaldanud artikleid Siberi eestlaste asustusloost, keelest ja keelesuhetest ning kaitsnud kandidaadiv\u00e4itekirja \u201cEstonskije jaz\u00f5kov\u00f5je ostrovki v Sibiri: Vozniknovenije, razvitije, kontakt\u00f5\u201d (1989). Ta on koostanud ja toimetanud 2002. aastal ilmunud &#8220;Krimmi kogumiku&#8221;, kuhu on koondatud konverentsi &#8220;170 aastat eestlust Krimmis&#8221; ettekanded (09.-10.09.2001). Koos Kristiina Praakliga koostatud koguteoses &#8220;Eestlased ja eesti keel v\u00e4lismaal&#8221; leidub ka tema \u00fclevaade &#8220;Eestlased ja eesti keel Venemaal&#8221; (2010).<br>Keeleteadlane <strong>Lembit Vaba<\/strong> on avaldanud koos J\u00fcri Viikbergiga artikli Siberi eestlaste keelesuhetest.<\/p>\n\n\n\n<div class=\"wp-block-columns is-layout-flex wp-container-core-columns-is-layout-2 wp-block-columns-is-layout-flex\">\n<div class=\"wp-block-column is-layout-flow wp-block-column-is-layout-flow\" style=\"flex-basis:66.66%\">\n<p><strong>Aavo Valmise<\/strong> sulest on ilmunud uurimus \u201cEmakeele\u00f5petus Venemaa eesti koolides\u201d (1997).<\/p>\n\n\n\n<p>Rahvastikuteadlane <strong>Hill Kulu<\/strong> on k\u00e4sitlenud L\u00e4\u00e4ne-Siberi eesti asunduste kujunemist, eluolu ja eestlaste tagasir\u00e4nnet. Doktorit\u00f6\u00f6 \u201cEestlaste tagasir\u00e4nne 1940\u20131989. L\u00e4\u00e4ne-Siberist p\u00e4rit eestlaste n\u00e4itel\u201d ilmus aastal 1997.<br><br>Etnoloog <strong>Mare Piho<\/strong> on avaldanud artikleid Siberi setu asunduste asustus- ja kultuuriloost, olustikust ning t\u00e4nap\u00e4evast.<\/p>\n<\/div>\n\n\n\n<div class=\"wp-block-column is-layout-flow wp-block-column-is-layout-flow\" style=\"flex-basis:33.33%\">\n<figure class=\"wp-block-image size-large is-resized\"><a href=\"http:\/\/folklore.ee\/estonka\/wp-content\/uploads\/2020\/08\/ylevaade_4.jpg\"><img loading=\"lazy\" decoding=\"async\" src=\"http:\/\/folklore.ee\/estonka\/wp-content\/uploads\/2020\/08\/ylevaade_4.jpg\" alt=\"\" class=\"wp-image-382\" width=\"174\" height=\"252\"\/><\/a><figcaption>\u201cEestlaste tagasir\u00e4nne 1940\u20131989&#8243;<\/figcaption><\/figure>\n<\/div>\n<\/div>\n\n\n\n<div class=\"wp-block-columns is-layout-flex wp-container-core-columns-is-layout-3 wp-block-columns-is-layout-flex\">\n<div class=\"wp-block-column is-layout-flow wp-block-column-is-layout-flow\" style=\"flex-basis:66.66%\">\n<p>Etnoloog <strong>Aivar J\u00fcrgenson<\/strong> on kirjutanud v\u00e4ljar\u00e4ndamisliikumisest, Siberi eestlaste territoriaalsusest ja identiteedist ning Jaapani mere \u00e4\u00e4rsetest eestlastest. Kaitses doktorit\u00f6\u00f6 \u201cSiberi eestlaste territoriaalsus ja identiteet\u201d (2002).<br><br>2006. aastal ilmus doktorit\u00f6\u00f6 baasil laiemale lugejaskonnale m\u00f5eldud raamat \u201cSiberiga seotud: eestlased teisel pool Uuraleid\u201d, 2008. a avaldas ta Siberit kui Venemaa kolooniat ning siberlaste identiteedi kujunemist tutvustava raamatu \u201cSiber \u2013 vabaduse ja vangiahelate vahel\u201d.<\/p>\n<\/div>\n\n\n\n<div class=\"wp-block-column is-layout-flow wp-block-column-is-layout-flow\" style=\"flex-basis:33.33%\">\n<figure class=\"wp-block-image size-large is-resized\"><a href=\"http:\/\/folklore.ee\/estonka\/wp-content\/uploads\/2020\/08\/ylevaade_5.jpg\"><img loading=\"lazy\" decoding=\"async\" src=\"http:\/\/folklore.ee\/estonka\/wp-content\/uploads\/2020\/08\/ylevaade_5.jpg\" alt=\"\" class=\"wp-image-383\" width=\"167\" height=\"243\"\/><\/a><figcaption>&#8220;Siberiga seotud: Eestlased teisel pool Uuraleid&#8221;<\/figcaption><\/figure>\n<\/div>\n<\/div>\n\n\n\n<div class=\"wp-block-columns is-layout-flex wp-container-core-columns-is-layout-4 wp-block-columns-is-layout-flex\">\n<div class=\"wp-block-column is-layout-flow wp-block-column-is-layout-flow\" style=\"flex-basis:33.33%\">\n<div class=\"wp-block-image\"><figure class=\"aligncenter size-large is-resized\"><a href=\"http:\/\/folklore.ee\/estonka\/wp-content\/uploads\/2020\/08\/ylevaade_6.jpg\"><img loading=\"lazy\" decoding=\"async\" src=\"http:\/\/folklore.ee\/estonka\/wp-content\/uploads\/2020\/08\/ylevaade_6.jpg\" alt=\"\" class=\"wp-image-384\" width=\"186\" height=\"281\"\/><\/a><figcaption>&#8220;Eesti asundused I&#8221;<\/figcaption><\/figure><\/div>\n<\/div>\n\n\n\n<div class=\"wp-block-column is-layout-flow wp-block-column-is-layout-flow\" style=\"flex-basis:66.66%\">\n<p>Folklorist <strong>Anu Korb<\/strong> on uurinud Siberi eestlaste lauluvara, jutte esivanematest, surma- ja matusekombestikku, rahvameditsiini, folkloristliku v\u00e4lit\u00f6\u00f6 teooriat Siberi v\u00e4lit\u00f6\u00f6de n\u00e4itel. 2005. aastal n\u00e4gi tr\u00fckivalgust uurimus &#8220;Venemaal rahvuskaaslasi k\u00fcsitlemas: folkloristliku v\u00e4lit\u00f6\u00f6 metoodilisi aspekte&#8221; (Studia Ethnologica et Folkloristica Tartuensia 9. Tartu \u00dclikooli Kirjastus 2005).<br><br>2007. aastal ilmus Anu Korbi artiklitel p\u00f5hinev raamat &#8220;R\u00f5\u017ekovo virulased p\u00e4rimuskultuuri kandjaina&#8221; (sarjas &#8220;Eesti Rahvaluule Arhiivi Toimetused 24, Eesti Kirjandusmuuseum, Tartu, 2007).<\/p>\n<\/div>\n<\/div>\n\n\n\n<p>Doktorit\u00f6\u00f6 &#8220;Siberi eesti kogukonnad folkloristliku uurimisallikana&#8221; kaitses ta 2007. aastal.<br>Raamatusarjas \u201cEesti asundused\u201d I\u2013VIII (1995\u20131999, 2010\u20132017) on ilmunud piirkondlikud kommenteeritud tekstivalimikud, Siberis ja mujal Venemaal s\u00fcndinud eestlaste k\u00fcla- ja elulood ning folkloristide v\u00e4lit\u00f6\u00f6p\u00e4evikud.<\/p>\n\n\n\n<p>2005. aastal koostas Anu Korb antoloogia &#8220;<a aria-label=\"undefined (opens in a new tab)\" href=\"http:\/\/www.folklore.ee\/pubte\/eraamat\/siberilaulud\/eestlased\/\" target=\"_blank\" rel=\"noreferrer noopener\">Siberi eestlaste laulud<\/a>&#8220;, mis koosneb kahest CD-plaadist ja tekstivihikust. 2014. aastal sai v\u00e4ljaandele lisatud videomaterjal ning sestpeale on see kasutatav audiovisuaalse veebiv\u00e4ljaandena.<\/p>\n\n\n\n<div class=\"wp-block-columns is-layout-flex wp-container-core-columns-is-layout-5 wp-block-columns-is-layout-flex\">\n<div class=\"wp-block-column is-layout-flow wp-block-column-is-layout-flow\" style=\"flex-basis:66.66%\">\n<p>Folklorist <strong>Andreas Kalkun<\/strong> on avaldanud artikleid Siberi seto kogukondadest ja nende lauluvarast. Koos Anu Korbiga andnud v\u00e4lja multimeediav\u00e4ljaande &#8220;Siberi setode laulud&#8221; (2012). V\u00e4ljaanne koosneb raamatust, kahest CD-plaadist ja DVDst, alates 2013. aastast on v\u00e4ljaanne k\u00e4ttesaadav ka veebis.<\/p>\n\n\n\n<p>Folklorist <strong>Astrid Tuisk<\/strong> on k\u00e4sitlenud Siberi eestlaste p\u00e4rimuse muutumisega seotud probleeme, kohap\u00e4rimust, etnobotaanikat. Toimetanud artiklikogumiku \u201cEesti kultuur v\u00f5\u00f5rsil. Loode-Venemaa ja Siberi asundused\u201d (1998) ning kaitsnud magistrit\u00f6\u00f6 \u201cOma ja v\u00f5\u00f5ra r\u00fchma piirid Siberi eestlaste rahvaluule p\u00f5hjal\u201d (2001).<\/p>\n<\/div>\n\n\n\n<div class=\"wp-block-column is-layout-flow wp-block-column-is-layout-flow\" style=\"flex-basis:33.33%\">\n<figure class=\"wp-block-image size-large is-resized\"><a href=\"http:\/\/folklore.ee\/estonka\/wp-content\/uploads\/2020\/08\/ylevaade_7.jpg\"><img loading=\"lazy\" decoding=\"async\" src=\"http:\/\/folklore.ee\/estonka\/wp-content\/uploads\/2020\/08\/ylevaade_7.jpg\" alt=\"\" class=\"wp-image-385\" width=\"328\" height=\"289\" srcset=\"https:\/\/folklore.ee\/estonka\/wp-content\/uploads\/2020\/08\/ylevaade_7.jpg 702w, https:\/\/folklore.ee\/estonka\/wp-content\/uploads\/2020\/08\/ylevaade_7-300x265.jpg 300w\" sizes=\"(max-width: 328px) 100vw, 328px\" \/><\/a><figcaption>&#8220;Siberi setode laulud&#8221;<\/figcaption><\/figure>\n<\/div>\n<\/div>\n\n\n\n<p>Ajaloolane <strong>Kadri Tooming<\/strong> kaitses 2008. aastal magistrit\u00f6\u00f6 &#8220;L\u00f5una-Eesti k\u00fcla Vene impeeriumi keskvalitsuse kolonisatsioonipoliitika m\u00f5juv\u00e4ljas 1889-1914&#8221;.<\/p>\n\n\n\n<div class=\"wp-block-columns is-layout-flex wp-container-core-columns-is-layout-6 wp-block-columns-is-layout-flex\">\n<div class=\"wp-block-column is-layout-flow wp-block-column-is-layout-flow\" style=\"flex-basis:33.33%\">\n<div class=\"wp-block-image\"><figure class=\"aligncenter size-large is-resized\"><a href=\"http:\/\/folklore.ee\/estonka\/wp-content\/uploads\/2020\/08\/ylevaade_8.jpg\"><img loading=\"lazy\" decoding=\"async\" src=\"http:\/\/folklore.ee\/estonka\/wp-content\/uploads\/2020\/08\/ylevaade_8.jpg\" alt=\"\" class=\"wp-image-386\" width=\"141\" height=\"193\"\/><\/a><figcaption>&#8220;Siber ja Eesti&#8221;<\/figcaption><\/figure><\/div>\n<\/div>\n\n\n\n<div class=\"wp-block-column is-layout-flow wp-block-column-is-layout-flow\" style=\"flex-basis:66.66%\">\n<p>Ajaloolane, arhiivinduse professor<strong> Aadu Must<\/strong> on v\u00e4lja otsinud Estica materjale v\u00e4lismaa arhiivides ning koostanud suure ja unikaalse andmekogu Siberi eesti asunduste ja asunike ajaloo kohta. Tal on valminud rida artikleid ning uurimus &#8220;Siber ja Eesti: jalaraua k\u00f5lin&#8221; (2012). Raamatus k\u00e4sitletakse eestlaste saatust Siberis erinevatel ajalooetappidel, eriti vanemal ajal, ning j\u00f5utakse j\u00e4reldusele, et alates 18. sajandist on Siberil arvestatav koht Eesti ja eestlaste ajaloos.<\/p>\n<\/div>\n<\/div>\n\n\n\n<div class=\"wp-block-columns is-layout-flex wp-container-core-columns-is-layout-7 wp-block-columns-is-layout-flex\">\n<div class=\"wp-block-column is-layout-flow wp-block-column-is-layout-flow\" style=\"flex-basis:66.66%\">\n<p>Vene etnograaf<strong> Ilja Lotkin<\/strong> (Omsk) on koos oma aspirantidega uurinud etnilisi protsesse L\u00e4\u00e4ne-Siberi eesti ja l\u00e4ti asundustes ning ta on avaldanud rea artikleid ja uurimusi, nt &#8220;Sovremennyje etniceskije protsessy u latyshei i estoncev Zapadnoij Sibiri\u201c (1996) ning &#8220;Pribaltiiskije diaspory v Sibiri (1930\u20131930-je gody): Aspekty etnosocial\u2019noj istorii&#8221; (2006).<br><br>Tomski ajaloolane<strong> D. G. Korovushkin<\/strong> on arhiividokumentide abil uurinud erinevate rahvaste arvukust ja paiknemist Siberis. Teiste hulgas on ta k\u00e4sitlenud ka eestlasi &#8220;Latyshi i estoncy v Zapadnoij Sibiri: rasselenije i cislennost v kontse XIX v nacalje XXI veka&#8221; (2008).<\/p>\n<\/div>\n\n\n\n<div class=\"wp-block-column is-layout-flow wp-block-column-is-layout-flow\" style=\"flex-basis:33.33%\">\n<figure class=\"wp-block-image size-large is-resized\"><a href=\"http:\/\/folklore.ee\/estonka\/wp-content\/uploads\/2020\/08\/ylevaade_9.jpg\"><img loading=\"lazy\" decoding=\"async\" src=\"http:\/\/folklore.ee\/estonka\/wp-content\/uploads\/2020\/08\/ylevaade_9.jpg\" alt=\"\" class=\"wp-image-387\" width=\"191\" height=\"274\"\/><\/a><figcaption>&#8220;Sovremennyje etniceskije protsessy u latyshei i estoncev Zapadnoij Sibiri\u201c<\/figcaption><\/figure>\n<\/div>\n<\/div>\n\n\n\n<p>Soome uurija <strong>Alpo Juntunen<\/strong> on oma uurimustes keskendunud Siberi soome asundustele ning v\u00e4ljasaadetud soomlastele, kuid tema t\u00f6\u00f6des leidub infot ka eestlaste kohta. Monograafia \u201cSuomalaisten karkottaminen Siperiaan autonomian aikana ja karkotetut Siperiassa\u201d (1983).<\/p>\n\n\n\n<p>\u00dcksikartikleid v\u00f5i piirkondlikke \u00fclevaateid on avaldanud veel: <strong>Mart M\u00e4ger<\/strong> ja <strong>Anatoli Rekk-Lebedev<\/strong> \u2013 Kaug-Ida eestlastest,<br>Mall Hiiem\u00e4e \u2013 Siberi eestlaste rahvakalendrist,<br>Ell Vahtram\u00e4e \u2013 Siberi eestlaste taevakirjadest,<br>Risto J\u00e4rv \u2013 Siberi Oravak\u00fcla eesti kogukonna jutustamistraditsioonist jt.<\/p>\n","protected":false},"excerpt":{"rendered":"<p>V\u00e4ljar\u00e4ndamisliikumise ja Venemaa eestlaste kohta ilmus uurimusi ka n\u00f5ukogude perioodil, kuid p\u00e4rast Eesti Vabariigi taasiseseisvumist on teema enam p\u00e4evakorrale t\u00f5usnud: ilmunud on monograafiaid, \u00fclevaateteoseid, hulgaliselt artikleid. Uurijate kasutada on n\u00fc\u00fcdseks ka materjalid, millele varem ligip\u00e4\u00e4s puudus.Eestlaste v\u00e4ljar\u00e4nnet Venemaale ning selle p\u00f5hjusi on k\u00e4sitlenud ajaloolased Artur Vassar (\u201cUut maad otsimas. Agraarne \u00fcmberasumisliikumine Eestis kuni 1863. aastani\u201d, [&hellip;]<\/p>\n","protected":false},"author":1,"featured_media":394,"parent":105,"menu_order":0,"comment_status":"closed","ping_status":"closed","template":"","meta":{"footnotes":""},"class_list":["post-2733","page","type-page","status-publish","has-post-thumbnail","hentry"],"yoast_head":"<!-- This site is optimized with the Yoast SEO plugin v23.4 - https:\/\/yoast.com\/wordpress\/plugins\/seo\/ -->\n<title>Uurimused - Estonka<\/title>\n<meta name=\"robots\" content=\"index, follow, max-snippet:-1, max-image-preview:large, max-video-preview:-1\" \/>\n<link rel=\"canonical\" href=\"https:\/\/folklore.ee\/estonka\/kultuuriparandi-kogumine-ja-kogud\/ulevaated-ja-uurimused\/uurimused\/\" \/>\n<meta property=\"og:locale\" content=\"en_US\" \/>\n<meta property=\"og:type\" content=\"article\" \/>\n<meta property=\"og:title\" content=\"Uurimused - Estonka\" \/>\n<meta property=\"og:description\" content=\"V\u00e4ljar\u00e4ndamisliikumise ja Venemaa eestlaste kohta ilmus uurimusi ka n\u00f5ukogude perioodil, kuid p\u00e4rast Eesti Vabariigi taasiseseisvumist on teema enam p\u00e4evakorrale t\u00f5usnud: ilmunud on monograafiaid, \u00fclevaateteoseid, hulgaliselt artikleid. Uurijate kasutada on n\u00fc\u00fcdseks ka materjalid, millele varem ligip\u00e4\u00e4s puudus.Eestlaste v\u00e4ljar\u00e4nnet Venemaale ning selle p\u00f5hjusi on k\u00e4sitlenud ajaloolased Artur Vassar (\u201cUut maad otsimas. Agraarne \u00fcmberasumisliikumine Eestis kuni 1863. aastani\u201d, [&hellip;]\" \/>\n<meta property=\"og:url\" content=\"https:\/\/folklore.ee\/estonka\/kultuuriparandi-kogumine-ja-kogud\/ulevaated-ja-uurimused\/uurimused\/\" \/>\n<meta property=\"og:site_name\" content=\"Estonka\" \/>\n<meta property=\"article:modified_time\" content=\"2021-04-30T07:29:25+00:00\" \/>\n<meta property=\"og:image\" content=\"https:\/\/folklore.ee\/estonka\/wp-content\/uploads\/2020\/08\/X_pilt7.jpg\" \/>\n\t<meta property=\"og:image:width\" content=\"1920\" \/>\n\t<meta property=\"og:image:height\" content=\"400\" \/>\n\t<meta property=\"og:image:type\" content=\"image\/jpeg\" \/>\n<meta name=\"twitter:card\" content=\"summary_large_image\" \/>\n<meta name=\"twitter:label1\" content=\"Est. reading time\" \/>\n\t<meta name=\"twitter:data1\" content=\"4 minutes\" \/>\n<script type=\"application\/ld+json\" class=\"yoast-schema-graph\">{\"@context\":\"https:\/\/schema.org\",\"@graph\":[{\"@type\":\"WebPage\",\"@id\":\"https:\/\/folklore.ee\/estonka\/kultuuriparandi-kogumine-ja-kogud\/ulevaated-ja-uurimused\/uurimused\/\",\"url\":\"https:\/\/folklore.ee\/estonka\/kultuuriparandi-kogumine-ja-kogud\/ulevaated-ja-uurimused\/uurimused\/\",\"name\":\"Uurimused - Estonka\",\"isPartOf\":{\"@id\":\"https:\/\/folklore.ee\/estonka\/#website\"},\"primaryImageOfPage\":{\"@id\":\"https:\/\/folklore.ee\/estonka\/kultuuriparandi-kogumine-ja-kogud\/ulevaated-ja-uurimused\/uurimused\/#primaryimage\"},\"image\":{\"@id\":\"https:\/\/folklore.ee\/estonka\/kultuuriparandi-kogumine-ja-kogud\/ulevaated-ja-uurimused\/uurimused\/#primaryimage\"},\"thumbnailUrl\":\"https:\/\/folklore.ee\/estonka\/wp-content\/uploads\/2020\/08\/X_pilt7.jpg\",\"datePublished\":\"2021-04-29T13:58:05+00:00\",\"dateModified\":\"2021-04-30T07:29:25+00:00\",\"breadcrumb\":{\"@id\":\"https:\/\/folklore.ee\/estonka\/kultuuriparandi-kogumine-ja-kogud\/ulevaated-ja-uurimused\/uurimused\/#breadcrumb\"},\"inLanguage\":\"en-US\",\"potentialAction\":[{\"@type\":\"ReadAction\",\"target\":[\"https:\/\/folklore.ee\/estonka\/kultuuriparandi-kogumine-ja-kogud\/ulevaated-ja-uurimused\/uurimused\/\"]}]},{\"@type\":\"ImageObject\",\"inLanguage\":\"en-US\",\"@id\":\"https:\/\/folklore.ee\/estonka\/kultuuriparandi-kogumine-ja-kogud\/ulevaated-ja-uurimused\/uurimused\/#primaryimage\",\"url\":\"https:\/\/folklore.ee\/estonka\/wp-content\/uploads\/2020\/08\/X_pilt7.jpg\",\"contentUrl\":\"https:\/\/folklore.ee\/estonka\/wp-content\/uploads\/2020\/08\/X_pilt7.jpg\",\"width\":1920,\"height\":400,\"caption\":\"Publitseerimine kaanefoto\"},{\"@type\":\"BreadcrumbList\",\"@id\":\"https:\/\/folklore.ee\/estonka\/kultuuriparandi-kogumine-ja-kogud\/ulevaated-ja-uurimused\/uurimused\/#breadcrumb\",\"itemListElement\":[{\"@type\":\"ListItem\",\"position\":1,\"name\":\"Avaleht\",\"item\":\"https:\/\/folklore.ee\/estonka\/\"},{\"@type\":\"ListItem\",\"position\":2,\"name\":\"Kultuurip\u00e4randi kogumine ja kogud, \u00fclevaated ja uurimused\",\"item\":\"https:\/\/folklore.ee\/estonka\/kultuuriparandi-kogumine-ja-kogud\/\"},{\"@type\":\"ListItem\",\"position\":3,\"name\":\"\u00dclevaated ja uurimused\",\"item\":\"https:\/\/folklore.ee\/estonka\/kultuuriparandi-kogumine-ja-kogud\/ulevaated-ja-uurimused\/\"},{\"@type\":\"ListItem\",\"position\":4,\"name\":\"Uurimused\"}]},{\"@type\":\"WebSite\",\"@id\":\"https:\/\/folklore.ee\/estonka\/#website\",\"url\":\"https:\/\/folklore.ee\/estonka\/\",\"name\":\"Estonka\",\"description\":\"Just another WordPress site\",\"potentialAction\":[{\"@type\":\"SearchAction\",\"target\":{\"@type\":\"EntryPoint\",\"urlTemplate\":\"https:\/\/folklore.ee\/estonka\/?s={search_term_string}\"},\"query-input\":{\"@type\":\"PropertyValueSpecification\",\"valueRequired\":true,\"valueName\":\"search_term_string\"}}],\"inLanguage\":\"en-US\"}]}<\/script>\n<!-- \/ Yoast SEO plugin. -->","yoast_head_json":{"title":"Uurimused - Estonka","robots":{"index":"index","follow":"follow","max-snippet":"max-snippet:-1","max-image-preview":"max-image-preview:large","max-video-preview":"max-video-preview:-1"},"canonical":"https:\/\/folklore.ee\/estonka\/kultuuriparandi-kogumine-ja-kogud\/ulevaated-ja-uurimused\/uurimused\/","og_locale":"en_US","og_type":"article","og_title":"Uurimused - Estonka","og_description":"V\u00e4ljar\u00e4ndamisliikumise ja Venemaa eestlaste kohta ilmus uurimusi ka n\u00f5ukogude perioodil, kuid p\u00e4rast Eesti Vabariigi taasiseseisvumist on teema enam p\u00e4evakorrale t\u00f5usnud: ilmunud on monograafiaid, \u00fclevaateteoseid, hulgaliselt artikleid. Uurijate kasutada on n\u00fc\u00fcdseks ka materjalid, millele varem ligip\u00e4\u00e4s puudus.Eestlaste v\u00e4ljar\u00e4nnet Venemaale ning selle p\u00f5hjusi on k\u00e4sitlenud ajaloolased Artur Vassar (\u201cUut maad otsimas. Agraarne \u00fcmberasumisliikumine Eestis kuni 1863. aastani\u201d, [&hellip;]","og_url":"https:\/\/folklore.ee\/estonka\/kultuuriparandi-kogumine-ja-kogud\/ulevaated-ja-uurimused\/uurimused\/","og_site_name":"Estonka","article_modified_time":"2021-04-30T07:29:25+00:00","og_image":[{"width":1920,"height":400,"url":"https:\/\/folklore.ee\/estonka\/wp-content\/uploads\/2020\/08\/X_pilt7.jpg","type":"image\/jpeg"}],"twitter_card":"summary_large_image","twitter_misc":{"Est. reading time":"4 minutes"},"schema":{"@context":"https:\/\/schema.org","@graph":[{"@type":"WebPage","@id":"https:\/\/folklore.ee\/estonka\/kultuuriparandi-kogumine-ja-kogud\/ulevaated-ja-uurimused\/uurimused\/","url":"https:\/\/folklore.ee\/estonka\/kultuuriparandi-kogumine-ja-kogud\/ulevaated-ja-uurimused\/uurimused\/","name":"Uurimused - Estonka","isPartOf":{"@id":"https:\/\/folklore.ee\/estonka\/#website"},"primaryImageOfPage":{"@id":"https:\/\/folklore.ee\/estonka\/kultuuriparandi-kogumine-ja-kogud\/ulevaated-ja-uurimused\/uurimused\/#primaryimage"},"image":{"@id":"https:\/\/folklore.ee\/estonka\/kultuuriparandi-kogumine-ja-kogud\/ulevaated-ja-uurimused\/uurimused\/#primaryimage"},"thumbnailUrl":"https:\/\/folklore.ee\/estonka\/wp-content\/uploads\/2020\/08\/X_pilt7.jpg","datePublished":"2021-04-29T13:58:05+00:00","dateModified":"2021-04-30T07:29:25+00:00","breadcrumb":{"@id":"https:\/\/folklore.ee\/estonka\/kultuuriparandi-kogumine-ja-kogud\/ulevaated-ja-uurimused\/uurimused\/#breadcrumb"},"inLanguage":"en-US","potentialAction":[{"@type":"ReadAction","target":["https:\/\/folklore.ee\/estonka\/kultuuriparandi-kogumine-ja-kogud\/ulevaated-ja-uurimused\/uurimused\/"]}]},{"@type":"ImageObject","inLanguage":"en-US","@id":"https:\/\/folklore.ee\/estonka\/kultuuriparandi-kogumine-ja-kogud\/ulevaated-ja-uurimused\/uurimused\/#primaryimage","url":"https:\/\/folklore.ee\/estonka\/wp-content\/uploads\/2020\/08\/X_pilt7.jpg","contentUrl":"https:\/\/folklore.ee\/estonka\/wp-content\/uploads\/2020\/08\/X_pilt7.jpg","width":1920,"height":400,"caption":"Publitseerimine kaanefoto"},{"@type":"BreadcrumbList","@id":"https:\/\/folklore.ee\/estonka\/kultuuriparandi-kogumine-ja-kogud\/ulevaated-ja-uurimused\/uurimused\/#breadcrumb","itemListElement":[{"@type":"ListItem","position":1,"name":"Avaleht","item":"https:\/\/folklore.ee\/estonka\/"},{"@type":"ListItem","position":2,"name":"Kultuurip\u00e4randi kogumine ja kogud, \u00fclevaated ja uurimused","item":"https:\/\/folklore.ee\/estonka\/kultuuriparandi-kogumine-ja-kogud\/"},{"@type":"ListItem","position":3,"name":"\u00dclevaated ja uurimused","item":"https:\/\/folklore.ee\/estonka\/kultuuriparandi-kogumine-ja-kogud\/ulevaated-ja-uurimused\/"},{"@type":"ListItem","position":4,"name":"Uurimused"}]},{"@type":"WebSite","@id":"https:\/\/folklore.ee\/estonka\/#website","url":"https:\/\/folklore.ee\/estonka\/","name":"Estonka","description":"Just another WordPress site","potentialAction":[{"@type":"SearchAction","target":{"@type":"EntryPoint","urlTemplate":"https:\/\/folklore.ee\/estonka\/?s={search_term_string}"},"query-input":{"@type":"PropertyValueSpecification","valueRequired":true,"valueName":"search_term_string"}}],"inLanguage":"en-US"}]}},"_links":{"self":[{"href":"https:\/\/folklore.ee\/estonka\/wp-json\/wp\/v2\/pages\/2733"}],"collection":[{"href":"https:\/\/folklore.ee\/estonka\/wp-json\/wp\/v2\/pages"}],"about":[{"href":"https:\/\/folklore.ee\/estonka\/wp-json\/wp\/v2\/types\/page"}],"author":[{"embeddable":true,"href":"https:\/\/folklore.ee\/estonka\/wp-json\/wp\/v2\/users\/1"}],"replies":[{"embeddable":true,"href":"https:\/\/folklore.ee\/estonka\/wp-json\/wp\/v2\/comments?post=2733"}],"version-history":[{"count":4,"href":"https:\/\/folklore.ee\/estonka\/wp-json\/wp\/v2\/pages\/2733\/revisions"}],"predecessor-version":[{"id":2738,"href":"https:\/\/folklore.ee\/estonka\/wp-json\/wp\/v2\/pages\/2733\/revisions\/2738"}],"up":[{"embeddable":true,"href":"https:\/\/folklore.ee\/estonka\/wp-json\/wp\/v2\/pages\/105"}],"wp:featuredmedia":[{"embeddable":true,"href":"https:\/\/folklore.ee\/estonka\/wp-json\/wp\/v2\/media\/394"}],"wp:attachment":[{"href":"https:\/\/folklore.ee\/estonka\/wp-json\/wp\/v2\/media?parent=2733"}],"curies":[{"name":"wp","href":"https:\/\/api.w.org\/{rel}","templated":true}]}}