{"id":7,"date":"2020-07-10T10:49:23","date_gmt":"2020-07-10T10:49:23","guid":{"rendered":"http:\/\/folklore.ee\/estonka\/?page_id=7"},"modified":"2021-05-03T10:30:53","modified_gmt":"2021-05-03T10:30:53","slug":"eestlased-siberis-kulad-ja-parimus","status":"publish","type":"page","link":"https:\/\/folklore.ee\/estonka\/","title":{"rendered":"Eestlased Siberis:  k\u00fclad ja p\u00e4rimus"},"content":{"rendered":"\t\t<div class=\"wpsisac-slick-slider-wrp wpsisac-clearfix  \" data-conf=\"{&quot;dots&quot;:&quot;true&quot;,&quot;arrows&quot;:&quot;true&quot;,&quot;autoplay&quot;:&quot;true&quot;,&quot;autoplay_interval&quot;:3000,&quot;fade&quot;:&quot;false&quot;,&quot;lazyload&quot;:&quot;&quot;,&quot;speed&quot;:&quot;1000&quot;,&quot;rtl&quot;:&quot;false&quot;,&quot;loop&quot;:&quot;true&quot;,&quot;hover_pause&quot;:&quot;true&quot;}\">\r\n\t\t\t<div id=\"wpsisac-slick-slider-1\" class=\"wpsisac-slick-slider design-1 wpsisac-image-fit\">\r\n\t\t\t\t<div class=\"wpsisac-image-slide\">\r\t<div class=\"wpsisac-slide-wrap\" >\t\r\t\t\t\t\t<img decoding=\"async\"   src=\"https:\/\/folklore.ee\/estonka\/wp-content\/uploads\/2020\/09\/image3-1024x427.jpg\"  alt=\"Image 3\" \/>\r\t\t\t<\/div>\r<\/div><div class=\"wpsisac-image-slide\">\r\t<div class=\"wpsisac-slide-wrap\" >\t\r\t\t\t\t\t<img decoding=\"async\"   src=\"https:\/\/folklore.ee\/estonka\/wp-content\/uploads\/2020\/09\/image2-1024x427.jpg\"  alt=\"Image 2\" \/>\r\t\t\t<\/div>\r<\/div><div class=\"wpsisac-image-slide\">\r\t<div class=\"wpsisac-slide-wrap\" >\t\r\t\t\t\t\t<img decoding=\"async\"   src=\"https:\/\/folklore.ee\/estonka\/wp-content\/uploads\/2020\/09\/slideshow1-1024x427.jpg\"  alt=\"Image 1\" \/>\r\t\t\t<\/div>\r<\/div>\t\t\t<\/div>\r\n\t\t<\/div>\r\n\t\n\n\n\n<p>Siberis, Volgamaal ja mujal Venemaal rajasid eestlased k\u00fclad 19. sajandil ja 20. sajandi alguses. Sellel lehek\u00fcljel tutvustame \u00fcle saja aasta p\u00fcsinud Siberi eestlaste k\u00fclasid, eestlaste k\u00e4ek\u00e4iku, elu-olu, rahvakultuuri ja inimesi.<\/p>\n\n\n\n<p>Siberi kaarti, kus peal 21. sajandi alguses olemasolevad k\u00fclad, saad vaadata <a href=\"\/estonka\/kaart\/\" target=\"_blank\" aria-label=\"undefined (opens in a new tab)\" rel=\"noreferrer noopener\">siit<\/a>.<\/p>\n\n\n\n<p>Siberisse mindi otsima oma maad ning sedakaudu paremat elu, vabadust ja \u00f5nne. K\u00f5igepealt j\u00f5udsid sinna aga sunnit\u00f6\u00f6le ja asumisele saadetud karistusalused, hiljem v\u00e4ljar\u00e4nnanud. Nii j\u00f5uti Siberisse ka Liivi- ja Eestimaalt. Eestlasi elas Siberis enam kui 100 k\u00fclas. Ehitati \u00fcles majandus- ja eluhooned, hariti viljakandvaks maa, kasvatati karja, loodi eesti koolid ja seltsid. Keset viljakat Siberimaad tekkisid \u00f5itsvad ja edumeelsed eesti saarekesed.<\/p>\n\n\n\n<p>Aja jooksul on liigutud \u00fchest k\u00fclast teise, k\u00fclasid on tekkinud ja kadunud. Kui 1920. aastateni olid olud asunike majandus- ja kultuurielule soodsad, siis 1930. aastate n\u00f5ukogude v\u00f5imu repressioonide poliitika m\u00f5jus v\u00e4hemusrahvustele h\u00e4vitavalt. Represseerimistele ja vangistamistele lisaks on eestlaste arvukust Siberis kahandanud mobiliseerimine s\u00f5dadesse, tagasir\u00e4nne Eestisse, viimastel aastak\u00fcmnetel aga noorte lahkumine linnadesse ja assimileerumine. Nii on k\u00fclad, kus v\u00f5ib veel kuulda eesti keelt, Siberis alles mitte t\u00e4nu soodsatele tingimustele, vaid olude kiuste.<\/p>\n\n\n\n<div class=\"wp-block-group\"><div class=\"wp-block-group__inner-container is-layout-flow wp-block-group-is-layout-flow\"><style type=\"text\/css\" scoped>.roboGalleryLoaderSpinner{margin:50px auto;width:50px;height:40px;text-align:center;font-size:10px;}.roboGalleryLoaderSpinner > div{background-color:#333; height:100%; width:6px; display:inline-block; -webkit-animation:roboGalleryLoader-stretchdelay 1.2s infinite ease-in-out; animation:roboGalleryLoader-stretchdelay 1.2s infinite ease-in-out;}.roboGalleryLoaderSpinner .roboGalleryLoaderRect2{-webkit-animation-delay:-1.1s; animation-delay:-1.1s;}.roboGalleryLoaderSpinner .roboGalleryLoaderRect3{-webkit-animation-delay:-1.0s; animation-delay:-1.0s;}.roboGalleryLoaderSpinner .roboGalleryLoaderRect4{-webkit-animation-delay:-0.9s; animation-delay:-0.9s;}.roboGalleryLoaderSpinner .roboGalleryLoaderRect5{-webkit-animation-delay:-0.8s; animation-delay:-0.8s;}@-webkit-keyframes roboGalleryLoader-stretchdelay{0%,40%,100%{-webkit-transform:scaleY(0.4) } 20%{-webkit-transform:scaleY(1.0) }}@keyframes roboGalleryLoader-stretchdelay{0%,40%,100%{ transform:scaleY(0.4); -webkit-transform:scaleY(0.4); } 20%{ transform:scaleY(1.0); -webkit-transform:scaleY(1.0); }}<\/style><div id=\"robo_gallery_loading_rbs_gallery_69d0097e89ed1\" class=\"roboGalleryLoaderSpinner\"><div class=\"roboGalleryLoaderRect1\"><\/div> <div class=\"roboGalleryLoaderRect2\"><\/div> <div class=\"roboGalleryLoaderRect3\"><\/div> <div class=\"roboGalleryLoaderRect4\"><\/div> <div class=\"roboGalleryLoaderRect5\"><\/div><\/div><div id=\"robo_gallery_main_block_rbs_gallery_69d0097e89ed1\" class=\"robogallery-gallery-500\" style=\"width:100%;  display: none;\"><div class=\"rbs_gallery_button rbs_gallery_align_left\"  id=\"rbs_gallery_69d0097e89ed1filter\"><\/div><div id=\"rbs_gallery_69d0097e89ed1\" data-options=\"rbs_gallery_69d0097e89ed1\" style=\"width:100%;\" class=\"robo_gallery\"><div class=\"rbs-img category500 \" ><div class=\"rbs-img-image  rbs-lightbox\"   ><div data-thumbnail=\"https:\/\/folklore.ee\/estonka\/wp-content\/uploads\/2021\/05\/Estonia_kylasilt-300x199.jpg\" title=\"\" data-width=\"300\" data-height=\"199\" ><\/div><div data-popup=\"https:\/\/folklore.ee\/estonka\/wp-content\/uploads\/2021\/05\/Estonia_kylasilt-scaled.jpg\" data-alt=\"\" title=\"\" ><\/div><div class=\"thumbnail-overlay\"><\/div><\/div><\/div><div class=\"rbs-img category500 \" ><div class=\"rbs-img-image  rbs-lightbox\"   ><div data-thumbnail=\"https:\/\/folklore.ee\/estonka\/wp-content\/uploads\/2020\/08\/DSC_0116-199x300.jpg\" title=\"\" data-width=\"199\" data-height=\"300\" ><\/div><div data-popup=\"https:\/\/folklore.ee\/estonka\/wp-content\/uploads\/2020\/08\/DSC_0116-scaled.jpg\" data-alt=\"\" title=\"\" ><\/div><div class=\"thumbnail-overlay\"><\/div><\/div><\/div><div class=\"rbs-img category500 \" ><div class=\"rbs-img-image  rbs-lightbox\"   ><div data-thumbnail=\"https:\/\/folklore.ee\/estonka\/wp-content\/uploads\/2020\/07\/vf_3598-300x196.jpg\" title=\"\" data-width=\"300\" data-height=\"196\" ><\/div><div data-popup=\"https:\/\/folklore.ee\/estonka\/wp-content\/uploads\/2020\/07\/vf_3598.jpg\" data-alt=\"Hobuse vanker\" title=\"\" ><\/div><div class=\"thumbnail-overlay\"><\/div><\/div><\/div><div class=\"rbs-img category500 \" ><div class=\"rbs-img-image  rbs-lightbox\"   ><div data-thumbnail=\"https:\/\/folklore.ee\/estonka\/wp-content\/uploads\/2021\/05\/VF_00001-2-300x205.jpg\" title=\"\" data-width=\"300\" data-height=\"205\" ><\/div><div data-popup=\"https:\/\/folklore.ee\/estonka\/wp-content\/uploads\/2021\/05\/VF_00001-2.jpg\" data-alt=\"\" title=\"\" ><\/div><div class=\"thumbnail-overlay\"><\/div><\/div><\/div><div class=\"rbs-img category500 \" ><div class=\"rbs-img-image  rbs-lightbox\"   ><div data-thumbnail=\"https:\/\/folklore.ee\/estonka\/wp-content\/uploads\/2021\/05\/Vf_00034-1-300x197.jpg\" title=\"\" data-width=\"300\" data-height=\"197\" ><\/div><div data-popup=\"https:\/\/folklore.ee\/estonka\/wp-content\/uploads\/2021\/05\/Vf_00034-1.jpg\" data-alt=\"\" title=\"\" ><\/div><div class=\"thumbnail-overlay\"><\/div><\/div><\/div><\/div><\/div><script>var rbs_gallery_69d0097e89ed1 = {\"filterContainer\": \"#rbs_gallery_69d0097e89ed1filter\", \"loadingContainer\": \"#robo_gallery_loading_rbs_gallery_69d0097e89ed1\", \"mainContainer\": \"#robo_gallery_main_block_rbs_gallery_69d0097e89ed1\", \"touch\": 1, \"touchDirection\": \"left\", \"lightboxOptions\": { gallery: { enabled: true, tCounter: \"%curr% \/ %total%\" } }, \"resolutions\": [ {\"columnWidth\": \"auto\" , \"columns\":1 , \"maxWidth\": 450}, {\"columnWidth\": \"auto\" , \"columns\":2 , \"maxWidth\": 650}, {\"columnWidth\": \"auto\" , \"columns\":3 , \"maxWidth\": 960}], \"overlayEffect\": \"direction-aware-fade\", \"boxesToLoadStart\": 12, \"boxesToLoad\": 8, \"lazyLoad\": true, \"waitUntilThumbLoads\": true, \"waitForAllThumbsNoMatterWhat\": false, \"deepLinking\": false, \"LoadingWord\": \"Laadimine...\", \"loadMoreWord\": \"Kuva veel fotosid\", \"loadMoreClass\": \"button-flat-primary button-large \", \"noMoreEntriesWord\": \"-\", \"horizontalSpaceBetweenBoxes\": 15, \"verticalSpaceBetweenBoxes\": 15, \"hideTitle\": \"true\"}, rbs_gallery_69d0097e89ed1_css = \"#rbs_gallery_69d0097e89ed1 .rbs-img-container{ -webkit-border-radius: 0px; -moz-border-radius: 0px; border-radius: 0px;-webkit-box-shadow:0px 5px 7px rgba(34, 25, 25, 0.4) ;-moz-box-shadow: \t0px 5px 7px rgba(34, 25, 25, 0.4) ;-o-box-shadow: \t0px 5px 7px rgba(34, 25, 25, 0.4) ;-ms-box-shadow: \t0px 5px 7px rgba(34, 25, 25, 0.4) ;box-shadow: \t\t0px 5px 7px rgba(34, 25, 25, 0.4) ;}#rbs_gallery_69d0097e89ed1 .thumbnail-overlay{background: rgba(7, 7, 7, 0.5);}#rbs_gallery_69d0097e89ed1 .image-with-dimensions{background-color: rgb(255, 255, 255);}body .mfp-title, body .mfp-counter{color: rgb(243, 243, 243);}\",roboGalleryDelay = 0; head = document.head || document.getElementsByTagName(\"head\")[0], style = document.createElement(\"style\"); style.type = \"text\/css\"; if (style.styleSheet) style.styleSheet.cssText = rbs_gallery_69d0097e89ed1_css; \telse  style.appendChild(document.createTextNode(rbs_gallery_69d0097e89ed1_css)); head.appendChild(style);<\/script>\n<\/div><\/div>\n\n\n\n<p>2002. aasta rahvaloenduse j\u00e4rgi elas Siberis 11 400 eestlast, 2010. aastal 7600. Omaaegsetest eestlaste asupaikadest oli 21. sajandi alguseks alles umbes 40. K\u00fclad erinesid \u00fcksteisest nii eestlaste arvu kui elanike emakeeleoskuse poolest.<\/p>\n\n\n\n<p>Kutsume lugejat minema teed, mille valisid need, kes enam kui sajand tagasi Siberisse suundusid ning kirjutasid uue lehek\u00fclje kogu maailma, aga eelk\u00f5ige iseenda ning oma rahva elulukku.<\/p>\n\n\n\n<p><\/p>\n\n\n\n<h3 class=\"has-text-align-center has-vivid-cyan-blue-color has-text-color wp-block-heading\">Asume teele!<\/h3>\n\n\n\n<div class=\"wp-block-image\"><figure class=\"aligncenter size-large\"><img loading=\"lazy\" decoding=\"async\" width=\"315\" height=\"205\" src=\"http:\/\/folklore.ee\/estonka\/wp-content\/uploads\/2020\/09\/vf_regi_V.jpg\" alt=\"\" class=\"wp-image-2578\" srcset=\"https:\/\/folklore.ee\/estonka\/wp-content\/uploads\/2020\/09\/vf_regi_V.jpg 315w, https:\/\/folklore.ee\/estonka\/wp-content\/uploads\/2020\/09\/vf_regi_V-300x195.jpg 300w\" sizes=\"(max-width: 315px) 100vw, 315px\" \/><\/figure><\/div>\n\n\n\n<p><\/p>\n\n\n\n<p><\/p>\n\n\n\n<p class=\"has-text-align-left\" style=\"font-size:12px\"><strong>Toetajad<\/strong><br>Eesti keel ja kultuurim\u00e4lu 2009-2013<br>projekt &#8220;Eestlased Venemaal: asustuslugu ja p\u00e4rimus&#8221;<br>Eesti Rahvuskultuuri Fond<br>Eesti Kultuurkapital<br>Eesti keel ja rahvuslik m\u00e4lu<\/p>\n","protected":false},"excerpt":{"rendered":"<p>Siberis, Volgamaal ja mujal Venemaal rajasid eestlased k\u00fclad 19. sajandil ja 20. sajandi alguses. Sellel lehek\u00fcljel tutvustame \u00fcle saja aasta p\u00fcsinud Siberi eestlaste k\u00fclasid, eestlaste k\u00e4ek\u00e4iku, elu-olu, rahvakultuuri ja inimesi. Siberi kaarti, kus peal 21. sajandi alguses olemasolevad k\u00fclad, saad vaadata siit. Siberisse mindi otsima oma maad ning sedakaudu paremat elu, vabadust ja \u00f5nne. K\u00f5igepealt [&hellip;]<\/p>\n","protected":false},"author":1,"featured_media":72,"parent":0,"menu_order":0,"comment_status":"closed","ping_status":"closed","template":"","meta":{"footnotes":""},"class_list":["post-7","page","type-page","status-publish","has-post-thumbnail","hentry"],"yoast_head":"<!-- This site is optimized with the Yoast SEO plugin v23.4 - https:\/\/yoast.com\/wordpress\/plugins\/seo\/ -->\n<title>Eestlased Siberis: k\u00fclad ja p\u00e4rimus - Estonka<\/title>\n<meta name=\"description\" content=\"Eestlased Siberis: Sellel lehek\u00fcljel tutvustame \u00fcle saja aasta p\u00fcsinud k\u00fclasid, nende k\u00e4ek\u00e4iku, elu-olu, rahvakultuuri ja inimesi.\" \/>\n<meta name=\"robots\" content=\"index, follow, max-snippet:-1, max-image-preview:large, max-video-preview:-1\" \/>\n<link rel=\"canonical\" href=\"https:\/\/folklore.ee\/estonka\/\" \/>\n<meta property=\"og:locale\" content=\"en_US\" \/>\n<meta property=\"og:type\" content=\"article\" \/>\n<meta property=\"og:title\" content=\"Eestlased Siberis: k\u00fclad ja p\u00e4rimus - Estonka\" \/>\n<meta property=\"og:description\" content=\"Eestlased Siberis: Sellel lehek\u00fcljel tutvustame \u00fcle saja aasta p\u00fcsinud k\u00fclasid, nende k\u00e4ek\u00e4iku, elu-olu, rahvakultuuri ja inimesi.\" \/>\n<meta property=\"og:url\" content=\"https:\/\/folklore.ee\/estonka\/\" \/>\n<meta property=\"og:site_name\" content=\"Estonka\" \/>\n<meta property=\"article:modified_time\" content=\"2021-05-03T10:30:53+00:00\" \/>\n<meta property=\"og:image\" content=\"https:\/\/folklore.ee\/estonka\/wp-content\/uploads\/2020\/07\/4.jpg\" \/>\n\t<meta property=\"og:image:width\" content=\"1920\" \/>\n\t<meta property=\"og:image:height\" content=\"400\" \/>\n\t<meta property=\"og:image:type\" content=\"image\/jpeg\" \/>\n<meta name=\"twitter:card\" content=\"summary_large_image\" \/>\n<meta name=\"twitter:label1\" content=\"Est. reading time\" \/>\n\t<meta name=\"twitter:data1\" content=\"1 minute\" \/>\n<script type=\"application\/ld+json\" class=\"yoast-schema-graph\">{\"@context\":\"https:\/\/schema.org\",\"@graph\":[{\"@type\":\"WebPage\",\"@id\":\"https:\/\/folklore.ee\/estonka\/\",\"url\":\"https:\/\/folklore.ee\/estonka\/\",\"name\":\"Eestlased Siberis: k\u00fclad ja p\u00e4rimus - Estonka\",\"isPartOf\":{\"@id\":\"https:\/\/folklore.ee\/estonka\/#website\"},\"primaryImageOfPage\":{\"@id\":\"https:\/\/folklore.ee\/estonka\/#primaryimage\"},\"image\":{\"@id\":\"https:\/\/folklore.ee\/estonka\/#primaryimage\"},\"thumbnailUrl\":\"https:\/\/folklore.ee\/estonka\/wp-content\/uploads\/2020\/07\/4.jpg\",\"datePublished\":\"2020-07-10T10:49:23+00:00\",\"dateModified\":\"2021-05-03T10:30:53+00:00\",\"description\":\"Eestlased Siberis: Sellel lehek\u00fcljel tutvustame \u00fcle saja aasta p\u00fcsinud k\u00fclasid, nende k\u00e4ek\u00e4iku, elu-olu, rahvakultuuri ja inimesi.\",\"breadcrumb\":{\"@id\":\"https:\/\/folklore.ee\/estonka\/#breadcrumb\"},\"inLanguage\":\"en-US\",\"potentialAction\":[{\"@type\":\"ReadAction\",\"target\":[\"https:\/\/folklore.ee\/estonka\/\"]}]},{\"@type\":\"ImageObject\",\"inLanguage\":\"en-US\",\"@id\":\"https:\/\/folklore.ee\/estonka\/#primaryimage\",\"url\":\"https:\/\/folklore.ee\/estonka\/wp-content\/uploads\/2020\/07\/4.jpg\",\"contentUrl\":\"https:\/\/folklore.ee\/estonka\/wp-content\/uploads\/2020\/07\/4.jpg\",\"width\":1920,\"height\":400,\"caption\":\"K\u00fclad kaanefoto\"},{\"@type\":\"BreadcrumbList\",\"@id\":\"https:\/\/folklore.ee\/estonka\/#breadcrumb\",\"itemListElement\":[{\"@type\":\"ListItem\",\"position\":1,\"name\":\"Avaleht\",\"item\":\"https:\/\/folklore.ee\/estonka\/\"},{\"@type\":\"ListItem\",\"position\":2,\"name\":\"Eestlased Siberis: k\u00fclad ja p\u00e4rimus\"}]},{\"@type\":\"WebSite\",\"@id\":\"https:\/\/folklore.ee\/estonka\/#website\",\"url\":\"https:\/\/folklore.ee\/estonka\/\",\"name\":\"Estonka\",\"description\":\"Just another WordPress site\",\"potentialAction\":[{\"@type\":\"SearchAction\",\"target\":{\"@type\":\"EntryPoint\",\"urlTemplate\":\"https:\/\/folklore.ee\/estonka\/?s={search_term_string}\"},\"query-input\":{\"@type\":\"PropertyValueSpecification\",\"valueRequired\":true,\"valueName\":\"search_term_string\"}}],\"inLanguage\":\"en-US\"}]}<\/script>\n<!-- \/ Yoast SEO plugin. -->","yoast_head_json":{"title":"Eestlased Siberis: k\u00fclad ja p\u00e4rimus - Estonka","description":"Eestlased Siberis: Sellel lehek\u00fcljel tutvustame \u00fcle saja aasta p\u00fcsinud k\u00fclasid, nende k\u00e4ek\u00e4iku, elu-olu, rahvakultuuri ja inimesi.","robots":{"index":"index","follow":"follow","max-snippet":"max-snippet:-1","max-image-preview":"max-image-preview:large","max-video-preview":"max-video-preview:-1"},"canonical":"https:\/\/folklore.ee\/estonka\/","og_locale":"en_US","og_type":"article","og_title":"Eestlased Siberis: k\u00fclad ja p\u00e4rimus - Estonka","og_description":"Eestlased Siberis: Sellel lehek\u00fcljel tutvustame \u00fcle saja aasta p\u00fcsinud k\u00fclasid, nende k\u00e4ek\u00e4iku, elu-olu, rahvakultuuri ja inimesi.","og_url":"https:\/\/folklore.ee\/estonka\/","og_site_name":"Estonka","article_modified_time":"2021-05-03T10:30:53+00:00","og_image":[{"width":1920,"height":400,"url":"https:\/\/folklore.ee\/estonka\/wp-content\/uploads\/2020\/07\/4.jpg","type":"image\/jpeg"}],"twitter_card":"summary_large_image","twitter_misc":{"Est. reading time":"1 minute"},"schema":{"@context":"https:\/\/schema.org","@graph":[{"@type":"WebPage","@id":"https:\/\/folklore.ee\/estonka\/","url":"https:\/\/folklore.ee\/estonka\/","name":"Eestlased Siberis: k\u00fclad ja p\u00e4rimus - Estonka","isPartOf":{"@id":"https:\/\/folklore.ee\/estonka\/#website"},"primaryImageOfPage":{"@id":"https:\/\/folklore.ee\/estonka\/#primaryimage"},"image":{"@id":"https:\/\/folklore.ee\/estonka\/#primaryimage"},"thumbnailUrl":"https:\/\/folklore.ee\/estonka\/wp-content\/uploads\/2020\/07\/4.jpg","datePublished":"2020-07-10T10:49:23+00:00","dateModified":"2021-05-03T10:30:53+00:00","description":"Eestlased Siberis: Sellel lehek\u00fcljel tutvustame \u00fcle saja aasta p\u00fcsinud k\u00fclasid, nende k\u00e4ek\u00e4iku, elu-olu, rahvakultuuri ja inimesi.","breadcrumb":{"@id":"https:\/\/folklore.ee\/estonka\/#breadcrumb"},"inLanguage":"en-US","potentialAction":[{"@type":"ReadAction","target":["https:\/\/folklore.ee\/estonka\/"]}]},{"@type":"ImageObject","inLanguage":"en-US","@id":"https:\/\/folklore.ee\/estonka\/#primaryimage","url":"https:\/\/folklore.ee\/estonka\/wp-content\/uploads\/2020\/07\/4.jpg","contentUrl":"https:\/\/folklore.ee\/estonka\/wp-content\/uploads\/2020\/07\/4.jpg","width":1920,"height":400,"caption":"K\u00fclad kaanefoto"},{"@type":"BreadcrumbList","@id":"https:\/\/folklore.ee\/estonka\/#breadcrumb","itemListElement":[{"@type":"ListItem","position":1,"name":"Avaleht","item":"https:\/\/folklore.ee\/estonka\/"},{"@type":"ListItem","position":2,"name":"Eestlased Siberis: k\u00fclad ja p\u00e4rimus"}]},{"@type":"WebSite","@id":"https:\/\/folklore.ee\/estonka\/#website","url":"https:\/\/folklore.ee\/estonka\/","name":"Estonka","description":"Just another WordPress site","potentialAction":[{"@type":"SearchAction","target":{"@type":"EntryPoint","urlTemplate":"https:\/\/folklore.ee\/estonka\/?s={search_term_string}"},"query-input":{"@type":"PropertyValueSpecification","valueRequired":true,"valueName":"search_term_string"}}],"inLanguage":"en-US"}]}},"_links":{"self":[{"href":"https:\/\/folklore.ee\/estonka\/wp-json\/wp\/v2\/pages\/7"}],"collection":[{"href":"https:\/\/folklore.ee\/estonka\/wp-json\/wp\/v2\/pages"}],"about":[{"href":"https:\/\/folklore.ee\/estonka\/wp-json\/wp\/v2\/types\/page"}],"author":[{"embeddable":true,"href":"https:\/\/folklore.ee\/estonka\/wp-json\/wp\/v2\/users\/1"}],"replies":[{"embeddable":true,"href":"https:\/\/folklore.ee\/estonka\/wp-json\/wp\/v2\/comments?post=7"}],"version-history":[{"count":37,"href":"https:\/\/folklore.ee\/estonka\/wp-json\/wp\/v2\/pages\/7\/revisions"}],"predecessor-version":[{"id":2795,"href":"https:\/\/folklore.ee\/estonka\/wp-json\/wp\/v2\/pages\/7\/revisions\/2795"}],"wp:featuredmedia":[{"embeddable":true,"href":"https:\/\/folklore.ee\/estonka\/wp-json\/wp\/v2\/media\/72"}],"wp:attachment":[{"href":"https:\/\/folklore.ee\/estonka\/wp-json\/wp\/v2\/media?parent=7"}],"curies":[{"name":"wp","href":"https:\/\/api.w.org\/{rel}","templated":true}]}}