{"id":291,"date":"2023-06-02T10:48:00","date_gmt":"2023-06-02T10:48:00","guid":{"rendered":"https:\/\/folklore.ee\/kooliparimus\/?page_id=291"},"modified":"2023-06-02T10:48:17","modified_gmt":"2023-06-02T10:48:17","slug":"opetajale","status":"publish","type":"page","link":"https:\/\/folklore.ee\/kooliparimus\/kp\/kooliparimus-2007\/opetajale\/","title":{"rendered":"\u00d5petajale"},"content":{"rendered":"\n<p class=\"has-text-align-center\"><strong>Austatud \u00f5petaja!<\/strong><\/p>\n\n\n\n<p>Eesti Kirjandusmuuseumi folkloristika osakond, Eesti Rahvaluule Arhiiv, Tartu \u00dclikooli eesti ja v\u00f5rdleva rahvaluule \u00f5ppetool ja Eesti Folkloori Instituut korraldavad<\/p>\n\n\n\n<p><strong>01.03.2007 &#8211; 15.04.2007 KOOLIP\u00c4RIMUSE KOGUMISE V\u00d5ISTLUSE.<\/strong><\/p>\n\n\n\n<p>V\u00f5istlus on j\u00e4tkuks 1992. aastal \u00fcheaegselt Eestis ja Soomes l\u00e4bi viidud aktsioonile. Kogumisv\u00f5istlus h\u00f5lmab kogu Eestit. Selles kutsume osalema 4. \u2013 12. klasside \u00f5pilased neljas vanuser\u00fchmas: 4.\u20135., 6.\u20137., 8.\u20139. ja 10.\u201312. klass.<\/p>\n\n\n\n<p><strong>KUIDAS KOGUDA?<\/strong><\/p>\n\n\n\n<p>Kogumine tugineb juurdelisatud k\u00fcsimustikule. K\u00fcsimustele v\u00f5ib vastata vabas vormis, kirja panna k\u00f5ik nii, nagu meelde tuleb.<\/p>\n\n\n\n<p>Andmete v\u00f5rreldavuse huvides toimub vastamine kahes etapis: koolis ja kodus.<\/p>\n\n\n\n<p><strong>Koolitunnis<\/strong><\/p>\n\n\n\n<p>K\u00fcsitluskava kahele esimesele teemale (vaba aeg ja s\u00f5brad; naljad) palume vastata koolitunnis, et v\u00e4ltida mahakirjutusi ja kopeerimist internetist, raamatutest, \u00fcksteiselt jne.<br>NB! Vastamine v\u00f5ib v\u00f5tta aega rohkem kui \u00fcks koolitund.<\/p>\n\n\n\n<p><strong>Kodus<\/strong><\/p>\n\n\n\n<p>\u00dclej\u00e4\u00e4nud teemadele v\u00f5ivad \u00f5pilased vastata kodut\u00f6\u00f6na &#8211; \u00f5pilane paneb kirja ja toob vastused \u00f5petajale. Kolmanda ja neljanda teema (hirmud, uskumused, ennustamine; arvuti ja televisioon) v\u00f5ib anda vastamiseks kogu klassile. Viimased teemad (t\u00e4htp\u00e4evad ja peod; m\u00e4ngud) jagab \u00f5petaja valikuliselt m\u00f5nele \u00f5pilasele nende huvisid ja isikup\u00e4ra arvestades ise laiali v\u00f5i valivad \u00f5pilased ise endale meelep\u00e4rased teemad. Soovitav, et vastamisele eelneb v\u00e4ike uurimist\u00f6\u00f6, n\u00e4iteks k\u00fcsitletakse kaas\u00f5pilasi.<\/p>\n\n\n\n<p>Teemade jagamisel tuleb arvestada laste vanust ja t\u00f6\u00f6j\u00f5udlust, et vastamine ei muutuks koormavaks ja vastused pealiskaudseks. Oluline on, et vastatakse terve (\u00fcks?) teema otsast l\u00f5puni.<br>NB! Suure hulga anekdootide internetist kopeerimine ei tee t\u00f6\u00f6d v\u00e4\u00e4rtuslikuks!<\/p>\n\n\n\n<p><strong>Lisamaterjalid<\/strong><\/p>\n\n\n\n<p>Teretulnud on mitmesugused illustreerivad lisamaterjalid: fotod, videod, helilindistused, kaustikud (nt \u201eMinu s\u00f5ber\u201d), laulikud jm. Soovi korral tagastame p\u00e4rast kopeerimist originaali, kuid aasta 2007 p\u00e4rimusest adekvaatse pildi kujundamiseks vajame kindlasti ka teatavat arvu originaale, nii et oleme t\u00e4nulikud, kui omanik on n\u00f5us neid arhiivile loovutama. Digifotod ja -videod tuleb \u00fcmber salvestada, tarvilik on s\u00e4ilitada fotoaparaadi ja videokaamera algfail. Nende ja internetist kopeeritud fotode jaoks on vaja omaniku luba ja viidet, kelle tehtud fotod on. Internetifotodele tuleb lisada nende veebiaadress. Videote ja helisalvestuste, aga ka kaustikute jm \u00fcmberv\u00f5tmiseks ja tagastamiseks palume p\u00f6\u00f6rduda toimkonna poole. Lisamaterjalid suurendavad t\u00f6\u00f6 v\u00e4\u00e4rtust, tingimata tuleb aga fotodele-videotele-helisalvestustele lisada alati olukorra\/\u00fcrituse kirjeldus.<\/p>\n\n\n\n<p><strong>\u00dcksikosav\u00f5tjad<\/strong><\/p>\n\n\n\n<p>Et v\u00f5istlustingimused lubavad v\u00f5tta osa ka \u00fcksikosav\u00f5tjana, v\u00f5ivad soovijad ja head materjalitundjad vastata kas m\u00f5nele teemale eriti p\u00f5hjalikult v\u00f5i siis v\u00f5imalikult k\u00f5igile teemadele. Arvesse l\u00e4hevad nii koos kooliga kui ka eraldi saadetud t\u00f6\u00f6d.<\/p>\n\n\n\n<p><strong>AUHINNAD<\/strong><\/p>\n\n\n\n<p>Vanuser\u00fchmade peaauhinnad on kaamerad ja arvutid. Parimaid teemavastajaid ootavad eripreemiad, lisaks on hulgaliselt loosiauhindu. Hindamisel arvestatakse t\u00f6\u00f6de kvaliteedi ja kvantiteedi suhet. Preemiad on ette n\u00e4htud ka \u00f5petajatele.<\/p>\n\n\n\n<p><strong>KIRJUTATU L\u00c4BIVAATAMISE KOHUSTUST \u00d5PETAJAL EI OLE<\/strong><\/p>\n\n\n\n<p>\u00d5pilasi tuleb k\u00fcll suunata ja juhendada, et nad k\u00fcsitut \u00f5igesti m\u00f5istaksid, kuid sekkumist \u00f5pilaste vastuste sisusse ning kirjavigade parandamisest (ka ebatsensuursete v\u00e4ljendite mahat\u00f5mbamisest) palume hoiduda. K\u00f5ik kirjutatu s\u00e4ilitatakse originaalk\u00e4sikirjana arhiivis. Ettev\u00f5tmise eesm\u00e4rgiks on kindlaks teha meie koolilaste maailma just sellisena, nagu see t\u00e4nap\u00e4eval on.<\/p>\n\n\n\n<p><strong>VORMISTAMINE<\/strong><\/p>\n\n\n\n<p>K\u00fcsitluskavad palume lastele k\u00e4tte jagada. T\u00f6\u00f6 algusesse tuleb m\u00e4rkida andmed iseenda kohta (nimi, sugu, s\u00fcnniaasta, kool, klass, elukoht ja v\u00f5imalusel e-posti aadress). Kirjutada v\u00f5ib paberile: kas koolivihikusse, A4-formaadis lehele, v\u00f5imaluse korral v\u00f5iksid kodus vastatud osad olla vormistatud arvutiga (kuid see ei ole kohustuslik). Arvutivastused v\u00f5ib esitada v\u00e4lja prindituna, kuid v\u00f5imaluse korral saata ka e-meiliga aadressil <a href=\"mailto:kp@folklore.ee\">kp@folklore.ee<\/a> v\u00f5i arvutikettal. V\u00e4ljatr\u00fckkidel tuleb lehe vasakust servast j\u00e4tta k\u00f6itmise tarvis 3 cm vabaks. Ka vihikusse vastates on oluline j\u00e4tta 3 cm siseservast k\u00f6itmise jaoks vabaks. Elektrooniliselt esitatud t\u00f6\u00f6de eelnev k\u00fcljendamine ei ole oluline.<\/p>\n\n\n\n<p><strong>T\u00c4NAME KOOST\u00d6\u00d6 EEST!<\/strong><\/p>\n","protected":false},"excerpt":{"rendered":"<p>Austatud \u00f5petaja! Eesti Kirjandusmuuseumi folkloristika osakond, Eesti Rahvaluule Arhiiv, Tartu \u00dclikooli eesti ja v\u00f5rdleva rahvaluule \u00f5ppetool ja Eesti Folkloori Instituut korraldavad 01.03.2007 &#8211; 15.04.2007 KOOLIP\u00c4RIMUSE KOGUMISE V\u00d5ISTLUSE. V\u00f5istlus on j\u00e4tkuks 1992. aastal \u00fcheaegselt Eestis ja Soomes l\u00e4bi viidud aktsioonile. Kogumisv\u00f5istlus h\u00f5lmab kogu Eestit. Selles kutsume osalema 4. \u2013 12. klasside \u00f5pilased neljas vanuser\u00fchmas: 4.\u20135., 6.\u20137., [&hellip;]<\/p>\n","protected":false},"author":1,"featured_media":12,"parent":250,"menu_order":0,"comment_status":"closed","ping_status":"closed","template":"","meta":{"footnotes":""},"class_list":["post-291","page","type-page","status-publish","has-post-thumbnail","hentry"],"yoast_head":"<!-- This site is optimized with the Yoast SEO plugin v23.7 - https:\/\/yoast.com\/wordpress\/plugins\/seo\/ -->\n<title>\u00d5petajale - Koolip\u00e4rimus<\/title>\n<meta name=\"robots\" content=\"index, follow, max-snippet:-1, max-image-preview:large, max-video-preview:-1\" \/>\n<link rel=\"canonical\" href=\"https:\/\/folklore.ee\/kooliparimus\/kp\/kooliparimus-2007\/opetajale\/\" \/>\n<meta property=\"og:locale\" content=\"en_US\" \/>\n<meta property=\"og:type\" content=\"article\" \/>\n<meta property=\"og:title\" content=\"\u00d5petajale - Koolip\u00e4rimus\" \/>\n<meta property=\"og:description\" content=\"Austatud \u00f5petaja! Eesti Kirjandusmuuseumi folkloristika osakond, Eesti Rahvaluule Arhiiv, Tartu \u00dclikooli eesti ja v\u00f5rdleva rahvaluule \u00f5ppetool ja Eesti Folkloori Instituut korraldavad 01.03.2007 &#8211; 15.04.2007 KOOLIP\u00c4RIMUSE KOGUMISE V\u00d5ISTLUSE. V\u00f5istlus on j\u00e4tkuks 1992. aastal \u00fcheaegselt Eestis ja Soomes l\u00e4bi viidud aktsioonile. Kogumisv\u00f5istlus h\u00f5lmab kogu Eestit. Selles kutsume osalema 4. \u2013 12. klasside \u00f5pilased neljas vanuser\u00fchmas: 4.\u20135., 6.\u20137., [&hellip;]\" \/>\n<meta property=\"og:url\" content=\"https:\/\/folklore.ee\/kooliparimus\/kp\/kooliparimus-2007\/opetajale\/\" \/>\n<meta property=\"og:site_name\" content=\"Koolip\u00e4rimus\" \/>\n<meta property=\"article:publisher\" content=\"https:\/\/www.facebook.com\/kirjandusmuuseum\" \/>\n<meta property=\"article:modified_time\" content=\"2023-06-02T10:48:17+00:00\" \/>\n<meta property=\"og:image\" content=\"http:\/\/localhost\/kooliparimus\/wp-content\/uploads\/2023\/05\/kaanepilt.jpg\" \/>\n\t<meta property=\"og:image:width\" content=\"2200\" \/>\n\t<meta property=\"og:image:height\" content=\"306\" \/>\n\t<meta property=\"og:image:type\" content=\"image\/jpeg\" \/>\n<meta name=\"twitter:card\" content=\"summary_large_image\" \/>\n<meta name=\"twitter:label1\" content=\"Est. reading time\" \/>\n\t<meta name=\"twitter:data1\" content=\"3 minutes\" \/>\n<script type=\"application\/ld+json\" class=\"yoast-schema-graph\">{\"@context\":\"https:\/\/schema.org\",\"@graph\":[{\"@type\":\"WebPage\",\"@id\":\"https:\/\/folklore.ee\/kooliparimus\/kp\/kooliparimus-2007\/opetajale\/\",\"url\":\"https:\/\/folklore.ee\/kooliparimus\/kp\/kooliparimus-2007\/opetajale\/\",\"name\":\"\u00d5petajale - Koolip\u00e4rimus\",\"isPartOf\":{\"@id\":\"https:\/\/folklore.ee\/kooliparimus\/#website\"},\"primaryImageOfPage\":{\"@id\":\"https:\/\/folklore.ee\/kooliparimus\/kp\/kooliparimus-2007\/opetajale\/#primaryimage\"},\"image\":{\"@id\":\"https:\/\/folklore.ee\/kooliparimus\/kp\/kooliparimus-2007\/opetajale\/#primaryimage\"},\"thumbnailUrl\":\"https:\/\/folklore.ee\/kooliparimus\/wp-content\/uploads\/2023\/05\/kaanepilt.jpg\",\"datePublished\":\"2023-06-02T10:48:00+00:00\",\"dateModified\":\"2023-06-02T10:48:17+00:00\",\"breadcrumb\":{\"@id\":\"https:\/\/folklore.ee\/kooliparimus\/kp\/kooliparimus-2007\/opetajale\/#breadcrumb\"},\"inLanguage\":\"en-US\",\"potentialAction\":[{\"@type\":\"ReadAction\",\"target\":[\"https:\/\/folklore.ee\/kooliparimus\/kp\/kooliparimus-2007\/opetajale\/\"]}]},{\"@type\":\"ImageObject\",\"inLanguage\":\"en-US\",\"@id\":\"https:\/\/folklore.ee\/kooliparimus\/kp\/kooliparimus-2007\/opetajale\/#primaryimage\",\"url\":\"https:\/\/folklore.ee\/kooliparimus\/wp-content\/uploads\/2023\/05\/kaanepilt.jpg\",\"contentUrl\":\"https:\/\/folklore.ee\/kooliparimus\/wp-content\/uploads\/2023\/05\/kaanepilt.jpg\",\"width\":2200,\"height\":306},{\"@type\":\"BreadcrumbList\",\"@id\":\"https:\/\/folklore.ee\/kooliparimus\/kp\/kooliparimus-2007\/opetajale\/#breadcrumb\",\"itemListElement\":[{\"@type\":\"ListItem\",\"position\":1,\"name\":\"Home\",\"item\":\"https:\/\/folklore.ee\/kooliparimus\/\"},{\"@type\":\"ListItem\",\"position\":2,\"name\":\"Koolip\u00e4rimus\",\"item\":\"https:\/\/folklore.ee\/kooliparimus\/kp\/\"},{\"@type\":\"ListItem\",\"position\":3,\"name\":\"Koolip\u00e4rimus 2007\",\"item\":\"https:\/\/folklore.ee\/kooliparimus\/kp\/kooliparimus-2007\/\"},{\"@type\":\"ListItem\",\"position\":4,\"name\":\"\u00d5petajale\"}]},{\"@type\":\"WebSite\",\"@id\":\"https:\/\/folklore.ee\/kooliparimus\/#website\",\"url\":\"https:\/\/folklore.ee\/kooliparimus\/\",\"name\":\"Koolip\u00e4rimus\",\"description\":\"Eesti Kirjandusmuuseumi kogumisp\u00e4rimuse veebikeskkond.\",\"potentialAction\":[{\"@type\":\"SearchAction\",\"target\":{\"@type\":\"EntryPoint\",\"urlTemplate\":\"https:\/\/folklore.ee\/kooliparimus\/?s={search_term_string}\"},\"query-input\":{\"@type\":\"PropertyValueSpecification\",\"valueRequired\":true,\"valueName\":\"search_term_string\"}}],\"inLanguage\":\"en-US\"}]}<\/script>\n<!-- \/ Yoast SEO plugin. -->","yoast_head_json":{"title":"\u00d5petajale - Koolip\u00e4rimus","robots":{"index":"index","follow":"follow","max-snippet":"max-snippet:-1","max-image-preview":"max-image-preview:large","max-video-preview":"max-video-preview:-1"},"canonical":"https:\/\/folklore.ee\/kooliparimus\/kp\/kooliparimus-2007\/opetajale\/","og_locale":"en_US","og_type":"article","og_title":"\u00d5petajale - Koolip\u00e4rimus","og_description":"Austatud \u00f5petaja! Eesti Kirjandusmuuseumi folkloristika osakond, Eesti Rahvaluule Arhiiv, Tartu \u00dclikooli eesti ja v\u00f5rdleva rahvaluule \u00f5ppetool ja Eesti Folkloori Instituut korraldavad 01.03.2007 &#8211; 15.04.2007 KOOLIP\u00c4RIMUSE KOGUMISE V\u00d5ISTLUSE. V\u00f5istlus on j\u00e4tkuks 1992. aastal \u00fcheaegselt Eestis ja Soomes l\u00e4bi viidud aktsioonile. Kogumisv\u00f5istlus h\u00f5lmab kogu Eestit. Selles kutsume osalema 4. \u2013 12. klasside \u00f5pilased neljas vanuser\u00fchmas: 4.\u20135., 6.\u20137., [&hellip;]","og_url":"https:\/\/folklore.ee\/kooliparimus\/kp\/kooliparimus-2007\/opetajale\/","og_site_name":"Koolip\u00e4rimus","article_publisher":"https:\/\/www.facebook.com\/kirjandusmuuseum","article_modified_time":"2023-06-02T10:48:17+00:00","og_image":[{"width":2200,"height":306,"url":"http:\/\/localhost\/kooliparimus\/wp-content\/uploads\/2023\/05\/kaanepilt.jpg","type":"image\/jpeg"}],"twitter_card":"summary_large_image","twitter_misc":{"Est. reading time":"3 minutes"},"schema":{"@context":"https:\/\/schema.org","@graph":[{"@type":"WebPage","@id":"https:\/\/folklore.ee\/kooliparimus\/kp\/kooliparimus-2007\/opetajale\/","url":"https:\/\/folklore.ee\/kooliparimus\/kp\/kooliparimus-2007\/opetajale\/","name":"\u00d5petajale - Koolip\u00e4rimus","isPartOf":{"@id":"https:\/\/folklore.ee\/kooliparimus\/#website"},"primaryImageOfPage":{"@id":"https:\/\/folklore.ee\/kooliparimus\/kp\/kooliparimus-2007\/opetajale\/#primaryimage"},"image":{"@id":"https:\/\/folklore.ee\/kooliparimus\/kp\/kooliparimus-2007\/opetajale\/#primaryimage"},"thumbnailUrl":"https:\/\/folklore.ee\/kooliparimus\/wp-content\/uploads\/2023\/05\/kaanepilt.jpg","datePublished":"2023-06-02T10:48:00+00:00","dateModified":"2023-06-02T10:48:17+00:00","breadcrumb":{"@id":"https:\/\/folklore.ee\/kooliparimus\/kp\/kooliparimus-2007\/opetajale\/#breadcrumb"},"inLanguage":"en-US","potentialAction":[{"@type":"ReadAction","target":["https:\/\/folklore.ee\/kooliparimus\/kp\/kooliparimus-2007\/opetajale\/"]}]},{"@type":"ImageObject","inLanguage":"en-US","@id":"https:\/\/folklore.ee\/kooliparimus\/kp\/kooliparimus-2007\/opetajale\/#primaryimage","url":"https:\/\/folklore.ee\/kooliparimus\/wp-content\/uploads\/2023\/05\/kaanepilt.jpg","contentUrl":"https:\/\/folklore.ee\/kooliparimus\/wp-content\/uploads\/2023\/05\/kaanepilt.jpg","width":2200,"height":306},{"@type":"BreadcrumbList","@id":"https:\/\/folklore.ee\/kooliparimus\/kp\/kooliparimus-2007\/opetajale\/#breadcrumb","itemListElement":[{"@type":"ListItem","position":1,"name":"Home","item":"https:\/\/folklore.ee\/kooliparimus\/"},{"@type":"ListItem","position":2,"name":"Koolip\u00e4rimus","item":"https:\/\/folklore.ee\/kooliparimus\/kp\/"},{"@type":"ListItem","position":3,"name":"Koolip\u00e4rimus 2007","item":"https:\/\/folklore.ee\/kooliparimus\/kp\/kooliparimus-2007\/"},{"@type":"ListItem","position":4,"name":"\u00d5petajale"}]},{"@type":"WebSite","@id":"https:\/\/folklore.ee\/kooliparimus\/#website","url":"https:\/\/folklore.ee\/kooliparimus\/","name":"Koolip\u00e4rimus","description":"Eesti Kirjandusmuuseumi kogumisp\u00e4rimuse veebikeskkond.","potentialAction":[{"@type":"SearchAction","target":{"@type":"EntryPoint","urlTemplate":"https:\/\/folklore.ee\/kooliparimus\/?s={search_term_string}"},"query-input":{"@type":"PropertyValueSpecification","valueRequired":true,"valueName":"search_term_string"}}],"inLanguage":"en-US"}]}},"_links":{"self":[{"href":"https:\/\/folklore.ee\/kooliparimus\/wp-json\/wp\/v2\/pages\/291","targetHints":{"allow":["GET"]}}],"collection":[{"href":"https:\/\/folklore.ee\/kooliparimus\/wp-json\/wp\/v2\/pages"}],"about":[{"href":"https:\/\/folklore.ee\/kooliparimus\/wp-json\/wp\/v2\/types\/page"}],"author":[{"embeddable":true,"href":"https:\/\/folklore.ee\/kooliparimus\/wp-json\/wp\/v2\/users\/1"}],"replies":[{"embeddable":true,"href":"https:\/\/folklore.ee\/kooliparimus\/wp-json\/wp\/v2\/comments?post=291"}],"version-history":[{"count":2,"href":"https:\/\/folklore.ee\/kooliparimus\/wp-json\/wp\/v2\/pages\/291\/revisions"}],"predecessor-version":[{"id":293,"href":"https:\/\/folklore.ee\/kooliparimus\/wp-json\/wp\/v2\/pages\/291\/revisions\/293"}],"up":[{"embeddable":true,"href":"https:\/\/folklore.ee\/kooliparimus\/wp-json\/wp\/v2\/pages\/250"}],"wp:featuredmedia":[{"embeddable":true,"href":"https:\/\/folklore.ee\/kooliparimus\/wp-json\/wp\/v2\/media\/12"}],"wp:attachment":[{"href":"https:\/\/folklore.ee\/kooliparimus\/wp-json\/wp\/v2\/media?parent=291"}],"curies":[{"name":"wp","href":"https:\/\/api.w.org\/{rel}","templated":true}]}}