{"id":313,"date":"2023-06-02T12:33:49","date_gmt":"2023-06-02T12:33:49","guid":{"rendered":"https:\/\/folklore.ee\/kooliparimus\/?page_id=313"},"modified":"2024-11-20T07:04:12","modified_gmt":"2024-11-20T07:04:12","slug":"lp-2011","status":"publish","type":"page","link":"https:\/\/folklore.ee\/kooliparimus\/lasteaiaparimus\/lp-2011\/","title":{"rendered":"A-B, hakka p\u00e4he! Kui ei hakka, l\u00fckkan takka!"},"content":{"rendered":"\n<p><strong>17.-18. novembril toimus Eesti Kirjandusmuuseumis ja Eesti Rahva Muuseumis koolitusseminar &#8220;A-B, hakka p\u00e4he! Kui ei hakka, l\u00fckkan takka!&#8221;<\/strong>, mille eesm\u00e4rk on anal\u00fc\u00fcsida eesti keele rolli emakeelep\u00f5histe kultuuriv\u00e4\u00e4rtuste kujundamisel, keskendudes alushariduse keele\u00f5ppele.<\/p>\n\n\n\n<p>Seminari korraldajad on Haridus- ja Teadusministeerium, Eesti Rahva Muuseum, Eesti Kirjandusmuuseum, Eesti Rahva Muuseumi S\u00f5prade Selts, Emakeele Selts.<\/p>\n\n\n\n<p><strong>KAVA<\/strong><\/p>\n\n\n\n<p><strong>17. november 2011, Eesti Kirjandusmuuseum, Vanemuise 42, Tartu<\/strong><\/p>\n\n\n\n<p><strong>11.00 Avamine<br><\/strong>11:30-11:50 J\u00fcri Valge, Meil aia\u00e4\u00e4rne t\u00e4navas \u2026 Emakeeleoskus &#8211; tulemusliku identiteedikujunduse eeldus<br>11:50-12:10 Asta \u00d5im, <a href=\"\/kooliparimus\/wp-content\/uploads\/2023\/06\/2011_Asta_Oim.pdf\" target=\"_blank\" rel=\"noreferrer noopener\">Kujundi roll emakeele omandamisel<\/a><br>12:10-12:30 Piret Voolaid, <a href=\"\/kooliparimus\/wp-content\/uploads\/2023\/06\/2011_Piret_Voolaid.pdf\" target=\"_blank\" rel=\"noreferrer noopener\">Ussa-pussa, ussa-maru, sina oled m\u00e4ngus karu! Lasteaiap\u00e4rimuse kogumisv\u00f5istlus 2011<\/a><br>12:30-12:50 Astrid Tuisk, <a href=\"\/kooliparimus\/wp-content\/uploads\/2023\/06\/2011_Astrid_Tuisk.pdf\">Innovatsioonist ja traditsioonist lastep\u00e4rimuses<\/a><\/p>\n\n\n\n<p>12:50-13:50 L\u00f5una<\/p>\n\n\n\n<p><strong>13.50<br><\/strong>13:50-14:10 Eda Kalmre, Hirmust, hirmutamisest ja hirmujuttudest<br>14:10-14:30 Janika Oras, Rahvalaulud v\u00e4ikelastele<br>14:30-14:50 Sofia Joons, Muusika ja keel<br>14:50-15:00 Ilona Martson, Lasteajakiri T\u00e4heke \u00f5petaja s\u00f5bra ja abilisena: n\u00e4ituse tutvustus<\/p>\n\n\n\n<p>15:00-15:15 Kohvipaus<\/p>\n\n\n\n<p><strong>15.15<br><\/strong>15:15-16:35 Ekskursioonid Eesti Kirjandusmuuseumi kogudesse ja elektrooniliste andmebaaside tutvustus: Arhiivraamatukogu, Eesti Rahvaluule Arhiiv, Eesti Kultuurilooline Arhiiv<\/p>\n\n\n\n<div style=\"height:15px\" aria-hidden=\"true\" class=\"wp-block-spacer\"><\/div>\n\n\n\n<p><strong>18. november 2011 Eesti Rahva Muuseumi n\u00e4itusemaja, J. Kuperjanovi 9<\/strong><\/p>\n\n\n\n<p><strong>9.30<br><\/strong>9:30-9:50 Piret Voolaid, Astrid Tuisk, Liisklugemised ja l\u00f5busad riimid lastep\u00e4rimuses<br>9:50-10:10 K\u00e4rri Toomeos-Orglaan, Muinasjutud meie \u00fcmber<br>14:30-14:50 Sofia Joons, Muusika ja keel<br>10:10-10:30 Kristel Rattus, Virve Tuubel, Mis seal aja sees on? Jutustav pedagoogika<br>P\u00e4eva teisel poolel toimusid Eesti Rahva Muuseumi n\u00e4itusemajas (J. Kuperjanovi 9) praktilised t\u00f6\u00f6toad<\/p>\n\n\n\n<p>Vaata seminari ettekandeid video vahendusel:<br>I osa <a href=\"http:\/\/www.uttv.ee\/naita?id=7335\" target=\"_blank\" rel=\"noreferrer noopener\">http:\/\/www.uttv.ee\/naita?id=7335<\/a><br>II osa <a href=\"http:\/\/www.uttv.ee\/naita?id=7335\" target=\"_blank\" rel=\"noreferrer noopener\">http:\/\/www.uttv.ee\/naita?id=7335<\/a><br><a href=\"http:\/\/www.youtube.com\/watch?v=YWpgduuU640\" target=\"_blank\" rel=\"noreferrer noopener\">http:\/\/www.youtube.com\/watch?v=YWpgduuU640<\/a><\/p>\n\n\n\n<p><strong>Korraldajad<\/strong>:<br>Eesti Rahva Muuseum<br>Eesti Haridus- ja Teadusministeerium<br>Eesti Kirjandusmuuseum<br>Eesti Rahva Muuseumi S\u00f5prade Selts<br>Emakeele Selts<\/p>\n","protected":false},"excerpt":{"rendered":"<p>17.-18. novembril toimus Eesti Kirjandusmuuseumis ja Eesti Rahva Muuseumis koolitusseminar &#8220;A-B, hakka p\u00e4he! Kui ei hakka, l\u00fckkan takka!&#8221;, mille eesm\u00e4rk on anal\u00fc\u00fcsida eesti keele rolli emakeelep\u00f5histe kultuuriv\u00e4\u00e4rtuste kujundamisel, keskendudes alushariduse keele\u00f5ppele. Seminari korraldajad on Haridus- ja Teadusministeerium, Eesti Rahva Muuseum, Eesti Kirjandusmuuseum, Eesti Rahva Muuseumi S\u00f5prade Selts, Emakeele Selts. KAVA 17. november 2011, Eesti Kirjandusmuuseum, [&hellip;]<\/p>\n","protected":false},"author":1,"featured_media":12,"parent":38,"menu_order":0,"comment_status":"closed","ping_status":"closed","template":"","meta":{"footnotes":""},"class_list":["post-313","page","type-page","status-publish","has-post-thumbnail","hentry"],"yoast_head":"<!-- This site is optimized with the Yoast SEO plugin v23.7 - https:\/\/yoast.com\/wordpress\/plugins\/seo\/ -->\n<title>A-B, hakka p\u00e4he! Kui ei hakka, l\u00fckkan takka! - Koolip\u00e4rimus<\/title>\n<meta name=\"robots\" content=\"index, follow, max-snippet:-1, max-image-preview:large, max-video-preview:-1\" \/>\n<link rel=\"canonical\" href=\"https:\/\/folklore.ee\/kooliparimus\/lasteaiaparimus\/lp-2011\/\" \/>\n<meta property=\"og:locale\" content=\"en_US\" \/>\n<meta property=\"og:type\" content=\"article\" \/>\n<meta property=\"og:title\" content=\"A-B, hakka p\u00e4he! Kui ei hakka, l\u00fckkan takka! - Koolip\u00e4rimus\" \/>\n<meta property=\"og:description\" content=\"17.-18. novembril toimus Eesti Kirjandusmuuseumis ja Eesti Rahva Muuseumis koolitusseminar &#8220;A-B, hakka p\u00e4he! Kui ei hakka, l\u00fckkan takka!&#8221;, mille eesm\u00e4rk on anal\u00fc\u00fcsida eesti keele rolli emakeelep\u00f5histe kultuuriv\u00e4\u00e4rtuste kujundamisel, keskendudes alushariduse keele\u00f5ppele. Seminari korraldajad on Haridus- ja Teadusministeerium, Eesti Rahva Muuseum, Eesti Kirjandusmuuseum, Eesti Rahva Muuseumi S\u00f5prade Selts, Emakeele Selts. KAVA 17. november 2011, Eesti Kirjandusmuuseum, [&hellip;]\" \/>\n<meta property=\"og:url\" content=\"https:\/\/folklore.ee\/kooliparimus\/lasteaiaparimus\/lp-2011\/\" \/>\n<meta property=\"og:site_name\" content=\"Koolip\u00e4rimus\" \/>\n<meta property=\"article:publisher\" content=\"https:\/\/www.facebook.com\/kirjandusmuuseum\" \/>\n<meta property=\"article:modified_time\" content=\"2024-11-20T07:04:12+00:00\" \/>\n<meta property=\"og:image\" content=\"https:\/\/folklore.ee\/kooliparimus\/wp-content\/uploads\/2023\/05\/kaanepilt.jpg\" \/>\n\t<meta property=\"og:image:width\" content=\"2200\" \/>\n\t<meta property=\"og:image:height\" content=\"306\" \/>\n\t<meta property=\"og:image:type\" content=\"image\/jpeg\" \/>\n<meta name=\"twitter:card\" content=\"summary_large_image\" \/>\n<meta name=\"twitter:label1\" content=\"Est. reading time\" \/>\n\t<meta name=\"twitter:data1\" content=\"2 minutes\" \/>\n<script type=\"application\/ld+json\" class=\"yoast-schema-graph\">{\"@context\":\"https:\/\/schema.org\",\"@graph\":[{\"@type\":\"WebPage\",\"@id\":\"https:\/\/folklore.ee\/kooliparimus\/lasteaiaparimus\/lp-2011\/\",\"url\":\"https:\/\/folklore.ee\/kooliparimus\/lasteaiaparimus\/lp-2011\/\",\"name\":\"A-B, hakka p\u00e4he! Kui ei hakka, l\u00fckkan takka! - Koolip\u00e4rimus\",\"isPartOf\":{\"@id\":\"https:\/\/folklore.ee\/kooliparimus\/#website\"},\"primaryImageOfPage\":{\"@id\":\"https:\/\/folklore.ee\/kooliparimus\/lasteaiaparimus\/lp-2011\/#primaryimage\"},\"image\":{\"@id\":\"https:\/\/folklore.ee\/kooliparimus\/lasteaiaparimus\/lp-2011\/#primaryimage\"},\"thumbnailUrl\":\"https:\/\/folklore.ee\/kooliparimus\/wp-content\/uploads\/2023\/05\/kaanepilt.jpg\",\"datePublished\":\"2023-06-02T12:33:49+00:00\",\"dateModified\":\"2024-11-20T07:04:12+00:00\",\"breadcrumb\":{\"@id\":\"https:\/\/folklore.ee\/kooliparimus\/lasteaiaparimus\/lp-2011\/#breadcrumb\"},\"inLanguage\":\"en-US\",\"potentialAction\":[{\"@type\":\"ReadAction\",\"target\":[\"https:\/\/folklore.ee\/kooliparimus\/lasteaiaparimus\/lp-2011\/\"]}]},{\"@type\":\"ImageObject\",\"inLanguage\":\"en-US\",\"@id\":\"https:\/\/folklore.ee\/kooliparimus\/lasteaiaparimus\/lp-2011\/#primaryimage\",\"url\":\"https:\/\/folklore.ee\/kooliparimus\/wp-content\/uploads\/2023\/05\/kaanepilt.jpg\",\"contentUrl\":\"https:\/\/folklore.ee\/kooliparimus\/wp-content\/uploads\/2023\/05\/kaanepilt.jpg\",\"width\":2200,\"height\":306},{\"@type\":\"BreadcrumbList\",\"@id\":\"https:\/\/folklore.ee\/kooliparimus\/lasteaiaparimus\/lp-2011\/#breadcrumb\",\"itemListElement\":[{\"@type\":\"ListItem\",\"position\":1,\"name\":\"Home\",\"item\":\"https:\/\/folklore.ee\/kooliparimus\/\"},{\"@type\":\"ListItem\",\"position\":2,\"name\":\"Lasteaiap\u00e4rimus\",\"item\":\"https:\/\/folklore.ee\/kooliparimus\/lasteaiaparimus\/\"},{\"@type\":\"ListItem\",\"position\":3,\"name\":\"A-B, hakka p\u00e4he! Kui ei hakka, l\u00fckkan takka!\"}]},{\"@type\":\"WebSite\",\"@id\":\"https:\/\/folklore.ee\/kooliparimus\/#website\",\"url\":\"https:\/\/folklore.ee\/kooliparimus\/\",\"name\":\"Koolip\u00e4rimus\",\"description\":\"Eesti Kirjandusmuuseumi kogumisp\u00e4rimuse veebikeskkond.\",\"potentialAction\":[{\"@type\":\"SearchAction\",\"target\":{\"@type\":\"EntryPoint\",\"urlTemplate\":\"https:\/\/folklore.ee\/kooliparimus\/?s={search_term_string}\"},\"query-input\":{\"@type\":\"PropertyValueSpecification\",\"valueRequired\":true,\"valueName\":\"search_term_string\"}}],\"inLanguage\":\"en-US\"}]}<\/script>\n<!-- \/ Yoast SEO plugin. -->","yoast_head_json":{"title":"A-B, hakka p\u00e4he! Kui ei hakka, l\u00fckkan takka! - Koolip\u00e4rimus","robots":{"index":"index","follow":"follow","max-snippet":"max-snippet:-1","max-image-preview":"max-image-preview:large","max-video-preview":"max-video-preview:-1"},"canonical":"https:\/\/folklore.ee\/kooliparimus\/lasteaiaparimus\/lp-2011\/","og_locale":"en_US","og_type":"article","og_title":"A-B, hakka p\u00e4he! Kui ei hakka, l\u00fckkan takka! - Koolip\u00e4rimus","og_description":"17.-18. novembril toimus Eesti Kirjandusmuuseumis ja Eesti Rahva Muuseumis koolitusseminar &#8220;A-B, hakka p\u00e4he! Kui ei hakka, l\u00fckkan takka!&#8221;, mille eesm\u00e4rk on anal\u00fc\u00fcsida eesti keele rolli emakeelep\u00f5histe kultuuriv\u00e4\u00e4rtuste kujundamisel, keskendudes alushariduse keele\u00f5ppele. Seminari korraldajad on Haridus- ja Teadusministeerium, Eesti Rahva Muuseum, Eesti Kirjandusmuuseum, Eesti Rahva Muuseumi S\u00f5prade Selts, Emakeele Selts. KAVA 17. november 2011, Eesti Kirjandusmuuseum, [&hellip;]","og_url":"https:\/\/folklore.ee\/kooliparimus\/lasteaiaparimus\/lp-2011\/","og_site_name":"Koolip\u00e4rimus","article_publisher":"https:\/\/www.facebook.com\/kirjandusmuuseum","article_modified_time":"2024-11-20T07:04:12+00:00","og_image":[{"width":2200,"height":306,"url":"https:\/\/folklore.ee\/kooliparimus\/wp-content\/uploads\/2023\/05\/kaanepilt.jpg","type":"image\/jpeg"}],"twitter_card":"summary_large_image","twitter_misc":{"Est. reading time":"2 minutes"},"schema":{"@context":"https:\/\/schema.org","@graph":[{"@type":"WebPage","@id":"https:\/\/folklore.ee\/kooliparimus\/lasteaiaparimus\/lp-2011\/","url":"https:\/\/folklore.ee\/kooliparimus\/lasteaiaparimus\/lp-2011\/","name":"A-B, hakka p\u00e4he! Kui ei hakka, l\u00fckkan takka! - Koolip\u00e4rimus","isPartOf":{"@id":"https:\/\/folklore.ee\/kooliparimus\/#website"},"primaryImageOfPage":{"@id":"https:\/\/folklore.ee\/kooliparimus\/lasteaiaparimus\/lp-2011\/#primaryimage"},"image":{"@id":"https:\/\/folklore.ee\/kooliparimus\/lasteaiaparimus\/lp-2011\/#primaryimage"},"thumbnailUrl":"https:\/\/folklore.ee\/kooliparimus\/wp-content\/uploads\/2023\/05\/kaanepilt.jpg","datePublished":"2023-06-02T12:33:49+00:00","dateModified":"2024-11-20T07:04:12+00:00","breadcrumb":{"@id":"https:\/\/folklore.ee\/kooliparimus\/lasteaiaparimus\/lp-2011\/#breadcrumb"},"inLanguage":"en-US","potentialAction":[{"@type":"ReadAction","target":["https:\/\/folklore.ee\/kooliparimus\/lasteaiaparimus\/lp-2011\/"]}]},{"@type":"ImageObject","inLanguage":"en-US","@id":"https:\/\/folklore.ee\/kooliparimus\/lasteaiaparimus\/lp-2011\/#primaryimage","url":"https:\/\/folklore.ee\/kooliparimus\/wp-content\/uploads\/2023\/05\/kaanepilt.jpg","contentUrl":"https:\/\/folklore.ee\/kooliparimus\/wp-content\/uploads\/2023\/05\/kaanepilt.jpg","width":2200,"height":306},{"@type":"BreadcrumbList","@id":"https:\/\/folklore.ee\/kooliparimus\/lasteaiaparimus\/lp-2011\/#breadcrumb","itemListElement":[{"@type":"ListItem","position":1,"name":"Home","item":"https:\/\/folklore.ee\/kooliparimus\/"},{"@type":"ListItem","position":2,"name":"Lasteaiap\u00e4rimus","item":"https:\/\/folklore.ee\/kooliparimus\/lasteaiaparimus\/"},{"@type":"ListItem","position":3,"name":"A-B, hakka p\u00e4he! Kui ei hakka, l\u00fckkan takka!"}]},{"@type":"WebSite","@id":"https:\/\/folklore.ee\/kooliparimus\/#website","url":"https:\/\/folklore.ee\/kooliparimus\/","name":"Koolip\u00e4rimus","description":"Eesti Kirjandusmuuseumi kogumisp\u00e4rimuse veebikeskkond.","potentialAction":[{"@type":"SearchAction","target":{"@type":"EntryPoint","urlTemplate":"https:\/\/folklore.ee\/kooliparimus\/?s={search_term_string}"},"query-input":{"@type":"PropertyValueSpecification","valueRequired":true,"valueName":"search_term_string"}}],"inLanguage":"en-US"}]}},"_links":{"self":[{"href":"https:\/\/folklore.ee\/kooliparimus\/wp-json\/wp\/v2\/pages\/313","targetHints":{"allow":["GET"]}}],"collection":[{"href":"https:\/\/folklore.ee\/kooliparimus\/wp-json\/wp\/v2\/pages"}],"about":[{"href":"https:\/\/folklore.ee\/kooliparimus\/wp-json\/wp\/v2\/types\/page"}],"author":[{"embeddable":true,"href":"https:\/\/folklore.ee\/kooliparimus\/wp-json\/wp\/v2\/users\/1"}],"replies":[{"embeddable":true,"href":"https:\/\/folklore.ee\/kooliparimus\/wp-json\/wp\/v2\/comments?post=313"}],"version-history":[{"count":2,"href":"https:\/\/folklore.ee\/kooliparimus\/wp-json\/wp\/v2\/pages\/313\/revisions"}],"predecessor-version":[{"id":564,"href":"https:\/\/folklore.ee\/kooliparimus\/wp-json\/wp\/v2\/pages\/313\/revisions\/564"}],"up":[{"embeddable":true,"href":"https:\/\/folklore.ee\/kooliparimus\/wp-json\/wp\/v2\/pages\/38"}],"wp:featuredmedia":[{"embeddable":true,"href":"https:\/\/folklore.ee\/kooliparimus\/wp-json\/wp\/v2\/media\/12"}],"wp:attachment":[{"href":"https:\/\/folklore.ee\/kooliparimus\/wp-json\/wp\/v2\/media?parent=313"}],"curies":[{"name":"wp","href":"https:\/\/api.w.org\/{rel}","templated":true}]}}