{"id":336,"date":"2023-06-02T13:00:59","date_gmt":"2023-06-02T13:00:59","guid":{"rendered":"https:\/\/folklore.ee\/kooliparimus\/?page_id=336"},"modified":"2024-11-20T08:49:55","modified_gmt":"2024-11-20T08:49:55","slug":"lp-2015","status":"publish","type":"page","link":"https:\/\/folklore.ee\/kooliparimus\/lasteaiaparimus\/lp-2015\/","title":{"rendered":"\u00dcki, kaki, kommi, nommi\u2026"},"content":{"rendered":"\n<div class=\"wp-block-columns is-layout-flex wp-container-core-columns-is-layout-9d6595d7 wp-block-columns-is-layout-flex\">\n<div class=\"wp-block-column is-layout-flow wp-block-column-is-layout-flow\">\n<div class=\"wp-block-columns is-layout-flex wp-container-core-columns-is-layout-9d6595d7 wp-block-columns-is-layout-flex\">\n<div class=\"wp-block-column is-layout-flow wp-block-column-is-layout-flow\">\n<div class=\"wp-block-buttons is-layout-flex wp-block-buttons-is-layout-flex\">\n<div class=\"wp-block-button\"><a class=\"wp-block-button__link wp-element-button\" href=\"\/kooliparimus\/lasteaiaparimus\/uki-kaki-kommi-nommi\/esimese-paeva-videod\/\">P\u00e4ev 1 videod<\/a><\/div>\n<\/div>\n<\/div>\n\n\n\n<div class=\"wp-block-column is-layout-flow wp-block-column-is-layout-flow\">\n<div class=\"wp-block-buttons is-layout-flex wp-block-buttons-is-layout-flex\">\n<div class=\"wp-block-button\"><a class=\"wp-block-button__link wp-element-button\" href=\"\/kooliparimus\/lasteaiaparimus\/lp-2015\/teise-paeva-videod\/\">P\u00e4ev 2 videod<\/a><\/div>\n<\/div>\n<\/div>\n<\/div>\n<\/div>\n\n\n\n<div class=\"wp-block-column is-layout-flow wp-block-column-is-layout-flow\">\n<div class=\"wp-block-columns is-layout-flex wp-container-core-columns-is-layout-9d6595d7 wp-block-columns-is-layout-flex\">\n<div class=\"wp-block-column is-layout-flow wp-block-column-is-layout-flow\">\n<div class=\"wp-block-buttons is-layout-flex wp-block-buttons-is-layout-flex\">\n<div class=\"wp-block-button\"><a class=\"wp-block-button__link wp-element-button\" href=\"\/kooliparimus\/lasteaiaparimus\/lp-2015\/galerii\/\">Galerii<\/a><\/div>\n<\/div>\n<\/div>\n\n\n\n<div class=\"wp-block-column is-layout-flow wp-block-column-is-layout-flow\"><\/div>\n<\/div>\n<\/div>\n<\/div>\n\n\n\n<p><strong>3.\u20134. detsembril 2015. aastal Eesti Kirjandusmuuseumis ja Eesti Rahva Muuseumis<\/strong><\/p>\n\n\n\n<p>Kuuendat korda toimuva koolitusseminari eesm\u00e4rk on tutvustada lasteaia\u00f5petajatele v\u00f5imalusi emakeelep\u00f5histe kultuuriv\u00e4\u00e4rtuste kujundamisel. Alates 2010. aastast Tartus toimuval kahep\u00e4evasel seminaril saavad traditsiooniliselt s\u00f5na kirjanikud, teadlased, muuseumit\u00f6\u00f6tajad ja alushariduse praktikud. Seekordse seminari keskmes on eesti keel ja arvud, emakeele mitmek\u00fclgsed seosed numbri- ja arvumaailmaga, tutvustatakse arvude temaatikat keeles, kultuurip\u00e4randis ja folklooris laiemalt. Kuulatakse ettekandeid arvumaailmast eesti ja teistes soome-ugri keeltes, eesti regilaulus, muinasjuttudes, m\u00f5istatustes ja usundis ning k\u00f5neldakse numbrite t\u00e4hendusest kultuurin\u00e4htustes laiemalt. Toimuvad t\u00f6\u00f6toad, milles tutvustatakse arvu- ja numbrimaailmaga seonduvaid praktilisi v\u00e4ljundeid ja \u00f5pitakse\/m\u00e4ngitakse m\u00e4nge, mille eesm\u00e4rk on \u00fchtlasi toetada eesti keele \u00f5petamist.<br><strong>Seminaril osalejal palume kirjalikult ette valmistada ja kaasa v\u00f5tta \u00fcks arvude-numbritega seotud m\u00e4ng, mida on lastega kasutatud ja mida saab koolituse t\u00f6\u00f6toas kaaskolleegidele tutvustada.<\/strong><\/p>\n\n\n\n<p class=\"has-text-align-left\"><strong>KAVA<\/strong><\/p>\n\n\n\n<p>Neljap\u00e4ev, 3. detsember Eesti Kirjandusmuuseumis (Vanemuise 42, Tartu)<\/p>\n\n\n\n<p><strong>10.30 Registreerimine, tervituskohv<br><\/strong>11.00 Avamine<br>11.15 Merit Hallap: <a href=\"\/kooliparimus\/wp-content\/uploads\/2023\/06\/Merit_Hallap.pdf\" target=\"_blank\" rel=\"noreferrer noopener\">K\u00f5ne areng ja arendamine \u2013 v\u00f5tmeisik lasteaia\u00f5petaja?<\/a><br>12.15 Urmas Nemvalts: Pildikeel ja keelepildid lasteraamatutes<\/p>\n\n\n\n<p>12.45\u201313.45 L\u00f5una<\/p>\n\n\n\n<p><strong>13.45<\/strong><br>13.45 Mare K\u00f5iva: <a href=\"\/kooliparimus\/wp-content\/uploads\/2023\/06\/Mare_Koiva.pdf\" target=\"_blank\" rel=\"noreferrer noopener\">Numbrimaagia eesti rahvausundis<\/a><br>14.15 K\u00e4rri Toomeos-Orglaan: <a href=\"\/kooliparimus\/wp-content\/uploads\/2023\/06\/Karri_ToomeosOrglaan.pdf\" target=\"_blank\" rel=\"noreferrer noopener\">Kolmest p\u00f5rsakesest seitsme p\u00f6ialpoisini: Muinasjutud ja arvud<\/a><br>14.45 Tiiu Jaago: <a href=\"\/kooliparimus\/wp-content\/uploads\/2023\/06\/Tiiu_Jaago-1.pdf\" target=\"_blank\" rel=\"noreferrer noopener\">Kolm on asja \u2026: arvud regilaulus<\/a><br>15.15 Piret Voolaid: <a href=\"\/kooliparimus\/wp-content\/uploads\/2023\/06\/Piret_Voolaid-1.pdf\" target=\"_blank\" rel=\"noreferrer noopener\">Vanas\u00f5nade ja m\u00f5istatuste arvukirev maailm<\/a><\/p>\n\n\n\n<p>16.00 Kirjastus Avita raamatuesitlus: Pille Arnek: Uued t\u00f6\u00f6raamatud lasteaialapsele<br>16.30\u201317.30 Kolme P\u00f5rsakese teadusetendus<\/p>\n\n\n\n<p>Reede, 4. detsember Eesti Rahva Muuseumi N\u00e4itusemajas (Kuperjanovi 9, Tartu).<br><strong>9.00<\/strong><br>9.00 Astrid Tuisk: <a href=\"\/kooliparimus\/wp-content\/uploads\/2023\/06\/Astrid_Tuisk.pdf\" target=\"_blank\" rel=\"noreferrer noopener\">Eesti Rahvaluule Arhiivi m\u00e4ngude andmebaasi tutvustus<\/a><br>9.30\u201311.30 <strong>Praktilised t\u00f6\u00f6toad<\/strong><br>Janika Oras: <a href=\"\/kooliparimus\/wp-content\/uploads\/2023\/06\/Janika_Oras.pdf\" target=\"_blank\" rel=\"noreferrer noopener\">Ringm\u00e4ngu m\u00f5nu<\/a><br>Virve Tuubel: Kui t\u00fctarlaps p\u00f5lvepikkune, siis veimevakk vaksak\u00f5rgune<br>11.30\u201312.00 Numbrim\u00e4ngud kolleegilt kolleegile<\/p>\n\n\n\n<p>12.00 L\u00f5una<\/p>\n\n\n\n<p><strong>12.30<br><\/strong>12.30 Seminari l\u00f5petamine, tunnistuste k\u00e4tteandmine<\/p>\n\n\n\n<p><strong>Seminarile registreerimine on l\u00f5ppenud, kohad on t\u00e4is.<\/strong><\/p>\n\n\n\n<p>Seminari korraldavad Eesti Kirjandusmuuseum, Haridus- ja Teadusministeerium, Eesti Rahva Muuseum. Seminar toimub Haridus- ja Teadusministeeriumi toel.<\/p>\n\n\n\n<p>Info: Piret Voolaid, <a href=\"mailto:piret.voolaid@folklore.ee\">piret.voolaid@folklore.ee<\/a>; Kadri S\u00f5rmus, <a href=\"mailto:kadri.sormus@ut.ee\">kadri.sormus@ut.ee<\/a>; Virve Tuubel, <a href=\"mailto:Virve.Tuubel@erm.ee\">Virve.Tuubel@erm.ee<\/a><\/p>\n","protected":false},"excerpt":{"rendered":"<p>3.\u20134. detsembril 2015. aastal Eesti Kirjandusmuuseumis ja Eesti Rahva Muuseumis Kuuendat korda toimuva koolitusseminari eesm\u00e4rk on tutvustada lasteaia\u00f5petajatele v\u00f5imalusi emakeelep\u00f5histe kultuuriv\u00e4\u00e4rtuste kujundamisel. Alates 2010. aastast Tartus toimuval kahep\u00e4evasel seminaril saavad traditsiooniliselt s\u00f5na kirjanikud, teadlased, muuseumit\u00f6\u00f6tajad ja alushariduse praktikud. Seekordse seminari keskmes on eesti keel ja arvud, emakeele mitmek\u00fclgsed seosed numbri- ja arvumaailmaga, tutvustatakse arvude temaatikat [&hellip;]<\/p>\n","protected":false},"author":1,"featured_media":12,"parent":38,"menu_order":0,"comment_status":"closed","ping_status":"closed","template":"","meta":{"footnotes":""},"class_list":["post-336","page","type-page","status-publish","has-post-thumbnail","hentry"],"yoast_head":"<!-- This site is optimized with the Yoast SEO plugin v23.7 - https:\/\/yoast.com\/wordpress\/plugins\/seo\/ -->\n<title>\u00dcki, kaki, kommi, nommi\u2026 - Koolip\u00e4rimus<\/title>\n<meta name=\"robots\" content=\"index, follow, max-snippet:-1, max-image-preview:large, max-video-preview:-1\" \/>\n<link rel=\"canonical\" href=\"https:\/\/folklore.ee\/kooliparimus\/lasteaiaparimus\/lp-2015\/\" \/>\n<meta property=\"og:locale\" content=\"en_US\" \/>\n<meta property=\"og:type\" content=\"article\" \/>\n<meta property=\"og:title\" content=\"\u00dcki, kaki, kommi, nommi\u2026 - Koolip\u00e4rimus\" \/>\n<meta property=\"og:description\" content=\"3.\u20134. detsembril 2015. aastal Eesti Kirjandusmuuseumis ja Eesti Rahva Muuseumis Kuuendat korda toimuva koolitusseminari eesm\u00e4rk on tutvustada lasteaia\u00f5petajatele v\u00f5imalusi emakeelep\u00f5histe kultuuriv\u00e4\u00e4rtuste kujundamisel. Alates 2010. aastast Tartus toimuval kahep\u00e4evasel seminaril saavad traditsiooniliselt s\u00f5na kirjanikud, teadlased, muuseumit\u00f6\u00f6tajad ja alushariduse praktikud. Seekordse seminari keskmes on eesti keel ja arvud, emakeele mitmek\u00fclgsed seosed numbri- ja arvumaailmaga, tutvustatakse arvude temaatikat [&hellip;]\" \/>\n<meta property=\"og:url\" content=\"https:\/\/folklore.ee\/kooliparimus\/lasteaiaparimus\/lp-2015\/\" \/>\n<meta property=\"og:site_name\" content=\"Koolip\u00e4rimus\" \/>\n<meta property=\"article:publisher\" content=\"https:\/\/www.facebook.com\/kirjandusmuuseum\" \/>\n<meta property=\"article:modified_time\" content=\"2024-11-20T08:49:55+00:00\" \/>\n<meta property=\"og:image\" content=\"https:\/\/folklore.ee\/kooliparimus\/wp-content\/uploads\/2023\/05\/kaanepilt.jpg\" \/>\n\t<meta property=\"og:image:width\" content=\"2200\" \/>\n\t<meta property=\"og:image:height\" content=\"306\" \/>\n\t<meta property=\"og:image:type\" content=\"image\/jpeg\" \/>\n<meta name=\"twitter:card\" content=\"summary_large_image\" \/>\n<meta name=\"twitter:label1\" content=\"Est. reading time\" \/>\n\t<meta name=\"twitter:data1\" content=\"2 minutes\" \/>\n<script type=\"application\/ld+json\" class=\"yoast-schema-graph\">{\"@context\":\"https:\/\/schema.org\",\"@graph\":[{\"@type\":\"WebPage\",\"@id\":\"https:\/\/folklore.ee\/kooliparimus\/lasteaiaparimus\/lp-2015\/\",\"url\":\"https:\/\/folklore.ee\/kooliparimus\/lasteaiaparimus\/lp-2015\/\",\"name\":\"\u00dcki, kaki, kommi, nommi\u2026 - Koolip\u00e4rimus\",\"isPartOf\":{\"@id\":\"https:\/\/folklore.ee\/kooliparimus\/#website\"},\"primaryImageOfPage\":{\"@id\":\"https:\/\/folklore.ee\/kooliparimus\/lasteaiaparimus\/lp-2015\/#primaryimage\"},\"image\":{\"@id\":\"https:\/\/folklore.ee\/kooliparimus\/lasteaiaparimus\/lp-2015\/#primaryimage\"},\"thumbnailUrl\":\"https:\/\/folklore.ee\/kooliparimus\/wp-content\/uploads\/2023\/05\/kaanepilt.jpg\",\"datePublished\":\"2023-06-02T13:00:59+00:00\",\"dateModified\":\"2024-11-20T08:49:55+00:00\",\"breadcrumb\":{\"@id\":\"https:\/\/folklore.ee\/kooliparimus\/lasteaiaparimus\/lp-2015\/#breadcrumb\"},\"inLanguage\":\"en-US\",\"potentialAction\":[{\"@type\":\"ReadAction\",\"target\":[\"https:\/\/folklore.ee\/kooliparimus\/lasteaiaparimus\/lp-2015\/\"]}]},{\"@type\":\"ImageObject\",\"inLanguage\":\"en-US\",\"@id\":\"https:\/\/folklore.ee\/kooliparimus\/lasteaiaparimus\/lp-2015\/#primaryimage\",\"url\":\"https:\/\/folklore.ee\/kooliparimus\/wp-content\/uploads\/2023\/05\/kaanepilt.jpg\",\"contentUrl\":\"https:\/\/folklore.ee\/kooliparimus\/wp-content\/uploads\/2023\/05\/kaanepilt.jpg\",\"width\":2200,\"height\":306},{\"@type\":\"BreadcrumbList\",\"@id\":\"https:\/\/folklore.ee\/kooliparimus\/lasteaiaparimus\/lp-2015\/#breadcrumb\",\"itemListElement\":[{\"@type\":\"ListItem\",\"position\":1,\"name\":\"Home\",\"item\":\"https:\/\/folklore.ee\/kooliparimus\/\"},{\"@type\":\"ListItem\",\"position\":2,\"name\":\"Lasteaiap\u00e4rimus\",\"item\":\"https:\/\/folklore.ee\/kooliparimus\/lasteaiaparimus\/\"},{\"@type\":\"ListItem\",\"position\":3,\"name\":\"\u00dcki, kaki, kommi, nommi\u2026\"}]},{\"@type\":\"WebSite\",\"@id\":\"https:\/\/folklore.ee\/kooliparimus\/#website\",\"url\":\"https:\/\/folklore.ee\/kooliparimus\/\",\"name\":\"Koolip\u00e4rimus\",\"description\":\"Eesti Kirjandusmuuseumi kogumisp\u00e4rimuse veebikeskkond.\",\"potentialAction\":[{\"@type\":\"SearchAction\",\"target\":{\"@type\":\"EntryPoint\",\"urlTemplate\":\"https:\/\/folklore.ee\/kooliparimus\/?s={search_term_string}\"},\"query-input\":{\"@type\":\"PropertyValueSpecification\",\"valueRequired\":true,\"valueName\":\"search_term_string\"}}],\"inLanguage\":\"en-US\"}]}<\/script>\n<!-- \/ Yoast SEO plugin. -->","yoast_head_json":{"title":"\u00dcki, kaki, kommi, nommi\u2026 - Koolip\u00e4rimus","robots":{"index":"index","follow":"follow","max-snippet":"max-snippet:-1","max-image-preview":"max-image-preview:large","max-video-preview":"max-video-preview:-1"},"canonical":"https:\/\/folklore.ee\/kooliparimus\/lasteaiaparimus\/lp-2015\/","og_locale":"en_US","og_type":"article","og_title":"\u00dcki, kaki, kommi, nommi\u2026 - Koolip\u00e4rimus","og_description":"3.\u20134. detsembril 2015. aastal Eesti Kirjandusmuuseumis ja Eesti Rahva Muuseumis Kuuendat korda toimuva koolitusseminari eesm\u00e4rk on tutvustada lasteaia\u00f5petajatele v\u00f5imalusi emakeelep\u00f5histe kultuuriv\u00e4\u00e4rtuste kujundamisel. Alates 2010. aastast Tartus toimuval kahep\u00e4evasel seminaril saavad traditsiooniliselt s\u00f5na kirjanikud, teadlased, muuseumit\u00f6\u00f6tajad ja alushariduse praktikud. Seekordse seminari keskmes on eesti keel ja arvud, emakeele mitmek\u00fclgsed seosed numbri- ja arvumaailmaga, tutvustatakse arvude temaatikat [&hellip;]","og_url":"https:\/\/folklore.ee\/kooliparimus\/lasteaiaparimus\/lp-2015\/","og_site_name":"Koolip\u00e4rimus","article_publisher":"https:\/\/www.facebook.com\/kirjandusmuuseum","article_modified_time":"2024-11-20T08:49:55+00:00","og_image":[{"width":2200,"height":306,"url":"https:\/\/folklore.ee\/kooliparimus\/wp-content\/uploads\/2023\/05\/kaanepilt.jpg","type":"image\/jpeg"}],"twitter_card":"summary_large_image","twitter_misc":{"Est. reading time":"2 minutes"},"schema":{"@context":"https:\/\/schema.org","@graph":[{"@type":"WebPage","@id":"https:\/\/folklore.ee\/kooliparimus\/lasteaiaparimus\/lp-2015\/","url":"https:\/\/folklore.ee\/kooliparimus\/lasteaiaparimus\/lp-2015\/","name":"\u00dcki, kaki, kommi, nommi\u2026 - Koolip\u00e4rimus","isPartOf":{"@id":"https:\/\/folklore.ee\/kooliparimus\/#website"},"primaryImageOfPage":{"@id":"https:\/\/folklore.ee\/kooliparimus\/lasteaiaparimus\/lp-2015\/#primaryimage"},"image":{"@id":"https:\/\/folklore.ee\/kooliparimus\/lasteaiaparimus\/lp-2015\/#primaryimage"},"thumbnailUrl":"https:\/\/folklore.ee\/kooliparimus\/wp-content\/uploads\/2023\/05\/kaanepilt.jpg","datePublished":"2023-06-02T13:00:59+00:00","dateModified":"2024-11-20T08:49:55+00:00","breadcrumb":{"@id":"https:\/\/folklore.ee\/kooliparimus\/lasteaiaparimus\/lp-2015\/#breadcrumb"},"inLanguage":"en-US","potentialAction":[{"@type":"ReadAction","target":["https:\/\/folklore.ee\/kooliparimus\/lasteaiaparimus\/lp-2015\/"]}]},{"@type":"ImageObject","inLanguage":"en-US","@id":"https:\/\/folklore.ee\/kooliparimus\/lasteaiaparimus\/lp-2015\/#primaryimage","url":"https:\/\/folklore.ee\/kooliparimus\/wp-content\/uploads\/2023\/05\/kaanepilt.jpg","contentUrl":"https:\/\/folklore.ee\/kooliparimus\/wp-content\/uploads\/2023\/05\/kaanepilt.jpg","width":2200,"height":306},{"@type":"BreadcrumbList","@id":"https:\/\/folklore.ee\/kooliparimus\/lasteaiaparimus\/lp-2015\/#breadcrumb","itemListElement":[{"@type":"ListItem","position":1,"name":"Home","item":"https:\/\/folklore.ee\/kooliparimus\/"},{"@type":"ListItem","position":2,"name":"Lasteaiap\u00e4rimus","item":"https:\/\/folklore.ee\/kooliparimus\/lasteaiaparimus\/"},{"@type":"ListItem","position":3,"name":"\u00dcki, kaki, kommi, nommi\u2026"}]},{"@type":"WebSite","@id":"https:\/\/folklore.ee\/kooliparimus\/#website","url":"https:\/\/folklore.ee\/kooliparimus\/","name":"Koolip\u00e4rimus","description":"Eesti Kirjandusmuuseumi kogumisp\u00e4rimuse veebikeskkond.","potentialAction":[{"@type":"SearchAction","target":{"@type":"EntryPoint","urlTemplate":"https:\/\/folklore.ee\/kooliparimus\/?s={search_term_string}"},"query-input":{"@type":"PropertyValueSpecification","valueRequired":true,"valueName":"search_term_string"}}],"inLanguage":"en-US"}]}},"_links":{"self":[{"href":"https:\/\/folklore.ee\/kooliparimus\/wp-json\/wp\/v2\/pages\/336","targetHints":{"allow":["GET"]}}],"collection":[{"href":"https:\/\/folklore.ee\/kooliparimus\/wp-json\/wp\/v2\/pages"}],"about":[{"href":"https:\/\/folklore.ee\/kooliparimus\/wp-json\/wp\/v2\/types\/page"}],"author":[{"embeddable":true,"href":"https:\/\/folklore.ee\/kooliparimus\/wp-json\/wp\/v2\/users\/1"}],"replies":[{"embeddable":true,"href":"https:\/\/folklore.ee\/kooliparimus\/wp-json\/wp\/v2\/comments?post=336"}],"version-history":[{"count":13,"href":"https:\/\/folklore.ee\/kooliparimus\/wp-json\/wp\/v2\/pages\/336\/revisions"}],"predecessor-version":[{"id":832,"href":"https:\/\/folklore.ee\/kooliparimus\/wp-json\/wp\/v2\/pages\/336\/revisions\/832"}],"up":[{"embeddable":true,"href":"https:\/\/folklore.ee\/kooliparimus\/wp-json\/wp\/v2\/pages\/38"}],"wp:featuredmedia":[{"embeddable":true,"href":"https:\/\/folklore.ee\/kooliparimus\/wp-json\/wp\/v2\/media\/12"}],"wp:attachment":[{"href":"https:\/\/folklore.ee\/kooliparimus\/wp-json\/wp\/v2\/media?parent=336"}],"curies":[{"name":"wp","href":"https:\/\/api.w.org\/{rel}","templated":true}]}}