{"id":570,"date":"2023-06-05T13:24:47","date_gmt":"2023-06-05T13:24:47","guid":{"rendered":"https:\/\/folklore.ee\/kooliparimus\/?page_id=570"},"modified":"2024-11-20T06:56:09","modified_gmt":"2024-11-20T06:56:09","slug":"lp-2019","status":"publish","type":"page","link":"https:\/\/folklore.ee\/kooliparimus\/lasteaiaparimus\/lp-2019\/","title":{"rendered":"\u00dcle metsa, vurr! Keel ja keskkond"},"content":{"rendered":"\n<p>19, veebruaril 2019. aastal toimub Narva-J\u00f5esuus (Meresuu Spa &amp; Hotel) lasteaia\u00f5petajate eesti keele \u00f5ppeseminar \u201c\u00dcle metsa, vurr! Keel ja keskkond\u201d.<\/p>\n\n\n\n<p>Seminari eesm\u00e4rk on tutvustada lasteaia\u00f5petajatele v\u00f5imalusi emakeelep\u00f5histe kultuuriv\u00e4\u00e4rtuste kujundamisel. Seminari keskmes on eesti keel, loodus ja keskkond, mida m\u00f5istame v\u00e4ga laialt. K\u00f5neks tulevad keele ja loodusega seotud v\u00e4ljendusviisid meie kultuurip\u00e4randis ja lastefolklooris.<\/p>\n\n\n\n<p>Ettekannetes on t\u00e4helepanu all keelem\u00e4ngud, mis aitavad kaasa (ema)keele t\u00f5husamale omandamisele, suhtlemisele ja enesev\u00e4ljendamisele.<\/p>\n\n\n\n<p>Toimuvad t\u00f6\u00f6toad, milles tutvustatakse praktilisi v\u00e4ljundeid ja \u00f5pitakse\/m\u00e4ngitakse m\u00e4nge, mille eesm\u00e4rk on omandada teadmisi selle kohta, kuidas rikastada lapse s\u00f5navara ja m\u00f5ttemaailma, \u00fchtlasi edendada eesti keele \u00f5petamist.<\/p>\n\n\n\n<p><strong>KAVA<\/strong><\/p>\n\n\n\n<p><strong>Teisip\u00e4ev, 19. veebruar 2019. Narva-J\u00f5esuus (Meresuu Spa &amp; Hotel)<\/strong><\/p>\n\n\n\n<p><strong>10.30 Registreerimine, tervituskohv<br><\/strong>11.00 Avamine, tervituss\u00f5nad<\/p>\n\n\n\n<p>Haridus- ja teadusministeeriumi \u00fcldharidusosakonna peaekspert Tiina Peterson<br>Eesti Kirjandusmuuseumi direktor Urmas Sutrop<br>Ida-Virumaa Omavalitsuste Liidu tervitus: Narva-J\u00f5esuu linnavolikogu esimees Veikko Luhalaid<\/p>\n\n\n\n<p>11.15 Ilmar Tomusk (Keeleinspektsioon): <a href=\"\/kooliparimus\/wp-content\/uploads\/2023\/06\/IlmarTomusk.pdf\" target=\"_blank\" rel=\"noreferrer noopener\">Kuidas lastekirjandusega lapse keelt ja m\u00f5tlemist arendada?<\/a><br>11.45 Tiiu Jaago (Tartu \u00dclikool): <a href=\"\/kooliparimus\/wp-content\/uploads\/2023\/06\/TiiuJaago.pdf\" target=\"_blank\" rel=\"noreferrer noopener\">Loodus regilaulus: Ma laulan mere maaksi<\/a><br>12.15 Piret Voolaid (Eesti Kirjandusmuuseum): <a href=\"\/kooliparimus\/wp-content\/uploads\/2023\/06\/PiretVoolaid.pdf\" target=\"_blank\" rel=\"noreferrer noopener\">K\u00f5ik maailm ehib &#8211; loodus eesti m\u00f5istatustes<\/a><br>12.45 Astrid Tuisk (Eesti Kirjandusmuuseum): <a href=\"\/kooliparimus\/wp-content\/uploads\/2023\/06\/AstridTuisk.pdf\" target=\"_blank\" rel=\"noreferrer noopener\">Looduslike vahenditega m\u00e4ngimine<\/a><\/p>\n\n\n\n<p>13.15\u201314.15 L\u00f5una<\/p>\n\n\n\n<p><strong>14.15<br><\/strong>14.15\u201315.30 Praktilised t\u00f6\u00f6toad (kahes paralleelses r\u00fchmas)<br>Virve Tuubel (Eesti Rahva Muuseum): <a href=\"\/kooliparimus\/wp-content\/uploads\/2023\/06\/VirveTuubel.pdf\" target=\"_blank\" rel=\"noreferrer noopener\">Mis keeles, see meeles<\/a><br>Janika Oras (Eesti Kirjandusmuuseum): <a href=\"\/kooliparimus\/wp-content\/uploads\/2023\/06\/JanikaOras.pdf\" target=\"_blank\" rel=\"noreferrer noopener\">Loodus, laul ja m\u00e4ng (ringm\u00e4ngude \u00f5pituba)<\/a><\/p>\n\n\n\n<p>15.30\u201316.00 Kolleegilt kolleegile<\/p>\n\n\n\n<p>16.00 \u2013 16.15 Kohvipaus<\/p>\n\n\n\n<p><strong>16.15<br><\/strong>16.15 \u2013 16.30 Seminari l\u00f5petamine, tunnistuste k\u00e4tteandmine<br>Haridus- ja Teadusministeerium, Eesti Kirjandusmuuseum, Eesti Rahva Muuseum, Eesti-uuringute Tippkeskus, Toila Lasteaed Naerumeri.<br>Seminari toetavad Haridus- ja Teadusministeerium ja Euroopa Regionaalarengu Fond (Eesti-uuringute Tippkeskus).<\/p>\n\n\n\n<p>Seminaril osalejal palume kirjalikult ette valmistada ja kaasa v\u00f5tta \u00fcks-kaks keelem\u00e4ngu (sh s\u00f5nam\u00e4ngud), milles on esiplaanil loodus ja mida olete oma erialat\u00f6\u00f6s kasutanud. Seda l\u00e4heb tarvis t\u00f6\u00f6toas \u201eKolleegilt kolleegile\u201c, kus vahetatakse \u00fcksteisega kogemusi. Teie lahkel loal s\u00e4ilitame kirjapandud lood p\u00e4rast seminari Eesti Kirjandusmuuseumi arhiivikogus. Kirjutage kindlasti m\u00e4ngu juurde oma nimi, meiliaadress ja lasteaed.<\/p>\n\n\n\n<p>Info: Leena Tukkia, <a href=\"mailto:naerumeri@lasteaed.eu\">naerumeri@lasteaed.eu<\/a>; Tiina Peterson, <a href=\"mailto:Tiina.Peterson@hm.ee\">Tiina.Peterson@hm.ee<\/a>; Piret Voolaid, <a href=\"mailto:piret.voolaid@folklore.ee\">piret.voolaid@folklore.ee<\/a><\/p>\n","protected":false},"excerpt":{"rendered":"<p>19, veebruaril 2019. aastal toimub Narva-J\u00f5esuus (Meresuu Spa &amp; Hotel) lasteaia\u00f5petajate eesti keele \u00f5ppeseminar \u201c\u00dcle metsa, vurr! Keel ja keskkond\u201d. Seminari eesm\u00e4rk on tutvustada lasteaia\u00f5petajatele v\u00f5imalusi emakeelep\u00f5histe kultuuriv\u00e4\u00e4rtuste kujundamisel. Seminari keskmes on eesti keel, loodus ja keskkond, mida m\u00f5istame v\u00e4ga laialt. K\u00f5neks tulevad keele ja loodusega seotud v\u00e4ljendusviisid meie kultuurip\u00e4randis ja lastefolklooris. Ettekannetes on t\u00e4helepanu [&hellip;]<\/p>\n","protected":false},"author":1,"featured_media":12,"parent":38,"menu_order":0,"comment_status":"closed","ping_status":"closed","template":"","meta":{"footnotes":""},"class_list":["post-570","page","type-page","status-publish","has-post-thumbnail","hentry"],"yoast_head":"<!-- This site is optimized with the Yoast SEO plugin v23.7 - https:\/\/yoast.com\/wordpress\/plugins\/seo\/ -->\n<title>\u00dcle metsa, vurr! Keel ja keskkond - Koolip\u00e4rimus<\/title>\n<meta name=\"robots\" content=\"index, follow, max-snippet:-1, max-image-preview:large, max-video-preview:-1\" \/>\n<link rel=\"canonical\" href=\"https:\/\/folklore.ee\/kooliparimus\/lasteaiaparimus\/lp-2019\/\" \/>\n<meta property=\"og:locale\" content=\"en_US\" \/>\n<meta property=\"og:type\" content=\"article\" \/>\n<meta property=\"og:title\" content=\"\u00dcle metsa, vurr! Keel ja keskkond - Koolip\u00e4rimus\" \/>\n<meta property=\"og:description\" content=\"19, veebruaril 2019. aastal toimub Narva-J\u00f5esuus (Meresuu Spa &amp; Hotel) lasteaia\u00f5petajate eesti keele \u00f5ppeseminar \u201c\u00dcle metsa, vurr! Keel ja keskkond\u201d. Seminari eesm\u00e4rk on tutvustada lasteaia\u00f5petajatele v\u00f5imalusi emakeelep\u00f5histe kultuuriv\u00e4\u00e4rtuste kujundamisel. Seminari keskmes on eesti keel, loodus ja keskkond, mida m\u00f5istame v\u00e4ga laialt. K\u00f5neks tulevad keele ja loodusega seotud v\u00e4ljendusviisid meie kultuurip\u00e4randis ja lastefolklooris. Ettekannetes on t\u00e4helepanu [&hellip;]\" \/>\n<meta property=\"og:url\" content=\"https:\/\/folklore.ee\/kooliparimus\/lasteaiaparimus\/lp-2019\/\" \/>\n<meta property=\"og:site_name\" content=\"Koolip\u00e4rimus\" \/>\n<meta property=\"article:publisher\" content=\"https:\/\/www.facebook.com\/kirjandusmuuseum\" \/>\n<meta property=\"article:modified_time\" content=\"2024-11-20T06:56:09+00:00\" \/>\n<meta property=\"og:image\" content=\"https:\/\/folklore.ee\/kooliparimus\/wp-content\/uploads\/2023\/05\/kaanepilt.jpg\" \/>\n\t<meta property=\"og:image:width\" content=\"2200\" \/>\n\t<meta property=\"og:image:height\" content=\"306\" \/>\n\t<meta property=\"og:image:type\" content=\"image\/jpeg\" \/>\n<meta name=\"twitter:card\" content=\"summary_large_image\" \/>\n<meta name=\"twitter:label1\" content=\"Est. reading time\" \/>\n\t<meta name=\"twitter:data1\" content=\"2 minutes\" \/>\n<script type=\"application\/ld+json\" class=\"yoast-schema-graph\">{\"@context\":\"https:\/\/schema.org\",\"@graph\":[{\"@type\":\"WebPage\",\"@id\":\"https:\/\/folklore.ee\/kooliparimus\/lasteaiaparimus\/lp-2019\/\",\"url\":\"https:\/\/folklore.ee\/kooliparimus\/lasteaiaparimus\/lp-2019\/\",\"name\":\"\u00dcle metsa, vurr! Keel ja keskkond - Koolip\u00e4rimus\",\"isPartOf\":{\"@id\":\"https:\/\/folklore.ee\/kooliparimus\/#website\"},\"primaryImageOfPage\":{\"@id\":\"https:\/\/folklore.ee\/kooliparimus\/lasteaiaparimus\/lp-2019\/#primaryimage\"},\"image\":{\"@id\":\"https:\/\/folklore.ee\/kooliparimus\/lasteaiaparimus\/lp-2019\/#primaryimage\"},\"thumbnailUrl\":\"https:\/\/folklore.ee\/kooliparimus\/wp-content\/uploads\/2023\/05\/kaanepilt.jpg\",\"datePublished\":\"2023-06-05T13:24:47+00:00\",\"dateModified\":\"2024-11-20T06:56:09+00:00\",\"breadcrumb\":{\"@id\":\"https:\/\/folklore.ee\/kooliparimus\/lasteaiaparimus\/lp-2019\/#breadcrumb\"},\"inLanguage\":\"en-US\",\"potentialAction\":[{\"@type\":\"ReadAction\",\"target\":[\"https:\/\/folklore.ee\/kooliparimus\/lasteaiaparimus\/lp-2019\/\"]}]},{\"@type\":\"ImageObject\",\"inLanguage\":\"en-US\",\"@id\":\"https:\/\/folklore.ee\/kooliparimus\/lasteaiaparimus\/lp-2019\/#primaryimage\",\"url\":\"https:\/\/folklore.ee\/kooliparimus\/wp-content\/uploads\/2023\/05\/kaanepilt.jpg\",\"contentUrl\":\"https:\/\/folklore.ee\/kooliparimus\/wp-content\/uploads\/2023\/05\/kaanepilt.jpg\",\"width\":2200,\"height\":306},{\"@type\":\"BreadcrumbList\",\"@id\":\"https:\/\/folklore.ee\/kooliparimus\/lasteaiaparimus\/lp-2019\/#breadcrumb\",\"itemListElement\":[{\"@type\":\"ListItem\",\"position\":1,\"name\":\"Home\",\"item\":\"https:\/\/folklore.ee\/kooliparimus\/\"},{\"@type\":\"ListItem\",\"position\":2,\"name\":\"Lasteaiap\u00e4rimus\",\"item\":\"https:\/\/folklore.ee\/kooliparimus\/lasteaiaparimus\/\"},{\"@type\":\"ListItem\",\"position\":3,\"name\":\"\u00dcle metsa, vurr! Keel ja keskkond\"}]},{\"@type\":\"WebSite\",\"@id\":\"https:\/\/folklore.ee\/kooliparimus\/#website\",\"url\":\"https:\/\/folklore.ee\/kooliparimus\/\",\"name\":\"Koolip\u00e4rimus\",\"description\":\"Eesti Kirjandusmuuseumi kogumisp\u00e4rimuse veebikeskkond.\",\"potentialAction\":[{\"@type\":\"SearchAction\",\"target\":{\"@type\":\"EntryPoint\",\"urlTemplate\":\"https:\/\/folklore.ee\/kooliparimus\/?s={search_term_string}\"},\"query-input\":{\"@type\":\"PropertyValueSpecification\",\"valueRequired\":true,\"valueName\":\"search_term_string\"}}],\"inLanguage\":\"en-US\"}]}<\/script>\n<!-- \/ Yoast SEO plugin. -->","yoast_head_json":{"title":"\u00dcle metsa, vurr! Keel ja keskkond - Koolip\u00e4rimus","robots":{"index":"index","follow":"follow","max-snippet":"max-snippet:-1","max-image-preview":"max-image-preview:large","max-video-preview":"max-video-preview:-1"},"canonical":"https:\/\/folklore.ee\/kooliparimus\/lasteaiaparimus\/lp-2019\/","og_locale":"en_US","og_type":"article","og_title":"\u00dcle metsa, vurr! Keel ja keskkond - Koolip\u00e4rimus","og_description":"19, veebruaril 2019. aastal toimub Narva-J\u00f5esuus (Meresuu Spa &amp; Hotel) lasteaia\u00f5petajate eesti keele \u00f5ppeseminar \u201c\u00dcle metsa, vurr! Keel ja keskkond\u201d. Seminari eesm\u00e4rk on tutvustada lasteaia\u00f5petajatele v\u00f5imalusi emakeelep\u00f5histe kultuuriv\u00e4\u00e4rtuste kujundamisel. Seminari keskmes on eesti keel, loodus ja keskkond, mida m\u00f5istame v\u00e4ga laialt. K\u00f5neks tulevad keele ja loodusega seotud v\u00e4ljendusviisid meie kultuurip\u00e4randis ja lastefolklooris. Ettekannetes on t\u00e4helepanu [&hellip;]","og_url":"https:\/\/folklore.ee\/kooliparimus\/lasteaiaparimus\/lp-2019\/","og_site_name":"Koolip\u00e4rimus","article_publisher":"https:\/\/www.facebook.com\/kirjandusmuuseum","article_modified_time":"2024-11-20T06:56:09+00:00","og_image":[{"width":2200,"height":306,"url":"https:\/\/folklore.ee\/kooliparimus\/wp-content\/uploads\/2023\/05\/kaanepilt.jpg","type":"image\/jpeg"}],"twitter_card":"summary_large_image","twitter_misc":{"Est. reading time":"2 minutes"},"schema":{"@context":"https:\/\/schema.org","@graph":[{"@type":"WebPage","@id":"https:\/\/folklore.ee\/kooliparimus\/lasteaiaparimus\/lp-2019\/","url":"https:\/\/folklore.ee\/kooliparimus\/lasteaiaparimus\/lp-2019\/","name":"\u00dcle metsa, vurr! Keel ja keskkond - Koolip\u00e4rimus","isPartOf":{"@id":"https:\/\/folklore.ee\/kooliparimus\/#website"},"primaryImageOfPage":{"@id":"https:\/\/folklore.ee\/kooliparimus\/lasteaiaparimus\/lp-2019\/#primaryimage"},"image":{"@id":"https:\/\/folklore.ee\/kooliparimus\/lasteaiaparimus\/lp-2019\/#primaryimage"},"thumbnailUrl":"https:\/\/folklore.ee\/kooliparimus\/wp-content\/uploads\/2023\/05\/kaanepilt.jpg","datePublished":"2023-06-05T13:24:47+00:00","dateModified":"2024-11-20T06:56:09+00:00","breadcrumb":{"@id":"https:\/\/folklore.ee\/kooliparimus\/lasteaiaparimus\/lp-2019\/#breadcrumb"},"inLanguage":"en-US","potentialAction":[{"@type":"ReadAction","target":["https:\/\/folklore.ee\/kooliparimus\/lasteaiaparimus\/lp-2019\/"]}]},{"@type":"ImageObject","inLanguage":"en-US","@id":"https:\/\/folklore.ee\/kooliparimus\/lasteaiaparimus\/lp-2019\/#primaryimage","url":"https:\/\/folklore.ee\/kooliparimus\/wp-content\/uploads\/2023\/05\/kaanepilt.jpg","contentUrl":"https:\/\/folklore.ee\/kooliparimus\/wp-content\/uploads\/2023\/05\/kaanepilt.jpg","width":2200,"height":306},{"@type":"BreadcrumbList","@id":"https:\/\/folklore.ee\/kooliparimus\/lasteaiaparimus\/lp-2019\/#breadcrumb","itemListElement":[{"@type":"ListItem","position":1,"name":"Home","item":"https:\/\/folklore.ee\/kooliparimus\/"},{"@type":"ListItem","position":2,"name":"Lasteaiap\u00e4rimus","item":"https:\/\/folklore.ee\/kooliparimus\/lasteaiaparimus\/"},{"@type":"ListItem","position":3,"name":"\u00dcle metsa, vurr! Keel ja keskkond"}]},{"@type":"WebSite","@id":"https:\/\/folklore.ee\/kooliparimus\/#website","url":"https:\/\/folklore.ee\/kooliparimus\/","name":"Koolip\u00e4rimus","description":"Eesti Kirjandusmuuseumi kogumisp\u00e4rimuse veebikeskkond.","potentialAction":[{"@type":"SearchAction","target":{"@type":"EntryPoint","urlTemplate":"https:\/\/folklore.ee\/kooliparimus\/?s={search_term_string}"},"query-input":{"@type":"PropertyValueSpecification","valueRequired":true,"valueName":"search_term_string"}}],"inLanguage":"en-US"}]}},"_links":{"self":[{"href":"https:\/\/folklore.ee\/kooliparimus\/wp-json\/wp\/v2\/pages\/570","targetHints":{"allow":["GET"]}}],"collection":[{"href":"https:\/\/folklore.ee\/kooliparimus\/wp-json\/wp\/v2\/pages"}],"about":[{"href":"https:\/\/folklore.ee\/kooliparimus\/wp-json\/wp\/v2\/types\/page"}],"author":[{"embeddable":true,"href":"https:\/\/folklore.ee\/kooliparimus\/wp-json\/wp\/v2\/users\/1"}],"replies":[{"embeddable":true,"href":"https:\/\/folklore.ee\/kooliparimus\/wp-json\/wp\/v2\/comments?post=570"}],"version-history":[{"count":4,"href":"https:\/\/folklore.ee\/kooliparimus\/wp-json\/wp\/v2\/pages\/570\/revisions"}],"predecessor-version":[{"id":646,"href":"https:\/\/folklore.ee\/kooliparimus\/wp-json\/wp\/v2\/pages\/570\/revisions\/646"}],"up":[{"embeddable":true,"href":"https:\/\/folklore.ee\/kooliparimus\/wp-json\/wp\/v2\/pages\/38"}],"wp:featuredmedia":[{"embeddable":true,"href":"https:\/\/folklore.ee\/kooliparimus\/wp-json\/wp\/v2\/media\/12"}],"wp:attachment":[{"href":"https:\/\/folklore.ee\/kooliparimus\/wp-json\/wp\/v2\/media?parent=570"}],"curies":[{"name":"wp","href":"https:\/\/api.w.org\/{rel}","templated":true}]}}