{"id":573,"date":"2023-06-05T13:29:00","date_gmt":"2023-06-05T13:29:00","guid":{"rendered":"https:\/\/folklore.ee\/kooliparimus\/?page_id=573"},"modified":"2024-11-20T08:40:34","modified_gmt":"2024-11-20T08:40:34","slug":"lp2-2019","status":"publish","type":"page","link":"https:\/\/folklore.ee\/kooliparimus\/lasteaiaparimus\/lp2-2019\/","title":{"rendered":"Kus on kodukoht? Eesti keel mitmekultuurilises lasteaias"},"content":{"rendered":"\n<div class=\"wp-block-buttons is-layout-flex wp-block-buttons-is-layout-flex\">\n<div class=\"wp-block-button\"><a class=\"wp-block-button__link wp-element-button\" href=\"\/kooliparimus\/lasteaiaparimus\/lp2-2019\/galerii\/\">Galerii<\/a><\/div>\n<\/div>\n\n\n\n<p>17, ja 18. oktoobril 2019. aastal Narva-J\u00f5esuus (Meresuu Spa &amp; Hotel)<\/p>\n\n\n\n<p>Seminari eesm\u00e4rk on tutvustada lasteaia\u00f5petajatele v\u00f5imalusi emakeelep\u00f5histe kultuuriv\u00e4\u00e4rtuste kujundamisel. Seminari keskmes on eesti keel ja selle \u00f5petamine ja omandamine mitmekultuurilises lasteaias. K\u00f5neks tulevad keelega seotud v\u00e4ljendusviisid, suhted eri kultuuridega meie kultuurip\u00e4randis ja lastefolklooris laiemalt.<\/p>\n\n\n\n<p>Kahep\u00e4evasel seminaril saavad traditsiooniliselt s\u00f5na teadlased, muuseumit\u00f6\u00f6tajad, kirjanikud ja alushariduse praktikud. Ettekannetes on t\u00e4helepanu all keelem\u00e4ngud, mis aitavad kaasa eesti keele t\u00f5husamale omandamisele nii emakeelena kui ka teise keelena, aga ka laste suhtlemisoskuste ja enesev\u00e4ljendamise arengule lasteaias.<\/p>\n\n\n\n<p>Toimuvad t\u00f6\u00f6toad, milles tutvustatakse praktilisi v\u00e4ljundeid ja \u00f5pitakse\/m\u00e4ngitakse m\u00e4nge, mille eesm\u00e4rk on omandada teadmisi selle kohta, kuidas rikastada lapse s\u00f5navara ja m\u00f5ttemaailma, \u00fchtlasi edendada eesti keele \u00f5petamist.<\/p>\n\n\n\n<p><strong>KAVA<\/strong><\/p>\n\n\n\n<p>Neljap\u00e4ev, 17. oktoober 2019. Narva-J\u00f5esuus (Meresuu Spa &amp; Hotel)<\/p>\n\n\n\n<p><strong>10.30 Registreerimine, tervituskohv<br><\/strong>11.00 Avamine, tervituss\u00f5nad<\/p>\n\n\n\n<p>Haridus- ja teadusministeeriumi \u00fcldharidusosakonna peaekspert Tiina Peterson<br>Eesti-uuringute Tippkeskuse tegevjuht Piret Voolaid<br>Ida-Virumaa Omavalitsuste Liidu tervitus: Narva-J\u00f5esuu linnapea Maksim Iljin<\/p>\n\n\n\n<p>11.15 Mare Kitsnik (Tartu \u00dclikool): <a href=\"\/kooliparimus\/wp-content\/uploads\/2023\/06\/M_Kitsnik.pdf\" target=\"_blank\" rel=\"noreferrer noopener\">R\u00f5\u00f5mus suhtlemine on parim keeleomandamise viis<\/a><br>12.15 Mika Ker\u00e4nen (Vabakutseline lastekirjanik): Armando &#8211; kiusatud kuningas<\/p>\n\n\n\n<p>13.15\u201314.15 L\u00f5una<\/p>\n\n\n\n<p><strong>14.30<br><\/strong>14.30 Aina Alunurm (Johannes K\u00e4isi Selts, J\u00e4nesselja Lasteaed): <a href=\"\/kooliparimus\/wp-content\/uploads\/2023\/06\/A_Alunurme.pdf\" target=\"_blank\" rel=\"noreferrer noopener\">Johannes K\u00e4isi pedagoogiline p\u00e4rand alushariduse riikliku \u00f5ppekava kontekstis ning l\u00f5imituna looduskasvatuse ja rahvakultuuriga<\/a><\/p>\n\n\n\n<p>16.00 \u2013 16.15 Kohvipaus<\/p>\n\n\n\n<p><strong>16.15<br><\/strong>16.15 \u2013 18.00 T\u00f6\u00f6toad<br>Mare Kitsnik (Tartu \u00dclikool): Keelem\u00e4ngu r\u00f5\u00f5m<br>Virve Tuubel (Eesti Rahva Muuseum): <a href=\"\/kooliparimus\/wp-content\/uploads\/2023\/06\/V_Tuubel.pdf\" target=\"_blank\" rel=\"noreferrer noopener\">Rahvuslikud m\u00e4nguasjad<\/a><\/p>\n\n\n\n<div style=\"height:15px\" aria-hidden=\"true\" class=\"wp-block-spacer\"><\/div>\n\n\n\n<p><strong>Reede, 18. oktoober 2019. Narva-J\u00f5esuus (Meresuu Spa &amp; Hotel)<\/strong><\/p>\n\n\n\n<p><strong>8.00 Hommikus\u00f6\u00f6k<br><\/strong>8.30 Ida-Virumaa lasteaedade k\u00fclastamine:<br>V\u00e4ljas\u00f5it: \u00fche bussiga Toila Lasteaeda Naerumeri ja Kohtla-J\u00e4rve Lasteaeda Punam\u00fctsike; teise bussiga Kohtla-J\u00e4rve Lasteaeda Kirju-Mirju.<br>9.30 &#8211; 11.45 Vaatlus-arutelud lasteaedades<br>12.45 &#8211; 13.15 L\u00f5puarutelu, tunnistuste k\u00e4tteandmine<br>13.15 &#8211; 14.15 L\u00f5una<br>14.15 \u00c4ras\u00f5it<\/p>\n\n\n\n<p>Varasemate \u00f5ppep\u00e4evade kohta vaata <a href=\"\/kooliparimus\/lasteaiaparimus\/\">siit<\/a><\/p>\n\n\n\n<p>Seminaril osalemine on tasuta, seminaril osalejatele tagatakse korraldajate kulul majutus kahekohalistes tubades, toitlustus (l\u00f5unas\u00f6\u00f6k, kohvipausid), seminarimaterjalid.<br>Registreerimisvorm on avatud kuni 30. septembrini 2019 kl 12.00-ni v\u00f5i kohtade t\u00e4itumiseni.<\/p>\n\n\n\n<p>Kohtade piiratud arvu t\u00f5ttu on igast lasteaiast oodatud oodatud kuni kaks \u00f5petajat, soovitavalt praktikut. \u00d5ppep\u00e4evade t\u00e4isprogrammi l\u00e4binud saavad tunnistuse.<br>Seminari korraldavad Eesti Kirjandusmuuseum, Eesti Rahva Muuseum, Eesti-uuringute Tippkeskus, Haridus- ja Teadusministeerium, Toila Lasteaed Naerumeri, Ida-Virumaa Omavalitsuste Liit.<br>Seminari toetavad Haridus- ja Teadusministeerium ja Euroopa Regionaalarengu Fond (Eesti-uuringute Tippkeskus).<\/p>\n\n\n\n<p>Info: Tiina Peterson, <a href=\"mailto:Tiina.Peterson@hm.ee\">Tiina.Peterson@hm.ee<\/a>; Leena Tukkia, <a href=\"mailto:naerumeri@lasteaed.eu\">naerumeri@lasteaed.eu<\/a>; Virve Tuubel, <a href=\"mailto:Virve.Tuubel@erm.ee\">Virve.Tuubel@erm.ee<\/a>; Piret Voolaid, <a href=\"mailto:piret.voolaid@folklore.ee\">piret.voolaid@folklore.ee<\/a><\/p>\n","protected":false},"excerpt":{"rendered":"<p>17, ja 18. oktoobril 2019. aastal Narva-J\u00f5esuus (Meresuu Spa &amp; Hotel) Seminari eesm\u00e4rk on tutvustada lasteaia\u00f5petajatele v\u00f5imalusi emakeelep\u00f5histe kultuuriv\u00e4\u00e4rtuste kujundamisel. Seminari keskmes on eesti keel ja selle \u00f5petamine ja omandamine mitmekultuurilises lasteaias. K\u00f5neks tulevad keelega seotud v\u00e4ljendusviisid, suhted eri kultuuridega meie kultuurip\u00e4randis ja lastefolklooris laiemalt. Kahep\u00e4evasel seminaril saavad traditsiooniliselt s\u00f5na teadlased, muuseumit\u00f6\u00f6tajad, kirjanikud ja alushariduse [&hellip;]<\/p>\n","protected":false},"author":1,"featured_media":12,"parent":38,"menu_order":0,"comment_status":"closed","ping_status":"closed","template":"","meta":{"footnotes":""},"class_list":["post-573","page","type-page","status-publish","has-post-thumbnail","hentry"],"yoast_head":"<!-- This site is optimized with the Yoast SEO plugin v23.7 - https:\/\/yoast.com\/wordpress\/plugins\/seo\/ -->\n<title>Kus on kodukoht? Eesti keel mitmekultuurilises lasteaias - Koolip\u00e4rimus<\/title>\n<meta name=\"robots\" content=\"index, follow, max-snippet:-1, max-image-preview:large, max-video-preview:-1\" \/>\n<link rel=\"canonical\" href=\"https:\/\/folklore.ee\/kooliparimus\/lasteaiaparimus\/lp2-2019\/\" \/>\n<meta property=\"og:locale\" content=\"en_US\" \/>\n<meta property=\"og:type\" content=\"article\" \/>\n<meta property=\"og:title\" content=\"Kus on kodukoht? Eesti keel mitmekultuurilises lasteaias - Koolip\u00e4rimus\" \/>\n<meta property=\"og:description\" content=\"17, ja 18. oktoobril 2019. aastal Narva-J\u00f5esuus (Meresuu Spa &amp; Hotel) Seminari eesm\u00e4rk on tutvustada lasteaia\u00f5petajatele v\u00f5imalusi emakeelep\u00f5histe kultuuriv\u00e4\u00e4rtuste kujundamisel. Seminari keskmes on eesti keel ja selle \u00f5petamine ja omandamine mitmekultuurilises lasteaias. K\u00f5neks tulevad keelega seotud v\u00e4ljendusviisid, suhted eri kultuuridega meie kultuurip\u00e4randis ja lastefolklooris laiemalt. Kahep\u00e4evasel seminaril saavad traditsiooniliselt s\u00f5na teadlased, muuseumit\u00f6\u00f6tajad, kirjanikud ja alushariduse [&hellip;]\" \/>\n<meta property=\"og:url\" content=\"https:\/\/folklore.ee\/kooliparimus\/lasteaiaparimus\/lp2-2019\/\" \/>\n<meta property=\"og:site_name\" content=\"Koolip\u00e4rimus\" \/>\n<meta property=\"article:publisher\" content=\"https:\/\/www.facebook.com\/kirjandusmuuseum\" \/>\n<meta property=\"article:modified_time\" content=\"2024-11-20T08:40:34+00:00\" \/>\n<meta property=\"og:image\" content=\"https:\/\/folklore.ee\/kooliparimus\/wp-content\/uploads\/2023\/05\/kaanepilt.jpg\" \/>\n\t<meta property=\"og:image:width\" content=\"2200\" \/>\n\t<meta property=\"og:image:height\" content=\"306\" \/>\n\t<meta property=\"og:image:type\" content=\"image\/jpeg\" \/>\n<meta name=\"twitter:card\" content=\"summary_large_image\" \/>\n<meta name=\"twitter:label1\" content=\"Est. reading time\" \/>\n\t<meta name=\"twitter:data1\" content=\"2 minutes\" \/>\n<script type=\"application\/ld+json\" class=\"yoast-schema-graph\">{\"@context\":\"https:\/\/schema.org\",\"@graph\":[{\"@type\":\"WebPage\",\"@id\":\"https:\/\/folklore.ee\/kooliparimus\/lasteaiaparimus\/lp2-2019\/\",\"url\":\"https:\/\/folklore.ee\/kooliparimus\/lasteaiaparimus\/lp2-2019\/\",\"name\":\"Kus on kodukoht? Eesti keel mitmekultuurilises lasteaias - Koolip\u00e4rimus\",\"isPartOf\":{\"@id\":\"https:\/\/folklore.ee\/kooliparimus\/#website\"},\"primaryImageOfPage\":{\"@id\":\"https:\/\/folklore.ee\/kooliparimus\/lasteaiaparimus\/lp2-2019\/#primaryimage\"},\"image\":{\"@id\":\"https:\/\/folklore.ee\/kooliparimus\/lasteaiaparimus\/lp2-2019\/#primaryimage\"},\"thumbnailUrl\":\"https:\/\/folklore.ee\/kooliparimus\/wp-content\/uploads\/2023\/05\/kaanepilt.jpg\",\"datePublished\":\"2023-06-05T13:29:00+00:00\",\"dateModified\":\"2024-11-20T08:40:34+00:00\",\"breadcrumb\":{\"@id\":\"https:\/\/folklore.ee\/kooliparimus\/lasteaiaparimus\/lp2-2019\/#breadcrumb\"},\"inLanguage\":\"en-US\",\"potentialAction\":[{\"@type\":\"ReadAction\",\"target\":[\"https:\/\/folklore.ee\/kooliparimus\/lasteaiaparimus\/lp2-2019\/\"]}]},{\"@type\":\"ImageObject\",\"inLanguage\":\"en-US\",\"@id\":\"https:\/\/folklore.ee\/kooliparimus\/lasteaiaparimus\/lp2-2019\/#primaryimage\",\"url\":\"https:\/\/folklore.ee\/kooliparimus\/wp-content\/uploads\/2023\/05\/kaanepilt.jpg\",\"contentUrl\":\"https:\/\/folklore.ee\/kooliparimus\/wp-content\/uploads\/2023\/05\/kaanepilt.jpg\",\"width\":2200,\"height\":306},{\"@type\":\"BreadcrumbList\",\"@id\":\"https:\/\/folklore.ee\/kooliparimus\/lasteaiaparimus\/lp2-2019\/#breadcrumb\",\"itemListElement\":[{\"@type\":\"ListItem\",\"position\":1,\"name\":\"Home\",\"item\":\"https:\/\/folklore.ee\/kooliparimus\/\"},{\"@type\":\"ListItem\",\"position\":2,\"name\":\"Lasteaiap\u00e4rimus\",\"item\":\"https:\/\/folklore.ee\/kooliparimus\/lasteaiaparimus\/\"},{\"@type\":\"ListItem\",\"position\":3,\"name\":\"Kus on kodukoht? Eesti keel mitmekultuurilises lasteaias\"}]},{\"@type\":\"WebSite\",\"@id\":\"https:\/\/folklore.ee\/kooliparimus\/#website\",\"url\":\"https:\/\/folklore.ee\/kooliparimus\/\",\"name\":\"Koolip\u00e4rimus\",\"description\":\"Eesti Kirjandusmuuseumi kogumisp\u00e4rimuse veebikeskkond.\",\"potentialAction\":[{\"@type\":\"SearchAction\",\"target\":{\"@type\":\"EntryPoint\",\"urlTemplate\":\"https:\/\/folklore.ee\/kooliparimus\/?s={search_term_string}\"},\"query-input\":{\"@type\":\"PropertyValueSpecification\",\"valueRequired\":true,\"valueName\":\"search_term_string\"}}],\"inLanguage\":\"en-US\"}]}<\/script>\n<!-- \/ Yoast SEO plugin. -->","yoast_head_json":{"title":"Kus on kodukoht? Eesti keel mitmekultuurilises lasteaias - Koolip\u00e4rimus","robots":{"index":"index","follow":"follow","max-snippet":"max-snippet:-1","max-image-preview":"max-image-preview:large","max-video-preview":"max-video-preview:-1"},"canonical":"https:\/\/folklore.ee\/kooliparimus\/lasteaiaparimus\/lp2-2019\/","og_locale":"en_US","og_type":"article","og_title":"Kus on kodukoht? Eesti keel mitmekultuurilises lasteaias - Koolip\u00e4rimus","og_description":"17, ja 18. oktoobril 2019. aastal Narva-J\u00f5esuus (Meresuu Spa &amp; Hotel) Seminari eesm\u00e4rk on tutvustada lasteaia\u00f5petajatele v\u00f5imalusi emakeelep\u00f5histe kultuuriv\u00e4\u00e4rtuste kujundamisel. Seminari keskmes on eesti keel ja selle \u00f5petamine ja omandamine mitmekultuurilises lasteaias. K\u00f5neks tulevad keelega seotud v\u00e4ljendusviisid, suhted eri kultuuridega meie kultuurip\u00e4randis ja lastefolklooris laiemalt. Kahep\u00e4evasel seminaril saavad traditsiooniliselt s\u00f5na teadlased, muuseumit\u00f6\u00f6tajad, kirjanikud ja alushariduse [&hellip;]","og_url":"https:\/\/folklore.ee\/kooliparimus\/lasteaiaparimus\/lp2-2019\/","og_site_name":"Koolip\u00e4rimus","article_publisher":"https:\/\/www.facebook.com\/kirjandusmuuseum","article_modified_time":"2024-11-20T08:40:34+00:00","og_image":[{"width":2200,"height":306,"url":"https:\/\/folklore.ee\/kooliparimus\/wp-content\/uploads\/2023\/05\/kaanepilt.jpg","type":"image\/jpeg"}],"twitter_card":"summary_large_image","twitter_misc":{"Est. reading time":"2 minutes"},"schema":{"@context":"https:\/\/schema.org","@graph":[{"@type":"WebPage","@id":"https:\/\/folklore.ee\/kooliparimus\/lasteaiaparimus\/lp2-2019\/","url":"https:\/\/folklore.ee\/kooliparimus\/lasteaiaparimus\/lp2-2019\/","name":"Kus on kodukoht? Eesti keel mitmekultuurilises lasteaias - Koolip\u00e4rimus","isPartOf":{"@id":"https:\/\/folklore.ee\/kooliparimus\/#website"},"primaryImageOfPage":{"@id":"https:\/\/folklore.ee\/kooliparimus\/lasteaiaparimus\/lp2-2019\/#primaryimage"},"image":{"@id":"https:\/\/folklore.ee\/kooliparimus\/lasteaiaparimus\/lp2-2019\/#primaryimage"},"thumbnailUrl":"https:\/\/folklore.ee\/kooliparimus\/wp-content\/uploads\/2023\/05\/kaanepilt.jpg","datePublished":"2023-06-05T13:29:00+00:00","dateModified":"2024-11-20T08:40:34+00:00","breadcrumb":{"@id":"https:\/\/folklore.ee\/kooliparimus\/lasteaiaparimus\/lp2-2019\/#breadcrumb"},"inLanguage":"en-US","potentialAction":[{"@type":"ReadAction","target":["https:\/\/folklore.ee\/kooliparimus\/lasteaiaparimus\/lp2-2019\/"]}]},{"@type":"ImageObject","inLanguage":"en-US","@id":"https:\/\/folklore.ee\/kooliparimus\/lasteaiaparimus\/lp2-2019\/#primaryimage","url":"https:\/\/folklore.ee\/kooliparimus\/wp-content\/uploads\/2023\/05\/kaanepilt.jpg","contentUrl":"https:\/\/folklore.ee\/kooliparimus\/wp-content\/uploads\/2023\/05\/kaanepilt.jpg","width":2200,"height":306},{"@type":"BreadcrumbList","@id":"https:\/\/folklore.ee\/kooliparimus\/lasteaiaparimus\/lp2-2019\/#breadcrumb","itemListElement":[{"@type":"ListItem","position":1,"name":"Home","item":"https:\/\/folklore.ee\/kooliparimus\/"},{"@type":"ListItem","position":2,"name":"Lasteaiap\u00e4rimus","item":"https:\/\/folklore.ee\/kooliparimus\/lasteaiaparimus\/"},{"@type":"ListItem","position":3,"name":"Kus on kodukoht? Eesti keel mitmekultuurilises lasteaias"}]},{"@type":"WebSite","@id":"https:\/\/folklore.ee\/kooliparimus\/#website","url":"https:\/\/folklore.ee\/kooliparimus\/","name":"Koolip\u00e4rimus","description":"Eesti Kirjandusmuuseumi kogumisp\u00e4rimuse veebikeskkond.","potentialAction":[{"@type":"SearchAction","target":{"@type":"EntryPoint","urlTemplate":"https:\/\/folklore.ee\/kooliparimus\/?s={search_term_string}"},"query-input":{"@type":"PropertyValueSpecification","valueRequired":true,"valueName":"search_term_string"}}],"inLanguage":"en-US"}]}},"_links":{"self":[{"href":"https:\/\/folklore.ee\/kooliparimus\/wp-json\/wp\/v2\/pages\/573","targetHints":{"allow":["GET"]}}],"collection":[{"href":"https:\/\/folklore.ee\/kooliparimus\/wp-json\/wp\/v2\/pages"}],"about":[{"href":"https:\/\/folklore.ee\/kooliparimus\/wp-json\/wp\/v2\/types\/page"}],"author":[{"embeddable":true,"href":"https:\/\/folklore.ee\/kooliparimus\/wp-json\/wp\/v2\/users\/1"}],"replies":[{"embeddable":true,"href":"https:\/\/folklore.ee\/kooliparimus\/wp-json\/wp\/v2\/comments?post=573"}],"version-history":[{"count":4,"href":"https:\/\/folklore.ee\/kooliparimus\/wp-json\/wp\/v2\/pages\/573\/revisions"}],"predecessor-version":[{"id":827,"href":"https:\/\/folklore.ee\/kooliparimus\/wp-json\/wp\/v2\/pages\/573\/revisions\/827"}],"up":[{"embeddable":true,"href":"https:\/\/folklore.ee\/kooliparimus\/wp-json\/wp\/v2\/pages\/38"}],"wp:featuredmedia":[{"embeddable":true,"href":"https:\/\/folklore.ee\/kooliparimus\/wp-json\/wp\/v2\/media\/12"}],"wp:attachment":[{"href":"https:\/\/folklore.ee\/kooliparimus\/wp-json\/wp\/v2\/media?parent=573"}],"curies":[{"name":"wp","href":"https:\/\/api.w.org\/{rel}","templated":true}]}}