{"id":576,"date":"2023-06-05T13:31:30","date_gmt":"2023-06-05T13:31:30","guid":{"rendered":"https:\/\/folklore.ee\/kooliparimus\/?page_id=576"},"modified":"2024-11-20T08:39:19","modified_gmt":"2024-11-20T08:39:19","slug":"lp-2020","status":"publish","type":"page","link":"https:\/\/folklore.ee\/kooliparimus\/lasteaiaparimus\/lp-2020\/","title":{"rendered":"Hobustega tuli, h\u00e4rgadega l\u00e4heb: Lasteaed \u00f5petab ka epideemiate ajal"},"content":{"rendered":"\n<figure class=\"wp-block-image size-full is-resized\"><img loading=\"lazy\" decoding=\"async\" width=\"850\" height=\"202\" src=\"http:\/\/localhost\/kooliparimus\/wp-content\/uploads\/2023\/06\/lppx.jpg\" alt=\"\" class=\"wp-image-579\" style=\"width:1189px;height:282px\" srcset=\"https:\/\/folklore.ee\/kooliparimus\/wp-content\/uploads\/2023\/06\/lppx.jpg 850w, https:\/\/folklore.ee\/kooliparimus\/wp-content\/uploads\/2023\/06\/lppx-300x71.jpg 300w, https:\/\/folklore.ee\/kooliparimus\/wp-content\/uploads\/2023\/06\/lppx-768x183.jpg 768w\" sizes=\"auto, (max-width: 850px) 100vw, 850px\" \/><\/figure>\n\n\n\n<div class=\"wp-block-buttons is-layout-flex wp-block-buttons-is-layout-flex\">\n<div class=\"wp-block-button\"><a class=\"wp-block-button__link wp-element-button\" href=\"\/kooliparimus\/lasteaiaparimus\/lp-2020\/videod\/\">Videod<\/a><\/div>\n<\/div>\n\n\n\n<p>7. oktoobril 2020. aastal veebikeskkonnas<\/p>\n\n\n\n<p>Veebiseminari eesm\u00e4rk on tutvustada lasteaia\u00f5petajatele v\u00f5imalusi emakeelep\u00f5histe kultuuriv\u00e4\u00e4rtuste kujundamisel. Seminari keskmes on eesti keel ja selle \u00f5petamine ja omandamine lasteaias.<\/p>\n\n\n\n<p>2020, aasta m\u00e4rtsikuu t\u00f5i meile COVID-19 kriisiolukorra, millega kaasnesid suured muudatused kogu maailma elukorralduses. Koroonakriisist sai suur katsumus haridusasutustele, sh koolidele ja lasteaedadele. Seekordne seminar ongi p\u00fchendatud lasteaedade toimetulekule olukorras, kus epideemia j\u00f5udis meile \u00f5igupoolest \u00fcle\u00f6\u00f6, kuid sellega kaasnevad uued t\u00f6\u00f6tamis- ja \u00f5ppemeetodid (nt distants\u00f5pe, lasteaia\u00f5petajate ja lapsevanemate tihedam \u00f5ppesuhe) j\u00e4\u00e4vad kontakt\u00f5ppe k\u00f5rvale ilmselt pikalt p\u00fcsima.<\/p>\n\n\n\n<p>Seminaril saavad s\u00f5na teadlased, muuseumit\u00f6\u00f6tajad, kirjanikud ja alushariduse praktikud. Ettekannetes on t\u00e4helepanu all ideed ja m\u00f5tted, kuidas laste igak\u00fclgset arengut ja keeleoskust toetada ka keerulistel haiguste perioodidel, kui t\u00e4helepanu on \u00fchiskonnas koondunud haiguse ennetamisele, toimetulekule. K\u00f5neks tulevad keelega seotud v\u00e4ljendusviisid, sealhulgas tervisega seotud n\u00fcansid meie kultuurip\u00e4randis ja lastefolklooris laiemalt.<\/p>\n\n\n\n<p>Toimuvad t\u00f6\u00f6toad, milles tutvustatakse praktilisi v\u00e4ljundeid ja \u00f5pitakse m\u00e4nge, mille eesm\u00e4rk on omandada teadmisi selle kohta, kuidas rikastada lapse s\u00f5navara ja m\u00f5ttemaailma, \u00fchtlasi edendada eesti keele \u00f5petamist, laste suhtlus- ja enesev\u00e4ljendusoskuse arengut.<\/p>\n\n\n\n<p><strong>KAVA<\/strong><\/p>\n\n\n\n<p><strong>11.00 Avamine, tervituss\u00f5nad<br><\/strong>Haridus- ja Teadusministeeriumi \u00fcldharidusosakonna peaekspert Tiina Peterson<br>Eesti Kirjandusmuuseumi direktori kt Martin Eessalu<br>11.15-12.45 Pille Lille (L\u00f5imitud aine- ja keele\u00f5ppe koolitaja): <a href=\"https:\/\/prezi.com\/view\/Nfiq1L6bx1DhfnBU7dpN\/\" target=\"_blank\" rel=\"noreferrer noopener\">Lapse ja \u00f5petaja inimlik kontakt<\/a><br>12.45-13.15 Kerda Eiert (Toila valla abivallavanem): <a href=\"\/kooliparimus\/wp-content\/uploads\/2023\/06\/kerda_eiert.pdf\" target=\"_blank\" rel=\"noreferrer noopener\">Eriolukord lasteaias n\u00f5uab tihedat koost\u00f6\u00f6d kohaliku omavalitsusega: Toila valla n\u00e4ide<\/a><\/p>\n\n\n\n<p><strong>13.15\u201313.45 L\u00f5una<br><\/strong>13.45\u201314.15 Piret Voolaid (Eesti Kirjandusmuuseumi vanemteadur): <a href=\"\/kooliparimus\/wp-content\/uploads\/2023\/06\/piret_voolaid-3.pdf\" target=\"_blank\" rel=\"noreferrer noopener\">A-B hakka p\u00e4he, kui ei hakka, l\u00fckkan takka! Salmitraditsioonist ja keelelisest lastep\u00e4rimusest<\/a><br>14.15\u201314.30 Kelly Lilles (ALPA Kids): <a href=\"\/kooliparimus\/wp-content\/uploads\/2023\/06\/ALPA_Kids_Kelly-Lilles.mp4\" target=\"_blank\" rel=\"noreferrer noopener\">Eesti keele oskuse arendamisest l\u00e4bi digi\u00f5ppem\u00e4ngu. ALPA mobiilirakenduse n\u00e4itel<\/a><\/p>\n\n\n\n<p><strong>14.30\u201316.45 T\u00f6\u00f6toad<\/strong><\/p>\n\n\n\n<p>14.30\u201315.15 Janika Oras (Eesti Kirjandusmuuseumi vanemteadur): <a href=\"\/kooliparimus\/wp-content\/uploads\/2023\/06\/janika_oras-2.pdf\" target=\"_blank\" rel=\"noreferrer noopener\">Ringm\u00e4ngu r\u00f5\u00f5m<\/a><br>15.15\u201316.00 Virve Tuubel (Eesti Rahva Muuseumi giid-metoodik): <a href=\"\/kooliparimus\/wp-content\/uploads\/2023\/06\/virve_tuubel-1.pdf\" target=\"_blank\" rel=\"noreferrer noopener\">M\u00e4rka m\u00e4rki!<\/a><br>16.00\u201316.45 Velle Rohelpuu ja Maali Kaasik (J\u00e4nesselja lasteaia \u00f5petajad): <a href=\"\/kooliparimus\/wp-content\/uploads\/2023\/06\/P2rijata_p2randit_KirjandusM.pdf\" target=\"_blank\" rel=\"noreferrer noopener\">P\u00e4rijata pole p\u00e4randit! \u00d5ues\u00f5ppe t\u00f6\u00f6tuba<\/a><br><strong>16.45\u201317.05 Seminari l\u00f5petamine ja l\u00f5puarutelu<\/strong><\/p>\n\n\n\n<p><strong>Iseseisev \u00fclesanne.<\/strong> Seminaril osalejal palume kirjalikult ette valmistada lugu sellest, kuidas koroonaviiruse t\u00f5kestamisega seotud eriolukord sundis nutikaid lahendusi v\u00e4lja m\u00f5tlema. Milliste raskustega p\u00f5rkasite eriolukorra ajal lasteaias kokku? Millisest abist tundsite kriisiajal v\u00f5i tunnete praegu puudust?<br>Palume vormistage iseseisev t\u00f6\u00f6 arvutifailina, lisage juurde nimi ja lasteaed ning saatke m\u00e4rks\u00f5naga &#8220;Kolleegilt kolleegile&#8221; 6. oktoobriks meiliaadressile piret@folklore.ee. Lood koondame anon\u00fc\u00fcmselt \u00fchte faili ja jagame p\u00e4rast seminari k\u00f5igile osalejatele. Teie lahkel loal s\u00e4ilitame kirjapandud lood p\u00e4rast seminari Eesti Kirjandusmuuseumi arhiivikogus.<\/p>\n\n\n\n<p>Varasemate \u00f5ppep\u00e4evade kohta vaata <a href=\"\/kooliparimus\/lasteaiaparimus\/\">siit<\/a><\/p>\n\n\n\n<p>Seminari korraldavad Eesti Kirjandusmuuseum, Eesti Rahva Muuseum, Eesti-uuringute Tippkeskus, Haridus- ja Teadusministeerium, Ida-Virumaa Omavalitsuste Liit, Toila Lasteaed Naerumeri.<br>Seminari toetavad Haridus- ja Teadusministeeriumi keeleosakond ja Euroopa Regionaalarengu Fond (Eesti-uuringute Tippkeskus).<\/p>\n\n\n\n<p>Info: Leena Tukkia, <a href=\"mailto:naerumeri@lasteaed.eu\">naerumeri@lasteaed.eu<\/a>; Virve Tuubel, <a href=\"mailto:Virve.Tuubel@erm.ee\">Virve.Tuubel@erm.ee<\/a>; Piret Voolaid, <a href=\"mailto:piret.voolaid@folklore.ee\">piret.voolaid@folklore.ee<\/a><\/p>\n","protected":false},"excerpt":{"rendered":"<p>7. oktoobril 2020. aastal veebikeskkonnas Veebiseminari eesm\u00e4rk on tutvustada lasteaia\u00f5petajatele v\u00f5imalusi emakeelep\u00f5histe kultuuriv\u00e4\u00e4rtuste kujundamisel. Seminari keskmes on eesti keel ja selle \u00f5petamine ja omandamine lasteaias. 2020, aasta m\u00e4rtsikuu t\u00f5i meile COVID-19 kriisiolukorra, millega kaasnesid suured muudatused kogu maailma elukorralduses. Koroonakriisist sai suur katsumus haridusasutustele, sh koolidele ja lasteaedadele. Seekordne seminar ongi p\u00fchendatud lasteaedade toimetulekule olukorras, [&hellip;]<\/p>\n","protected":false},"author":1,"featured_media":12,"parent":38,"menu_order":0,"comment_status":"closed","ping_status":"closed","template":"","meta":{"footnotes":""},"class_list":["post-576","page","type-page","status-publish","has-post-thumbnail","hentry"],"yoast_head":"<!-- This site is optimized with the Yoast SEO plugin v23.7 - https:\/\/yoast.com\/wordpress\/plugins\/seo\/ -->\n<title>Hobustega tuli, h\u00e4rgadega l\u00e4heb: Lasteaed \u00f5petab ka epideemiate ajal - Koolip\u00e4rimus<\/title>\n<meta name=\"robots\" content=\"index, follow, max-snippet:-1, max-image-preview:large, max-video-preview:-1\" \/>\n<link rel=\"canonical\" href=\"https:\/\/folklore.ee\/kooliparimus\/lasteaiaparimus\/lp-2020\/\" \/>\n<meta property=\"og:locale\" content=\"en_US\" \/>\n<meta property=\"og:type\" content=\"article\" \/>\n<meta property=\"og:title\" content=\"Hobustega tuli, h\u00e4rgadega l\u00e4heb: Lasteaed \u00f5petab ka epideemiate ajal - Koolip\u00e4rimus\" \/>\n<meta property=\"og:description\" content=\"7. oktoobril 2020. aastal veebikeskkonnas Veebiseminari eesm\u00e4rk on tutvustada lasteaia\u00f5petajatele v\u00f5imalusi emakeelep\u00f5histe kultuuriv\u00e4\u00e4rtuste kujundamisel. Seminari keskmes on eesti keel ja selle \u00f5petamine ja omandamine lasteaias. 2020, aasta m\u00e4rtsikuu t\u00f5i meile COVID-19 kriisiolukorra, millega kaasnesid suured muudatused kogu maailma elukorralduses. Koroonakriisist sai suur katsumus haridusasutustele, sh koolidele ja lasteaedadele. Seekordne seminar ongi p\u00fchendatud lasteaedade toimetulekule olukorras, [&hellip;]\" \/>\n<meta property=\"og:url\" content=\"https:\/\/folklore.ee\/kooliparimus\/lasteaiaparimus\/lp-2020\/\" \/>\n<meta property=\"og:site_name\" content=\"Koolip\u00e4rimus\" \/>\n<meta property=\"article:publisher\" content=\"https:\/\/www.facebook.com\/kirjandusmuuseum\" \/>\n<meta property=\"article:modified_time\" content=\"2024-11-20T08:39:19+00:00\" \/>\n<meta property=\"og:image\" content=\"https:\/\/folklore.ee\/kooliparimus\/wp-content\/uploads\/2023\/05\/kaanepilt.jpg\" \/>\n\t<meta property=\"og:image:width\" content=\"2200\" \/>\n\t<meta property=\"og:image:height\" content=\"306\" \/>\n\t<meta property=\"og:image:type\" content=\"image\/jpeg\" \/>\n<meta name=\"twitter:card\" content=\"summary_large_image\" \/>\n<meta name=\"twitter:label1\" content=\"Est. reading time\" \/>\n\t<meta name=\"twitter:data1\" content=\"3 minutes\" \/>\n<script type=\"application\/ld+json\" class=\"yoast-schema-graph\">{\"@context\":\"https:\/\/schema.org\",\"@graph\":[{\"@type\":\"WebPage\",\"@id\":\"https:\/\/folklore.ee\/kooliparimus\/lasteaiaparimus\/lp-2020\/\",\"url\":\"https:\/\/folklore.ee\/kooliparimus\/lasteaiaparimus\/lp-2020\/\",\"name\":\"Hobustega tuli, h\u00e4rgadega l\u00e4heb: Lasteaed \u00f5petab ka epideemiate ajal - Koolip\u00e4rimus\",\"isPartOf\":{\"@id\":\"https:\/\/folklore.ee\/kooliparimus\/#website\"},\"primaryImageOfPage\":{\"@id\":\"https:\/\/folklore.ee\/kooliparimus\/lasteaiaparimus\/lp-2020\/#primaryimage\"},\"image\":{\"@id\":\"https:\/\/folklore.ee\/kooliparimus\/lasteaiaparimus\/lp-2020\/#primaryimage\"},\"thumbnailUrl\":\"https:\/\/folklore.ee\/kooliparimus\/wp-content\/uploads\/2023\/05\/kaanepilt.jpg\",\"datePublished\":\"2023-06-05T13:31:30+00:00\",\"dateModified\":\"2024-11-20T08:39:19+00:00\",\"breadcrumb\":{\"@id\":\"https:\/\/folklore.ee\/kooliparimus\/lasteaiaparimus\/lp-2020\/#breadcrumb\"},\"inLanguage\":\"en-US\",\"potentialAction\":[{\"@type\":\"ReadAction\",\"target\":[\"https:\/\/folklore.ee\/kooliparimus\/lasteaiaparimus\/lp-2020\/\"]}]},{\"@type\":\"ImageObject\",\"inLanguage\":\"en-US\",\"@id\":\"https:\/\/folklore.ee\/kooliparimus\/lasteaiaparimus\/lp-2020\/#primaryimage\",\"url\":\"https:\/\/folklore.ee\/kooliparimus\/wp-content\/uploads\/2023\/05\/kaanepilt.jpg\",\"contentUrl\":\"https:\/\/folklore.ee\/kooliparimus\/wp-content\/uploads\/2023\/05\/kaanepilt.jpg\",\"width\":2200,\"height\":306},{\"@type\":\"BreadcrumbList\",\"@id\":\"https:\/\/folklore.ee\/kooliparimus\/lasteaiaparimus\/lp-2020\/#breadcrumb\",\"itemListElement\":[{\"@type\":\"ListItem\",\"position\":1,\"name\":\"Home\",\"item\":\"https:\/\/folklore.ee\/kooliparimus\/\"},{\"@type\":\"ListItem\",\"position\":2,\"name\":\"Lasteaiap\u00e4rimus\",\"item\":\"https:\/\/folklore.ee\/kooliparimus\/lasteaiaparimus\/\"},{\"@type\":\"ListItem\",\"position\":3,\"name\":\"Hobustega tuli, h\u00e4rgadega l\u00e4heb: Lasteaed \u00f5petab ka epideemiate ajal\"}]},{\"@type\":\"WebSite\",\"@id\":\"https:\/\/folklore.ee\/kooliparimus\/#website\",\"url\":\"https:\/\/folklore.ee\/kooliparimus\/\",\"name\":\"Koolip\u00e4rimus\",\"description\":\"Eesti Kirjandusmuuseumi kogumisp\u00e4rimuse veebikeskkond.\",\"potentialAction\":[{\"@type\":\"SearchAction\",\"target\":{\"@type\":\"EntryPoint\",\"urlTemplate\":\"https:\/\/folklore.ee\/kooliparimus\/?s={search_term_string}\"},\"query-input\":{\"@type\":\"PropertyValueSpecification\",\"valueRequired\":true,\"valueName\":\"search_term_string\"}}],\"inLanguage\":\"en-US\"}]}<\/script>\n<!-- \/ Yoast SEO plugin. -->","yoast_head_json":{"title":"Hobustega tuli, h\u00e4rgadega l\u00e4heb: Lasteaed \u00f5petab ka epideemiate ajal - Koolip\u00e4rimus","robots":{"index":"index","follow":"follow","max-snippet":"max-snippet:-1","max-image-preview":"max-image-preview:large","max-video-preview":"max-video-preview:-1"},"canonical":"https:\/\/folklore.ee\/kooliparimus\/lasteaiaparimus\/lp-2020\/","og_locale":"en_US","og_type":"article","og_title":"Hobustega tuli, h\u00e4rgadega l\u00e4heb: Lasteaed \u00f5petab ka epideemiate ajal - Koolip\u00e4rimus","og_description":"7. oktoobril 2020. aastal veebikeskkonnas Veebiseminari eesm\u00e4rk on tutvustada lasteaia\u00f5petajatele v\u00f5imalusi emakeelep\u00f5histe kultuuriv\u00e4\u00e4rtuste kujundamisel. Seminari keskmes on eesti keel ja selle \u00f5petamine ja omandamine lasteaias. 2020, aasta m\u00e4rtsikuu t\u00f5i meile COVID-19 kriisiolukorra, millega kaasnesid suured muudatused kogu maailma elukorralduses. Koroonakriisist sai suur katsumus haridusasutustele, sh koolidele ja lasteaedadele. Seekordne seminar ongi p\u00fchendatud lasteaedade toimetulekule olukorras, [&hellip;]","og_url":"https:\/\/folklore.ee\/kooliparimus\/lasteaiaparimus\/lp-2020\/","og_site_name":"Koolip\u00e4rimus","article_publisher":"https:\/\/www.facebook.com\/kirjandusmuuseum","article_modified_time":"2024-11-20T08:39:19+00:00","og_image":[{"width":2200,"height":306,"url":"https:\/\/folklore.ee\/kooliparimus\/wp-content\/uploads\/2023\/05\/kaanepilt.jpg","type":"image\/jpeg"}],"twitter_card":"summary_large_image","twitter_misc":{"Est. reading time":"3 minutes"},"schema":{"@context":"https:\/\/schema.org","@graph":[{"@type":"WebPage","@id":"https:\/\/folklore.ee\/kooliparimus\/lasteaiaparimus\/lp-2020\/","url":"https:\/\/folklore.ee\/kooliparimus\/lasteaiaparimus\/lp-2020\/","name":"Hobustega tuli, h\u00e4rgadega l\u00e4heb: Lasteaed \u00f5petab ka epideemiate ajal - Koolip\u00e4rimus","isPartOf":{"@id":"https:\/\/folklore.ee\/kooliparimus\/#website"},"primaryImageOfPage":{"@id":"https:\/\/folklore.ee\/kooliparimus\/lasteaiaparimus\/lp-2020\/#primaryimage"},"image":{"@id":"https:\/\/folklore.ee\/kooliparimus\/lasteaiaparimus\/lp-2020\/#primaryimage"},"thumbnailUrl":"https:\/\/folklore.ee\/kooliparimus\/wp-content\/uploads\/2023\/05\/kaanepilt.jpg","datePublished":"2023-06-05T13:31:30+00:00","dateModified":"2024-11-20T08:39:19+00:00","breadcrumb":{"@id":"https:\/\/folklore.ee\/kooliparimus\/lasteaiaparimus\/lp-2020\/#breadcrumb"},"inLanguage":"en-US","potentialAction":[{"@type":"ReadAction","target":["https:\/\/folklore.ee\/kooliparimus\/lasteaiaparimus\/lp-2020\/"]}]},{"@type":"ImageObject","inLanguage":"en-US","@id":"https:\/\/folklore.ee\/kooliparimus\/lasteaiaparimus\/lp-2020\/#primaryimage","url":"https:\/\/folklore.ee\/kooliparimus\/wp-content\/uploads\/2023\/05\/kaanepilt.jpg","contentUrl":"https:\/\/folklore.ee\/kooliparimus\/wp-content\/uploads\/2023\/05\/kaanepilt.jpg","width":2200,"height":306},{"@type":"BreadcrumbList","@id":"https:\/\/folklore.ee\/kooliparimus\/lasteaiaparimus\/lp-2020\/#breadcrumb","itemListElement":[{"@type":"ListItem","position":1,"name":"Home","item":"https:\/\/folklore.ee\/kooliparimus\/"},{"@type":"ListItem","position":2,"name":"Lasteaiap\u00e4rimus","item":"https:\/\/folklore.ee\/kooliparimus\/lasteaiaparimus\/"},{"@type":"ListItem","position":3,"name":"Hobustega tuli, h\u00e4rgadega l\u00e4heb: Lasteaed \u00f5petab ka epideemiate ajal"}]},{"@type":"WebSite","@id":"https:\/\/folklore.ee\/kooliparimus\/#website","url":"https:\/\/folklore.ee\/kooliparimus\/","name":"Koolip\u00e4rimus","description":"Eesti Kirjandusmuuseumi kogumisp\u00e4rimuse veebikeskkond.","potentialAction":[{"@type":"SearchAction","target":{"@type":"EntryPoint","urlTemplate":"https:\/\/folklore.ee\/kooliparimus\/?s={search_term_string}"},"query-input":{"@type":"PropertyValueSpecification","valueRequired":true,"valueName":"search_term_string"}}],"inLanguage":"en-US"}]}},"_links":{"self":[{"href":"https:\/\/folklore.ee\/kooliparimus\/wp-json\/wp\/v2\/pages\/576","targetHints":{"allow":["GET"]}}],"collection":[{"href":"https:\/\/folklore.ee\/kooliparimus\/wp-json\/wp\/v2\/pages"}],"about":[{"href":"https:\/\/folklore.ee\/kooliparimus\/wp-json\/wp\/v2\/types\/page"}],"author":[{"embeddable":true,"href":"https:\/\/folklore.ee\/kooliparimus\/wp-json\/wp\/v2\/users\/1"}],"replies":[{"embeddable":true,"href":"https:\/\/folklore.ee\/kooliparimus\/wp-json\/wp\/v2\/comments?post=576"}],"version-history":[{"count":6,"href":"https:\/\/folklore.ee\/kooliparimus\/wp-json\/wp\/v2\/pages\/576\/revisions"}],"predecessor-version":[{"id":826,"href":"https:\/\/folklore.ee\/kooliparimus\/wp-json\/wp\/v2\/pages\/576\/revisions\/826"}],"up":[{"embeddable":true,"href":"https:\/\/folklore.ee\/kooliparimus\/wp-json\/wp\/v2\/pages\/38"}],"wp:featuredmedia":[{"embeddable":true,"href":"https:\/\/folklore.ee\/kooliparimus\/wp-json\/wp\/v2\/media\/12"}],"wp:attachment":[{"href":"https:\/\/folklore.ee\/kooliparimus\/wp-json\/wp\/v2\/media?parent=576"}],"curies":[{"name":"wp","href":"https:\/\/api.w.org\/{rel}","templated":true}]}}