{"id":67,"date":"2023-06-01T14:53:43","date_gmt":"2023-06-01T14:53:43","guid":{"rendered":"https:\/\/folklore.ee\/kooliparimus\/?page_id=67"},"modified":"2023-06-01T15:07:30","modified_gmt":"2023-06-01T15:07:30","slug":"opetajale","status":"publish","type":"page","link":"https:\/\/folklore.ee\/kooliparimus\/kp\/kooliparimus-2021\/opetajale\/","title":{"rendered":"\u00d5petajale"},"content":{"rendered":"\n<p><strong>Eesti Kirjandusmuuseum Tartus ja V\u00e4liseesti Muuseum Torontos<\/strong> paluvad Teie abi koolip\u00e4rimuse kogumisel Toronto Eesti Seltsi T\u00e4ienduskoolis, Hamiltoni Eesti Koolis ja laiemalt Kanada eestlaste seas.<\/p>\n\n\n\n<p>See ettev\u00f5tmine on j\u00e4tkuks 1992., 2007. ja 2018. aastal Eestis l\u00e4bi viidud koolip\u00e4rimuse kogumisaktsioonidele. Kutsume osalema k\u00f5igi vanuser\u00fchmade \u00f5pilasi, skaute ja gaide, aga ka t\u00e4iskasvanuid, kes v\u00f5iksid oma kooliajale ja lapsep\u00f5lvele tagasi vaadata.<\/p>\n\n\n\n<p><strong>Kaast\u00f6id ootame kuni 30. novembrini 2021<\/strong>.<\/p>\n\n\n\n<div style=\"height:15px\" aria-hidden=\"true\" class=\"wp-block-spacer\"><\/div>\n\n\n\n<p class=\"has-text-align-center\"><strong>KUIDAS KOGUDA?<\/strong><\/p>\n\n\n\n<p>Kogumise aluseks on veebilehel <a href=\"\/kooliparimus\">www.folklore.ee\/kooliparimus<\/a> leiduv k\u00fcsitluskava (nii pdf-failina kui veebivormina). Soovime, et kutsuksite \u00f5pilasi \u00fcles sellele k\u00fcsitluskavale vastama. V\u00f5imalusel palume vastajatel kasutada veebivormi, kuid v\u00f5imalik on saata vastused ka failina e-posti teel (aadressil: <a href=\"mailto:kp@folklore.ee\">kp@folklore.ee<\/a>) v\u00f5i paberil (m\u00e4rks\u00f5naga \u201eKoolip\u00e4rimus\u201c varustatud vastuseid ootame aadressil V\u00e4liseesti Muuseum VEMU, 310 Bloor St. W, Toronto, ON M5S 1W4 Canada). Palume vastajatel lisada vastusele oma nimi, sugu, vanus, kool, klass, elukoht ja v\u00f5imalusel e-posti aadress. Palume ka kirjeldada seoseid Eestiga (vastata k\u00fcsitluskava algul olevale sellekohasele k\u00fcsimusele).<\/p>\n\n\n\n<p>Tagame andmete konfidentsiaalse kasutuse; hilisemal anal\u00fc\u00fcsimisel vastaja andmeid tema vastustega ei seostata, materjali avaldamise korral tuuakse \u00e4ra vastaja vanus ja sugu, kuid mitte tema p\u00e4risnimi. Paberil vastates tuleks j\u00e4tta lehe vasakust servast 3 cm vabaks.<\/p>\n\n\n\n<p>V\u00f5ib, kuid ei pea vastama k\u00f5ikidele k\u00fcsimustele \u2013 vastajal tasuks keskenduda eelk\u00f5ige nendele teemadele, mis teda huvitavad v\u00f5i millest ta rohkem teab. Failis v\u00f5i paberil vastates palume lisada iga vastuse juurde k\u00fcsimuse numbri. V\u00e4ltida tuleks l\u00fchikesi jah-ei vastuseid ning mahakirjutusi ja kopeerimist internetist, raamatutest, \u00fcksteiselt jne. K\u00fcsimustele v\u00f5ib vastata vabas vormis, kirja panna k\u00f5ik nii, nagu meelde tuleb. Vastamise v\u00f5ib korraldada kas m\u00f5ne konkreetse koolitunni raames klassiruumis (kus on olemas arvutid) v\u00f5i distants\u00f5ppe vormis kodus.<\/p>\n\n\n\n<p><strong>Koolitunnis<\/strong><\/p>\n\n\n\n<p>Koolitunnis vastamine v\u00f5iks toimuda eelistatult veebivormi kasutades, kuid nooremate klasside \u00f5pilastele v\u00f5ib olla kergem k\u00e4sitsi kirjutamine.<\/p>\n\n\n\n<p>Juhul, kui \u00fche koolitunni jooksul ei j\u00f5uta k\u00f5ike soovitut kirja panna, v\u00f5ib vastamist kodus j\u00e4tkata. Selleks tuleb poolelioleva vormi l\u00f5pus vajutada siiski k\u00e4sklust \u201eSaada!\u201c Hiljem j\u00e4tkamiseks tuleb avada veebivorm uuesti, kirjutada selle algusesse taas oma nimi, j\u00e4tta eelmisel korral juba t\u00e4idetud lahtrid t\u00fchjaks ja j\u00e4tkata poolelij\u00e4\u00e4nud kohast. S\u00fcsteem viib vastaja nime j\u00e4rgi poolikud ankeedid hiljem kokku. Paberil vastamise korral on soovitav \u00fche klassi (v\u00f5i ka kooli) vastused kokku koguda ja \u00fches \u00fcmbrikus postitada.<\/p>\n\n\n\n<p><strong>Kodus<\/strong><\/p>\n\n\n\n<p>Vastamise v\u00f5ib korraldada ka kodut\u00f6\u00f6na &#8211; eelistatult veebivormi kasutades, kuid v\u00f5imalik on vastata ka meili teel v\u00f5i siis paneb \u00f5pilane oma vastused paberile kirja ja toob \u00f5petajale. Teemal \u201eT\u00e4htp\u00e4evad ja peod\u201c v\u00f5i \u201eM\u00e4ngud\u201c v\u00f5ite paluda m\u00f5nel \u00f5pilasel kirjutada ka pikema uurimist\u00f6\u00f6 m\u00f5nest konkreetsest t\u00e4htp\u00e4evast, m\u00e4ngust v\u00f5i m\u00e4ngut\u00fc\u00fcbist, kuid samuti v\u00f5ib lasta \u00f5pilastel ise endale meelep\u00e4rased teemad valida. On soovitav, et vastamisele eelneks v\u00e4ike andmekogumine, n\u00e4iteks k\u00fcsitleb \u00f5pilane kaas\u00f5pilasi v\u00f5i l\u00e4hedasi.<\/p>\n\n\n\n<p>Teemade jagamisel tuleb arvestada laste vanust ja j\u00f5udlust, et vastamine ei muutuks koormavaks ja vastused pealiskaudseks. Oluline on, et vastatakse v\u00e4hemalt \u00fcks teema otsast l\u00f5puni. NB! Suure hulga anekdootide vms internetist kopeerimine ei tee t\u00f6\u00f6d v\u00e4\u00e4rtuslikuks!<\/p>\n\n\n\n<p>Vastata v\u00f5ib nii eesti kui inglise keeles. Kui on kergem kirjutada eesti-inglise segakeeles (naljad v\u00f5ivadki m\u00f5nikord olla korraga kahes keeles) v\u00f5i inglise keeles, siis ka see l\u00e4heb arvesse.<\/p>\n\n\n\n<p><strong>Lisamaterjalid<\/strong><\/p>\n\n\n\n<p>Teretulnud on illustreerivad lisamaterjalid: fotod, videod, helilindistused, kaustikud (nt \u201eMinu s\u00f5ber\u201d) jm, samuti pikemad temaatilised uurimist\u00f6\u00f6d. Palume need saata VEMUsse. Soovi korral tagastame originaalid p\u00e4rast \u00fcmberkopeerimist. Juhul, kui \u00f5pilased saadavad digifotosid ja -videoid, peaksid nad lisama autori ja v\u00f5imalusel j\u00e4\u00e4dvustamisaja. Internetist kopeeritud fotode puhul on vaja omaniku luba ja viidet, kelle tehtud fotod on, samuti nende veebiaadressi. Lisamaterjalid suurendavad t\u00f6\u00f6 v\u00e4\u00e4rtust, tingimata tuleb aga fotodele-videotele-helisalvestustele lisada alati olukorra\/\u00fcrituse kirjeldus. \u00dcksikosav\u00f5tjad<\/p>\n\n\n\n<p>V\u00f5istlustingimused lubavad osaleda ka \u00fcksikosav\u00f5tjana, seega v\u00f5ivad soovijad ja head materjalitundjad vastata kas m\u00f5nele teemale eriti p\u00f5hjalikult v\u00f5i siis k\u00f5igile teemadele. Arvesse l\u00e4hevad nii koos kooliga kui ka eraldi saadetud t\u00f6\u00f6d.<\/p>\n\n\n\n<p><strong>AUHINNAD<\/strong><\/p>\n\n\n\n<p>Parimatele on auhinnaks Eesti Kirjandusmuuseumi v\u00e4ljaanded, jagatakse ka rahalisi preemidaid. Parimaid teemavastajaid ootavad eripreemiad. Hindamisel arvestatakse t\u00f6\u00f6de kvaliteedi ja kvantiteedi suhet. Preemiad on ette n\u00e4htud ka aktiivsematele \u00f5petajatele. Piisava materjali laekumisel on plaanis koostada v\u00e4liseesti koolip\u00e4rimuse v\u00e4ljaanne-kogumik ja n\u00e4itus.<\/p>\n\n\n\n<div style=\"height:15px\" aria-hidden=\"true\" class=\"wp-block-spacer\"><\/div>\n\n\n\n<p class=\"has-text-align-center\"><strong>KIRJUTATU L\u00c4BIVAATAMISE KOHUSTUST \u00d5PETAJAL EI OLE<\/strong><\/p>\n\n\n\n<p>\u00d5pilasi tuleb k\u00fcll suunata ja juhendada, et nad k\u00fcsitut \u00f5igesti m\u00f5istaksid, kuid sekkumisest \u00f5pilaste vastuste sisusse ning kirjavigade parandamisest (ka ebatsensuursete v\u00e4ljendite mahat\u00f5mbamisest) palume hoiduda. K\u00f5ik kirjutatu s\u00e4ilitatakse originaalmaterjalina arhiivis. Ettev\u00f5tmise eesm\u00e4rgiks on saada \u00fclevaade meie koolilaste p\u00e4rimusmaailmast just sellisena, nagu see t\u00e4nap\u00e4eval on.<\/p>\n\n\n\n<div style=\"height:15px\" aria-hidden=\"true\" class=\"wp-block-spacer\"><\/div>\n\n\n\n<p class=\"has-text-align-center\"><strong>VORMISTAMINE<\/strong><\/p>\n\n\n\n<p>\u00d5pilased v\u00f5iksid eelistatult vastata aadressil <a href=\"\/kooliparimus\">www.folklore.ee\/kooliparimus<\/a> leiduvat veebivormi kasutades. Kui on vajalik paberil vastamine, palume k\u00fcsitluskavad \u00f5pilastele k\u00e4tte jagada. T\u00f6\u00f6 algusesse tuleb m\u00e4rkida andmed iseenda kohta (nimi, sugu, s\u00fcnniaasta, kool, klass, elukoht ja v\u00f5imalusel e-posti aadress). Paberversiooni korral v\u00f5ib kirjutada kas t\u00fchja koolivihikusse v\u00f5i A4-formaadis lehele, j\u00e4ttes lehe vasakust servast k\u00f6itmise tarvis 3 cm vabaks. Failivormis vastused palume saata e-posti aadressil <a href=\"mailto:kp@folklore.ee\">kp@folklore.ee<\/a>, nende eelnev k\u00fcljendamine ei ole oluline.<\/p>\n\n\n\n<p>K\u00f5ikide k\u00fcsimustega palume lahkelt p\u00f6\u00f6rduda korraldustoimkonna poole.<\/p>\n","protected":false},"excerpt":{"rendered":"<p>Eesti Kirjandusmuuseum Tartus ja V\u00e4liseesti Muuseum Torontos paluvad Teie abi koolip\u00e4rimuse kogumisel Toronto Eesti Seltsi T\u00e4ienduskoolis, Hamiltoni Eesti Koolis ja laiemalt Kanada eestlaste seas. See ettev\u00f5tmine on j\u00e4tkuks 1992., 2007. ja 2018. aastal Eestis l\u00e4bi viidud koolip\u00e4rimuse kogumisaktsioonidele. Kutsume osalema k\u00f5igi vanuser\u00fchmade \u00f5pilasi, skaute ja gaide, aga ka t\u00e4iskasvanuid, kes v\u00f5iksid oma kooliajale ja lapsep\u00f5lvele [&hellip;]<\/p>\n","protected":false},"author":1,"featured_media":12,"parent":55,"menu_order":0,"comment_status":"closed","ping_status":"closed","template":"","meta":{"footnotes":""},"class_list":["post-67","page","type-page","status-publish","has-post-thumbnail","hentry"],"yoast_head":"<!-- This site is optimized with the Yoast SEO plugin v23.7 - https:\/\/yoast.com\/wordpress\/plugins\/seo\/ -->\n<title>\u00d5petajale - Koolip\u00e4rimus<\/title>\n<meta name=\"robots\" content=\"index, follow, max-snippet:-1, max-image-preview:large, max-video-preview:-1\" \/>\n<link rel=\"canonical\" href=\"https:\/\/folklore.ee\/kooliparimus\/kp\/kooliparimus-2021\/opetajale\/\" \/>\n<meta property=\"og:locale\" content=\"en_US\" \/>\n<meta property=\"og:type\" content=\"article\" \/>\n<meta property=\"og:title\" content=\"\u00d5petajale - Koolip\u00e4rimus\" \/>\n<meta property=\"og:description\" content=\"Eesti Kirjandusmuuseum Tartus ja V\u00e4liseesti Muuseum Torontos paluvad Teie abi koolip\u00e4rimuse kogumisel Toronto Eesti Seltsi T\u00e4ienduskoolis, Hamiltoni Eesti Koolis ja laiemalt Kanada eestlaste seas. See ettev\u00f5tmine on j\u00e4tkuks 1992., 2007. ja 2018. aastal Eestis l\u00e4bi viidud koolip\u00e4rimuse kogumisaktsioonidele. Kutsume osalema k\u00f5igi vanuser\u00fchmade \u00f5pilasi, skaute ja gaide, aga ka t\u00e4iskasvanuid, kes v\u00f5iksid oma kooliajale ja lapsep\u00f5lvele [&hellip;]\" \/>\n<meta property=\"og:url\" content=\"https:\/\/folklore.ee\/kooliparimus\/kp\/kooliparimus-2021\/opetajale\/\" \/>\n<meta property=\"og:site_name\" content=\"Koolip\u00e4rimus\" \/>\n<meta property=\"article:publisher\" content=\"https:\/\/www.facebook.com\/kirjandusmuuseum\" \/>\n<meta property=\"article:modified_time\" content=\"2023-06-01T15:07:30+00:00\" \/>\n<meta property=\"og:image\" content=\"http:\/\/localhost\/kooliparimus\/wp-content\/uploads\/2023\/05\/kaanepilt.jpg\" \/>\n\t<meta property=\"og:image:width\" content=\"2200\" \/>\n\t<meta property=\"og:image:height\" content=\"306\" \/>\n\t<meta property=\"og:image:type\" content=\"image\/jpeg\" \/>\n<meta name=\"twitter:card\" content=\"summary_large_image\" \/>\n<meta name=\"twitter:label1\" content=\"Est. reading time\" \/>\n\t<meta name=\"twitter:data1\" content=\"4 minutes\" \/>\n<script type=\"application\/ld+json\" class=\"yoast-schema-graph\">{\"@context\":\"https:\/\/schema.org\",\"@graph\":[{\"@type\":\"WebPage\",\"@id\":\"https:\/\/folklore.ee\/kooliparimus\/kp\/kooliparimus-2021\/opetajale\/\",\"url\":\"https:\/\/folklore.ee\/kooliparimus\/kp\/kooliparimus-2021\/opetajale\/\",\"name\":\"\u00d5petajale - Koolip\u00e4rimus\",\"isPartOf\":{\"@id\":\"https:\/\/folklore.ee\/kooliparimus\/#website\"},\"primaryImageOfPage\":{\"@id\":\"https:\/\/folklore.ee\/kooliparimus\/kp\/kooliparimus-2021\/opetajale\/#primaryimage\"},\"image\":{\"@id\":\"https:\/\/folklore.ee\/kooliparimus\/kp\/kooliparimus-2021\/opetajale\/#primaryimage\"},\"thumbnailUrl\":\"https:\/\/folklore.ee\/kooliparimus\/wp-content\/uploads\/2023\/05\/kaanepilt.jpg\",\"datePublished\":\"2023-06-01T14:53:43+00:00\",\"dateModified\":\"2023-06-01T15:07:30+00:00\",\"breadcrumb\":{\"@id\":\"https:\/\/folklore.ee\/kooliparimus\/kp\/kooliparimus-2021\/opetajale\/#breadcrumb\"},\"inLanguage\":\"en-US\",\"potentialAction\":[{\"@type\":\"ReadAction\",\"target\":[\"https:\/\/folklore.ee\/kooliparimus\/kp\/kooliparimus-2021\/opetajale\/\"]}]},{\"@type\":\"ImageObject\",\"inLanguage\":\"en-US\",\"@id\":\"https:\/\/folklore.ee\/kooliparimus\/kp\/kooliparimus-2021\/opetajale\/#primaryimage\",\"url\":\"https:\/\/folklore.ee\/kooliparimus\/wp-content\/uploads\/2023\/05\/kaanepilt.jpg\",\"contentUrl\":\"https:\/\/folklore.ee\/kooliparimus\/wp-content\/uploads\/2023\/05\/kaanepilt.jpg\",\"width\":2200,\"height\":306},{\"@type\":\"BreadcrumbList\",\"@id\":\"https:\/\/folklore.ee\/kooliparimus\/kp\/kooliparimus-2021\/opetajale\/#breadcrumb\",\"itemListElement\":[{\"@type\":\"ListItem\",\"position\":1,\"name\":\"Home\",\"item\":\"https:\/\/folklore.ee\/kooliparimus\/\"},{\"@type\":\"ListItem\",\"position\":2,\"name\":\"Koolip\u00e4rimus\",\"item\":\"https:\/\/folklore.ee\/kooliparimus\/kp\/\"},{\"@type\":\"ListItem\",\"position\":3,\"name\":\"Koolip\u00e4rimus 2021\",\"item\":\"https:\/\/folklore.ee\/kooliparimus\/kp\/kooliparimus-2021\/\"},{\"@type\":\"ListItem\",\"position\":4,\"name\":\"\u00d5petajale\"}]},{\"@type\":\"WebSite\",\"@id\":\"https:\/\/folklore.ee\/kooliparimus\/#website\",\"url\":\"https:\/\/folklore.ee\/kooliparimus\/\",\"name\":\"Koolip\u00e4rimus\",\"description\":\"Eesti Kirjandusmuuseumi kogumisp\u00e4rimuse veebikeskkond.\",\"potentialAction\":[{\"@type\":\"SearchAction\",\"target\":{\"@type\":\"EntryPoint\",\"urlTemplate\":\"https:\/\/folklore.ee\/kooliparimus\/?s={search_term_string}\"},\"query-input\":{\"@type\":\"PropertyValueSpecification\",\"valueRequired\":true,\"valueName\":\"search_term_string\"}}],\"inLanguage\":\"en-US\"}]}<\/script>\n<!-- \/ Yoast SEO plugin. -->","yoast_head_json":{"title":"\u00d5petajale - Koolip\u00e4rimus","robots":{"index":"index","follow":"follow","max-snippet":"max-snippet:-1","max-image-preview":"max-image-preview:large","max-video-preview":"max-video-preview:-1"},"canonical":"https:\/\/folklore.ee\/kooliparimus\/kp\/kooliparimus-2021\/opetajale\/","og_locale":"en_US","og_type":"article","og_title":"\u00d5petajale - Koolip\u00e4rimus","og_description":"Eesti Kirjandusmuuseum Tartus ja V\u00e4liseesti Muuseum Torontos paluvad Teie abi koolip\u00e4rimuse kogumisel Toronto Eesti Seltsi T\u00e4ienduskoolis, Hamiltoni Eesti Koolis ja laiemalt Kanada eestlaste seas. See ettev\u00f5tmine on j\u00e4tkuks 1992., 2007. ja 2018. aastal Eestis l\u00e4bi viidud koolip\u00e4rimuse kogumisaktsioonidele. Kutsume osalema k\u00f5igi vanuser\u00fchmade \u00f5pilasi, skaute ja gaide, aga ka t\u00e4iskasvanuid, kes v\u00f5iksid oma kooliajale ja lapsep\u00f5lvele [&hellip;]","og_url":"https:\/\/folklore.ee\/kooliparimus\/kp\/kooliparimus-2021\/opetajale\/","og_site_name":"Koolip\u00e4rimus","article_publisher":"https:\/\/www.facebook.com\/kirjandusmuuseum","article_modified_time":"2023-06-01T15:07:30+00:00","og_image":[{"width":2200,"height":306,"url":"http:\/\/localhost\/kooliparimus\/wp-content\/uploads\/2023\/05\/kaanepilt.jpg","type":"image\/jpeg"}],"twitter_card":"summary_large_image","twitter_misc":{"Est. reading time":"4 minutes"},"schema":{"@context":"https:\/\/schema.org","@graph":[{"@type":"WebPage","@id":"https:\/\/folklore.ee\/kooliparimus\/kp\/kooliparimus-2021\/opetajale\/","url":"https:\/\/folklore.ee\/kooliparimus\/kp\/kooliparimus-2021\/opetajale\/","name":"\u00d5petajale - Koolip\u00e4rimus","isPartOf":{"@id":"https:\/\/folklore.ee\/kooliparimus\/#website"},"primaryImageOfPage":{"@id":"https:\/\/folklore.ee\/kooliparimus\/kp\/kooliparimus-2021\/opetajale\/#primaryimage"},"image":{"@id":"https:\/\/folklore.ee\/kooliparimus\/kp\/kooliparimus-2021\/opetajale\/#primaryimage"},"thumbnailUrl":"https:\/\/folklore.ee\/kooliparimus\/wp-content\/uploads\/2023\/05\/kaanepilt.jpg","datePublished":"2023-06-01T14:53:43+00:00","dateModified":"2023-06-01T15:07:30+00:00","breadcrumb":{"@id":"https:\/\/folklore.ee\/kooliparimus\/kp\/kooliparimus-2021\/opetajale\/#breadcrumb"},"inLanguage":"en-US","potentialAction":[{"@type":"ReadAction","target":["https:\/\/folklore.ee\/kooliparimus\/kp\/kooliparimus-2021\/opetajale\/"]}]},{"@type":"ImageObject","inLanguage":"en-US","@id":"https:\/\/folklore.ee\/kooliparimus\/kp\/kooliparimus-2021\/opetajale\/#primaryimage","url":"https:\/\/folklore.ee\/kooliparimus\/wp-content\/uploads\/2023\/05\/kaanepilt.jpg","contentUrl":"https:\/\/folklore.ee\/kooliparimus\/wp-content\/uploads\/2023\/05\/kaanepilt.jpg","width":2200,"height":306},{"@type":"BreadcrumbList","@id":"https:\/\/folklore.ee\/kooliparimus\/kp\/kooliparimus-2021\/opetajale\/#breadcrumb","itemListElement":[{"@type":"ListItem","position":1,"name":"Home","item":"https:\/\/folklore.ee\/kooliparimus\/"},{"@type":"ListItem","position":2,"name":"Koolip\u00e4rimus","item":"https:\/\/folklore.ee\/kooliparimus\/kp\/"},{"@type":"ListItem","position":3,"name":"Koolip\u00e4rimus 2021","item":"https:\/\/folklore.ee\/kooliparimus\/kp\/kooliparimus-2021\/"},{"@type":"ListItem","position":4,"name":"\u00d5petajale"}]},{"@type":"WebSite","@id":"https:\/\/folklore.ee\/kooliparimus\/#website","url":"https:\/\/folklore.ee\/kooliparimus\/","name":"Koolip\u00e4rimus","description":"Eesti Kirjandusmuuseumi kogumisp\u00e4rimuse veebikeskkond.","potentialAction":[{"@type":"SearchAction","target":{"@type":"EntryPoint","urlTemplate":"https:\/\/folklore.ee\/kooliparimus\/?s={search_term_string}"},"query-input":{"@type":"PropertyValueSpecification","valueRequired":true,"valueName":"search_term_string"}}],"inLanguage":"en-US"}]}},"_links":{"self":[{"href":"https:\/\/folklore.ee\/kooliparimus\/wp-json\/wp\/v2\/pages\/67","targetHints":{"allow":["GET"]}}],"collection":[{"href":"https:\/\/folklore.ee\/kooliparimus\/wp-json\/wp\/v2\/pages"}],"about":[{"href":"https:\/\/folklore.ee\/kooliparimus\/wp-json\/wp\/v2\/types\/page"}],"author":[{"embeddable":true,"href":"https:\/\/folklore.ee\/kooliparimus\/wp-json\/wp\/v2\/users\/1"}],"replies":[{"embeddable":true,"href":"https:\/\/folklore.ee\/kooliparimus\/wp-json\/wp\/v2\/comments?post=67"}],"version-history":[{"count":7,"href":"https:\/\/folklore.ee\/kooliparimus\/wp-json\/wp\/v2\/pages\/67\/revisions"}],"predecessor-version":[{"id":82,"href":"https:\/\/folklore.ee\/kooliparimus\/wp-json\/wp\/v2\/pages\/67\/revisions\/82"}],"up":[{"embeddable":true,"href":"https:\/\/folklore.ee\/kooliparimus\/wp-json\/wp\/v2\/pages\/55"}],"wp:featuredmedia":[{"embeddable":true,"href":"https:\/\/folklore.ee\/kooliparimus\/wp-json\/wp\/v2\/media\/12"}],"wp:attachment":[{"href":"https:\/\/folklore.ee\/kooliparimus\/wp-json\/wp\/v2\/media?parent=67"}],"curies":[{"name":"wp","href":"https:\/\/api.w.org\/{rel}","templated":true}]}}