{"id":737,"date":"2024-09-12T11:26:48","date_gmt":"2024-09-12T11:26:48","guid":{"rendered":"https:\/\/folklore.ee\/kooliparimus\/?page_id=737"},"modified":"2024-09-12T12:56:54","modified_gmt":"2024-09-12T12:56:54","slug":"videod","status":"publish","type":"page","link":"https:\/\/folklore.ee\/kooliparimus\/lasteaiaparimus\/lp-2022\/videod\/","title":{"rendered":"Videod"},"content":{"rendered":"\n<p><a href=\"\/kooliparimus\/wp-content\/uploads\/2024\/09\/20221006_Avamine.mp4\" target=\"_blank\" rel=\"noreferrer noopener\">Avamine, tervituss\u00f5nad<\/a><\/p>\n\n\n\n<p>Lehte Tuuling (Tartu \u00dclikooli Narva Kolled\u017e): <a href=\"\/kooliparimus\/wp-content\/uploads\/2024\/09\/20221006_Lehte_Tuuling.mp4\" target=\"_blank\" rel=\"noreferrer noopener\">\u00d5u annab s\u00f5nadele t\u00e4henduse<\/a><\/p>\n\n\n\n<p>Astrid Tuisk (Eesti Kirjandusmuuseum): <a href=\"\/kooliparimus\/wp-content\/uploads\/2024\/09\/20221006_Astrid_Tuisk.mp4\" target=\"_blank\" rel=\"noreferrer noopener\">K\u00fclavainult 21. sajandisse &#8211; unustatud ja meeles peetud \u00f5uem\u00e4ngud<\/a><\/p>\n\n\n\n<p>Imbi Pajula (Tallinna Liivam\u00e4e Lasteaed): <a href=\"\/kooliparimus\/wp-content\/uploads\/2024\/09\/20221006_Imbi_Pajula.mp4\" target=\"_blank\" rel=\"noreferrer noopener\">100 meetrit harivat aeda<\/a><\/p>\n\n\n\n<p>Ene Kruzman (Kohtla-J\u00e4rve Tarekese lasteaed): <a href=\"\/kooliparimus\/wp-content\/uploads\/2024\/09\/20221006_Ene_Kruzman.mp4\" target=\"_blank\" rel=\"noreferrer noopener\">\u00d5ues\u00f5ppe ja keele\u00f5ppe kombineerimine l\u00f5imingu kontekstis \u2013 \u00f5ues\u00f5pe ja keele\u00f5pe<\/a><\/p>\n\n\n\n<p>Kristina M\u00e4gi, Liis Lee (Kohila lasteaed Sipsik): <a href=\"\/kooliparimus\/wp-content\/uploads\/2024\/09\/20221006_Kristina_Magi_Liis_Lee.mp4\" target=\"_blank\" rel=\"noreferrer noopener\">Tulevikuoskuste kujunemise toetamine lasteaias<\/a><\/p>\n\n\n\n<p>Aive Kaldra (Tarvastu Kool): <a href=\"\/kooliparimus\/wp-content\/uploads\/2024\/09\/20221006_Aive_Kaldra.mp4\" target=\"_blank\" rel=\"noreferrer noopener\">Rollim\u00e4ngude \u00f5pituba<\/a><\/p>\n\n\n\n<p>Virve Tuubel (Eesti Rahva Muuseum): <a href=\"\/kooliparimus\/wp-content\/uploads\/2024\/09\/20221006_Virve_Tuubel.mp4\" target=\"_blank\" rel=\"noreferrer noopener\">Harivad aiad l\u00e4bi aegade<\/a><\/p>\n\n\n\n<p>Pille Arnek (Kirjastus Avita): <a href=\"\/kooliparimus\/wp-content\/uploads\/2024\/09\/20221006_Pille_Arnek.mp4\" target=\"_blank\" rel=\"noreferrer noopener\">Kirjastus Avita digi\u00f5ppevahenditest lasteaiaealistele<\/a><\/p>\n\n\n\n<p><a href=\"\/kooliparimus\/wp-content\/uploads\/2024\/09\/20221006_Lopetamine.mp4\" target=\"_blank\" rel=\"noreferrer noopener\">Seminari l\u00f5petamine ja l\u00f5puarutelu<\/a><\/p>\n\n\n\n<hr class=\"wp-block-separator has-alpha-channel-opacity\"\/>\n\n\n\n<p>Seminari korraldavad Eesti Kirjandusmuuseum, Eesti Rahva Muuseum, Eesti-uuringute Tippkeskus, Haridus- ja Teadusministeerium, Ida-Virumaa Omavalitsuste Liit, Toila Lasteaed Naerumeri.<\/p>\n\n\n\n<p>Seminari toetavad Haridus- ja Teadusministeeriumi Keeleprogramm 2018-2021 ja Euroopa Regionaalarengu Fond (Eesti-uuringute Tippkeskus).<\/p>\n\n\n\n<p>Info: Leena Tukkia, <a href=\"mailto:naerumeri@lasteaed.eu\">naerumeri@lasteaed.eu<\/a>; Virve Tuubel, <a href=\"mailto:Virve.Tuubel@erm.ee\">Virve.Tuubel@erm.ee<\/a>; Piret Voolaid, <a href=\"mailto:piret.voolaid@kirmus.ee\">piret.voolaid@kirmus.ee<\/a><\/p>\n","protected":false},"excerpt":{"rendered":"<p>Avamine, tervituss\u00f5nad Lehte Tuuling (Tartu \u00dclikooli Narva Kolled\u017e): \u00d5u annab s\u00f5nadele t\u00e4henduse Astrid Tuisk (Eesti Kirjandusmuuseum): K\u00fclavainult 21. sajandisse &#8211; unustatud ja meeles peetud \u00f5uem\u00e4ngud Imbi Pajula (Tallinna Liivam\u00e4e Lasteaed): 100 meetrit harivat aeda Ene Kruzman (Kohtla-J\u00e4rve Tarekese lasteaed): \u00d5ues\u00f5ppe ja keele\u00f5ppe kombineerimine l\u00f5imingu kontekstis \u2013 \u00f5ues\u00f5pe ja keele\u00f5pe Kristina M\u00e4gi, Liis Lee (Kohila lasteaed [&hellip;]<\/p>\n","protected":false},"author":1,"featured_media":12,"parent":586,"menu_order":0,"comment_status":"closed","ping_status":"closed","template":"","meta":{"footnotes":""},"class_list":["post-737","page","type-page","status-publish","has-post-thumbnail","hentry"],"yoast_head":"<!-- This site is optimized with the Yoast SEO plugin v23.7 - https:\/\/yoast.com\/wordpress\/plugins\/seo\/ -->\n<title>Videod - Koolip\u00e4rimus<\/title>\n<meta name=\"robots\" content=\"index, follow, max-snippet:-1, max-image-preview:large, max-video-preview:-1\" \/>\n<link rel=\"canonical\" href=\"https:\/\/folklore.ee\/kooliparimus\/lasteaiaparimus\/lp-2022\/videod\/\" \/>\n<meta property=\"og:locale\" content=\"en_US\" \/>\n<meta property=\"og:type\" content=\"article\" \/>\n<meta property=\"og:title\" content=\"Videod - Koolip\u00e4rimus\" \/>\n<meta property=\"og:description\" content=\"Avamine, tervituss\u00f5nad Lehte Tuuling (Tartu \u00dclikooli Narva Kolled\u017e): \u00d5u annab s\u00f5nadele t\u00e4henduse Astrid Tuisk (Eesti Kirjandusmuuseum): K\u00fclavainult 21. sajandisse &#8211; unustatud ja meeles peetud \u00f5uem\u00e4ngud Imbi Pajula (Tallinna Liivam\u00e4e Lasteaed): 100 meetrit harivat aeda Ene Kruzman (Kohtla-J\u00e4rve Tarekese lasteaed): \u00d5ues\u00f5ppe ja keele\u00f5ppe kombineerimine l\u00f5imingu kontekstis \u2013 \u00f5ues\u00f5pe ja keele\u00f5pe Kristina M\u00e4gi, Liis Lee (Kohila lasteaed [&hellip;]\" \/>\n<meta property=\"og:url\" content=\"https:\/\/folklore.ee\/kooliparimus\/lasteaiaparimus\/lp-2022\/videod\/\" \/>\n<meta property=\"og:site_name\" content=\"Koolip\u00e4rimus\" \/>\n<meta property=\"article:publisher\" content=\"https:\/\/www.facebook.com\/kirjandusmuuseum\" \/>\n<meta property=\"article:modified_time\" content=\"2024-09-12T12:56:54+00:00\" \/>\n<meta property=\"og:image\" content=\"http:\/\/localhost\/kooliparimus\/wp-content\/uploads\/2023\/05\/kaanepilt.jpg\" \/>\n\t<meta property=\"og:image:width\" content=\"2200\" \/>\n\t<meta property=\"og:image:height\" content=\"306\" \/>\n\t<meta property=\"og:image:type\" content=\"image\/jpeg\" \/>\n<meta name=\"twitter:card\" content=\"summary_large_image\" \/>\n<meta name=\"twitter:label1\" content=\"Est. reading time\" \/>\n\t<meta name=\"twitter:data1\" content=\"1 minute\" \/>\n<script type=\"application\/ld+json\" class=\"yoast-schema-graph\">{\"@context\":\"https:\/\/schema.org\",\"@graph\":[{\"@type\":\"WebPage\",\"@id\":\"https:\/\/folklore.ee\/kooliparimus\/lasteaiaparimus\/lp-2022\/videod\/\",\"url\":\"https:\/\/folklore.ee\/kooliparimus\/lasteaiaparimus\/lp-2022\/videod\/\",\"name\":\"Videod - Koolip\u00e4rimus\",\"isPartOf\":{\"@id\":\"https:\/\/folklore.ee\/kooliparimus\/#website\"},\"primaryImageOfPage\":{\"@id\":\"https:\/\/folklore.ee\/kooliparimus\/lasteaiaparimus\/lp-2022\/videod\/#primaryimage\"},\"image\":{\"@id\":\"https:\/\/folklore.ee\/kooliparimus\/lasteaiaparimus\/lp-2022\/videod\/#primaryimage\"},\"thumbnailUrl\":\"https:\/\/folklore.ee\/kooliparimus\/wp-content\/uploads\/2023\/05\/kaanepilt.jpg\",\"datePublished\":\"2024-09-12T11:26:48+00:00\",\"dateModified\":\"2024-09-12T12:56:54+00:00\",\"breadcrumb\":{\"@id\":\"https:\/\/folklore.ee\/kooliparimus\/lasteaiaparimus\/lp-2022\/videod\/#breadcrumb\"},\"inLanguage\":\"en-US\",\"potentialAction\":[{\"@type\":\"ReadAction\",\"target\":[\"https:\/\/folklore.ee\/kooliparimus\/lasteaiaparimus\/lp-2022\/videod\/\"]}]},{\"@type\":\"ImageObject\",\"inLanguage\":\"en-US\",\"@id\":\"https:\/\/folklore.ee\/kooliparimus\/lasteaiaparimus\/lp-2022\/videod\/#primaryimage\",\"url\":\"https:\/\/folklore.ee\/kooliparimus\/wp-content\/uploads\/2023\/05\/kaanepilt.jpg\",\"contentUrl\":\"https:\/\/folklore.ee\/kooliparimus\/wp-content\/uploads\/2023\/05\/kaanepilt.jpg\",\"width\":2200,\"height\":306},{\"@type\":\"BreadcrumbList\",\"@id\":\"https:\/\/folklore.ee\/kooliparimus\/lasteaiaparimus\/lp-2022\/videod\/#breadcrumb\",\"itemListElement\":[{\"@type\":\"ListItem\",\"position\":1,\"name\":\"Home\",\"item\":\"https:\/\/folklore.ee\/kooliparimus\/\"},{\"@type\":\"ListItem\",\"position\":2,\"name\":\"Lasteaiap\u00e4rimus\",\"item\":\"https:\/\/folklore.ee\/kooliparimus\/lasteaiaparimus\/\"},{\"@type\":\"ListItem\",\"position\":3,\"name\":\"Hariv aed: \u00d5ues\u00f5ppest keele- ja k\u00f5ne\u00f5ppeni\",\"item\":\"https:\/\/folklore.ee\/kooliparimus\/lasteaiaparimus\/lp-2022\/\"},{\"@type\":\"ListItem\",\"position\":4,\"name\":\"Videod\"}]},{\"@type\":\"WebSite\",\"@id\":\"https:\/\/folklore.ee\/kooliparimus\/#website\",\"url\":\"https:\/\/folklore.ee\/kooliparimus\/\",\"name\":\"Koolip\u00e4rimus\",\"description\":\"Eesti Kirjandusmuuseumi kogumisp\u00e4rimuse veebikeskkond.\",\"potentialAction\":[{\"@type\":\"SearchAction\",\"target\":{\"@type\":\"EntryPoint\",\"urlTemplate\":\"https:\/\/folklore.ee\/kooliparimus\/?s={search_term_string}\"},\"query-input\":{\"@type\":\"PropertyValueSpecification\",\"valueRequired\":true,\"valueName\":\"search_term_string\"}}],\"inLanguage\":\"en-US\"}]}<\/script>\n<!-- \/ Yoast SEO plugin. -->","yoast_head_json":{"title":"Videod - Koolip\u00e4rimus","robots":{"index":"index","follow":"follow","max-snippet":"max-snippet:-1","max-image-preview":"max-image-preview:large","max-video-preview":"max-video-preview:-1"},"canonical":"https:\/\/folklore.ee\/kooliparimus\/lasteaiaparimus\/lp-2022\/videod\/","og_locale":"en_US","og_type":"article","og_title":"Videod - Koolip\u00e4rimus","og_description":"Avamine, tervituss\u00f5nad Lehte Tuuling (Tartu \u00dclikooli Narva Kolled\u017e): \u00d5u annab s\u00f5nadele t\u00e4henduse Astrid Tuisk (Eesti Kirjandusmuuseum): K\u00fclavainult 21. sajandisse &#8211; unustatud ja meeles peetud \u00f5uem\u00e4ngud Imbi Pajula (Tallinna Liivam\u00e4e Lasteaed): 100 meetrit harivat aeda Ene Kruzman (Kohtla-J\u00e4rve Tarekese lasteaed): \u00d5ues\u00f5ppe ja keele\u00f5ppe kombineerimine l\u00f5imingu kontekstis \u2013 \u00f5ues\u00f5pe ja keele\u00f5pe Kristina M\u00e4gi, Liis Lee (Kohila lasteaed [&hellip;]","og_url":"https:\/\/folklore.ee\/kooliparimus\/lasteaiaparimus\/lp-2022\/videod\/","og_site_name":"Koolip\u00e4rimus","article_publisher":"https:\/\/www.facebook.com\/kirjandusmuuseum","article_modified_time":"2024-09-12T12:56:54+00:00","og_image":[{"width":2200,"height":306,"url":"http:\/\/localhost\/kooliparimus\/wp-content\/uploads\/2023\/05\/kaanepilt.jpg","type":"image\/jpeg"}],"twitter_card":"summary_large_image","twitter_misc":{"Est. reading time":"1 minute"},"schema":{"@context":"https:\/\/schema.org","@graph":[{"@type":"WebPage","@id":"https:\/\/folklore.ee\/kooliparimus\/lasteaiaparimus\/lp-2022\/videod\/","url":"https:\/\/folklore.ee\/kooliparimus\/lasteaiaparimus\/lp-2022\/videod\/","name":"Videod - Koolip\u00e4rimus","isPartOf":{"@id":"https:\/\/folklore.ee\/kooliparimus\/#website"},"primaryImageOfPage":{"@id":"https:\/\/folklore.ee\/kooliparimus\/lasteaiaparimus\/lp-2022\/videod\/#primaryimage"},"image":{"@id":"https:\/\/folklore.ee\/kooliparimus\/lasteaiaparimus\/lp-2022\/videod\/#primaryimage"},"thumbnailUrl":"https:\/\/folklore.ee\/kooliparimus\/wp-content\/uploads\/2023\/05\/kaanepilt.jpg","datePublished":"2024-09-12T11:26:48+00:00","dateModified":"2024-09-12T12:56:54+00:00","breadcrumb":{"@id":"https:\/\/folklore.ee\/kooliparimus\/lasteaiaparimus\/lp-2022\/videod\/#breadcrumb"},"inLanguage":"en-US","potentialAction":[{"@type":"ReadAction","target":["https:\/\/folklore.ee\/kooliparimus\/lasteaiaparimus\/lp-2022\/videod\/"]}]},{"@type":"ImageObject","inLanguage":"en-US","@id":"https:\/\/folklore.ee\/kooliparimus\/lasteaiaparimus\/lp-2022\/videod\/#primaryimage","url":"https:\/\/folklore.ee\/kooliparimus\/wp-content\/uploads\/2023\/05\/kaanepilt.jpg","contentUrl":"https:\/\/folklore.ee\/kooliparimus\/wp-content\/uploads\/2023\/05\/kaanepilt.jpg","width":2200,"height":306},{"@type":"BreadcrumbList","@id":"https:\/\/folklore.ee\/kooliparimus\/lasteaiaparimus\/lp-2022\/videod\/#breadcrumb","itemListElement":[{"@type":"ListItem","position":1,"name":"Home","item":"https:\/\/folklore.ee\/kooliparimus\/"},{"@type":"ListItem","position":2,"name":"Lasteaiap\u00e4rimus","item":"https:\/\/folklore.ee\/kooliparimus\/lasteaiaparimus\/"},{"@type":"ListItem","position":3,"name":"Hariv aed: \u00d5ues\u00f5ppest keele- ja k\u00f5ne\u00f5ppeni","item":"https:\/\/folklore.ee\/kooliparimus\/lasteaiaparimus\/lp-2022\/"},{"@type":"ListItem","position":4,"name":"Videod"}]},{"@type":"WebSite","@id":"https:\/\/folklore.ee\/kooliparimus\/#website","url":"https:\/\/folklore.ee\/kooliparimus\/","name":"Koolip\u00e4rimus","description":"Eesti Kirjandusmuuseumi kogumisp\u00e4rimuse veebikeskkond.","potentialAction":[{"@type":"SearchAction","target":{"@type":"EntryPoint","urlTemplate":"https:\/\/folklore.ee\/kooliparimus\/?s={search_term_string}"},"query-input":{"@type":"PropertyValueSpecification","valueRequired":true,"valueName":"search_term_string"}}],"inLanguage":"en-US"}]}},"_links":{"self":[{"href":"https:\/\/folklore.ee\/kooliparimus\/wp-json\/wp\/v2\/pages\/737","targetHints":{"allow":["GET"]}}],"collection":[{"href":"https:\/\/folklore.ee\/kooliparimus\/wp-json\/wp\/v2\/pages"}],"about":[{"href":"https:\/\/folklore.ee\/kooliparimus\/wp-json\/wp\/v2\/types\/page"}],"author":[{"embeddable":true,"href":"https:\/\/folklore.ee\/kooliparimus\/wp-json\/wp\/v2\/users\/1"}],"replies":[{"embeddable":true,"href":"https:\/\/folklore.ee\/kooliparimus\/wp-json\/wp\/v2\/comments?post=737"}],"version-history":[{"count":2,"href":"https:\/\/folklore.ee\/kooliparimus\/wp-json\/wp\/v2\/pages\/737\/revisions"}],"predecessor-version":[{"id":751,"href":"https:\/\/folklore.ee\/kooliparimus\/wp-json\/wp\/v2\/pages\/737\/revisions\/751"}],"up":[{"embeddable":true,"href":"https:\/\/folklore.ee\/kooliparimus\/wp-json\/wp\/v2\/pages\/586"}],"wp:featuredmedia":[{"embeddable":true,"href":"https:\/\/folklore.ee\/kooliparimus\/wp-json\/wp\/v2\/media\/12"}],"wp:attachment":[{"href":"https:\/\/folklore.ee\/kooliparimus\/wp-json\/wp\/v2\/media?parent=737"}],"curies":[{"name":"wp","href":"https:\/\/api.w.org\/{rel}","templated":true}]}}