{"id":13,"date":"2021-10-19T13:06:02","date_gmt":"2021-10-19T13:06:02","guid":{"rendered":"https:\/\/folklore.ee\/sator\/?page_id=13"},"modified":"2021-12-08T14:24:12","modified_gmt":"2021-12-08T14:24:12","slug":"info-autorile","status":"publish","type":"page","link":"https:\/\/folklore.ee\/sator\/info-autorile\/","title":{"rendered":"Editorial Team"},"content":{"rendered":"\n<p><\/p>\n\n\n\n<h6 class=\"wp-block-heading\"><strong>Editors:<\/strong><\/h6>\n\n\n\n<h6 class=\"wp-block-heading\">Editors for the recent issue <em>Sator 22<\/em>: Nikolai Anisimov, Mare K\u00f5iva, Eva Toulouze<\/h6>\n\n\n\n<p>Co-editor: <strong>Mare Kalda<\/strong> <\/p>\n\n\n\n<p><\/p>\n\n\n\n<p><strong><a href=\"http:\/\/folklore.ee\/sator\/231-2\/\">Mare K\u00f5iva<\/a><\/strong>,  Main Editor, Estonian Literary Museum, Estonia. <\/p>\n\n\n\n<p><\/p>\n\n\n\n<p><\/p>\n\n\n\n<p><strong><a href=\"http:\/\/folklore.ee\/sator\/245-2\/\">Eva Toulouze<\/a><\/strong>, Institute of Eastern Languages and Cultures (INALCO, Paris); Department of Ethnology, University of Tartu, Estonia. <\/p>\n\n\n\n<p><\/p>\n\n\n\n<p><\/p>\n\n\n\n<p><strong><a href=\"http:\/\/folklore.ee\/sator\/231-3\/\">Nikolai Anisimov<\/a><\/strong>, Estonian Literary Museum, Estonia; Department of Philological Studies at the Udmurt Institute for Research in History, Language and Literature (UdmFITs UrO RAN), Izhevsk, Russia.<\/p>\n\n\n\n<p><\/p>\n\n\n\n<p><\/p>\n\n\n\n<p><br><strong>Language editor:<\/strong> Daniel Edward Alle<br><strong>Translations: <\/strong>Tatiana Panina, Eva Toulouze, Translation Office LUISA<br><strong>Layout:<\/strong> Diana Kahre, Estonian Literary Museum<br><strong>WEB:<\/strong> Andrus Tins, the Centre of Excellence in Estonian Studies<br><strong>Cover:<\/strong> Udmurt Design-Studio MONAMI<br><strong>Maps:<\/strong> Vincent Dautancourt<\/p>\n\n\n\n<p><\/p>\n\n\n\n<p><\/p>\n\n\n\n<hr class=\"wp-block-separator is-style-dots\"\/>\n\n\n\n<p><\/p>\n\n\n\n<p><strong>International editorial board:<\/strong><\/p>\n\n\n\n<p><strong>Ekaterina Anastasova<\/strong>, Institute of Folklore and Ethnology with Ethnographic Museum, BAS Bulgaria <\/p>\n\n\n\n<p><\/p>\n\n\n\n<p><strong>Madis Arukask<\/strong>, Tartu University<\/p>\n\n\n\n<p><\/p>\n\n\n\n<p><strong>Reet Hiiem\u00e4e<\/strong>, Estonian Literary Museum<\/p>\n\n\n\n<p><\/p>\n\n\n\n<p><strong>Tiiu Jaago<\/strong>, Tartu University<\/p>\n\n\n\n<p><\/p>\n\n\n\n<p><strong>Andres Kuperjanov<\/strong>, Estonian Literary Museum <\/p>\n\n\n\n<p><\/p>\n\n\n\n<p><strong>T\u00fcnde Komaromi<\/strong>, K\u00e1roli G\u00e1sp\u00e1r University, Budapest <\/p>\n\n\n\n<p><\/p>\n\n\n\n<p><strong>Nikolay Kuznetsov<\/strong>, Estonian Literary Museum; Tartu University <\/p>\n\n\n\n<p><\/p>\n\n\n\n<p><strong>Marju K\u00f5ivupuu<\/strong>, Tallinn University <\/p>\n\n\n\n<p><\/p>\n\n\n\n<p><strong>Emily Lyle<\/strong>, School of Scottish Studies in Edinburgh<\/p>\n\n\n\n<p><\/p>\n\n\n\n<p><strong>Mirjam Mencej<\/strong>, Ljubljana University <\/p>\n\n\n\n<p><\/p>\n\n\n\n<p><strong>Skaidre Urboniene<\/strong>, Lithuanian Culture Research Institute <\/p>\n\n\n\n<p><\/p>\n\n\n\n<p><strong>Tatsiana Valodzina<\/strong>, Belorusian Institute <\/p>\n\n\n\n<p><\/p>\n\n\n\n<p><strong>Irina Vinokurova<\/strong>, Institute of Karelian History, Language and Literature in Petroskoi <\/p>\n\n\n\n<p><\/p>\n\n\n\n<p><strong>Tatiana Vladykina<\/strong>, Udmurt Institute for Research in History, Language and Literature <\/p>\n\n\n\n<p>Udmurt Federal Research Centre, Ural Branch of the Russian Academy of Sciences Izhevsk<\/p>\n\n\n\n<p><\/p>\n\n\n\n<hr class=\"wp-block-separator is-style-dots\"\/>\n\n\n\n<p><\/p>\n","protected":false},"excerpt":{"rendered":"<p>Editors: Editors for the recent issue Sator 22: Nikolai Anisimov, Mare K\u00f5iva, Eva Toulouze Co-editor: Mare Kalda Mare K\u00f5iva, Main Editor, Estonian Literary Museum, Estonia. Eva Toulouze, Institute of Eastern Languages and Cultures (INALCO, Paris); Department of Ethnology, University of Tartu, Estonia. Nikolai Anisimov, Estonian Literary Museum, Estonia; Department of Philological Studies at the Udmurt [&hellip;]<\/p>\n","protected":false},"author":3,"featured_media":0,"parent":0,"menu_order":0,"comment_status":"closed","ping_status":"closed","template":"","meta":{"hide_page_title":"","footnotes":""},"class_list":["post-13","page","type-page","status-publish","hentry"],"_links":{"self":[{"href":"https:\/\/folklore.ee\/sator\/wp-json\/wp\/v2\/pages\/13","targetHints":{"allow":["GET"]}}],"collection":[{"href":"https:\/\/folklore.ee\/sator\/wp-json\/wp\/v2\/pages"}],"about":[{"href":"https:\/\/folklore.ee\/sator\/wp-json\/wp\/v2\/types\/page"}],"author":[{"embeddable":true,"href":"https:\/\/folklore.ee\/sator\/wp-json\/wp\/v2\/users\/3"}],"replies":[{"embeddable":true,"href":"https:\/\/folklore.ee\/sator\/wp-json\/wp\/v2\/comments?post=13"}],"version-history":[{"count":17,"href":"https:\/\/folklore.ee\/sator\/wp-json\/wp\/v2\/pages\/13\/revisions"}],"predecessor-version":[{"id":584,"href":"https:\/\/folklore.ee\/sator\/wp-json\/wp\/v2\/pages\/13\/revisions\/584"}],"wp:attachment":[{"href":"https:\/\/folklore.ee\/sator\/wp-json\/wp\/v2\/media?parent=13"}],"curies":[{"name":"wp","href":"https:\/\/api.w.org\/{rel}","templated":true}]}}